000
CXUS54 KCRP 011210
CF6VCT
PRELIMINARY LOCAL CLIMATOLOGICAL DATA (WS FORM: F-6)
STATION: VICTORIA
MONTH: JULY
YEAR: 2021
LATITUDE: 28 51 N
LONGITUDE: 96 55 W
TEMPERATURE IN F: :PCPN: SNOW: WIND :SUNSHINE: SKY :PK WND
================================================================================
1 2 3 4 5 6A 6B 7 8 9 10 11 12 13 14 15 16 17 18
12Z AVG MX 2MIN
DY MAX MIN AVG DEP HDD CDD WTR SNW DPTH SPD SPD DIR MIN PSBL S-S WX SPD DR
================================================================================
1 95 76 86 2 0 21 T 0.0 0 5.7 18 110 M M 3 1 23 120
2 95 75 85 1 0 20 0.00 0.0 0 4.1 14 160 M M 2 18 19 150
3 94 76 85 1 0 20 0.00 0.0 0 4.4 17 60 M M 2 3 23 70
4 91 75 83 -1 0 18 0.59 0.0 0 3.7 24 140 M M 3 13 30 140
5 89 75 82 -2 0 17 0.56 0.0 0 5.6 22 180 M M 4 138 26 190
6 81 73 77 -7 0 12 0.14 0.0 0 9.0 15 130 M M 7 13 19 120
7 80 72 76 -8 0 11 3.79 0.0 0 9.4 21 80 M M 9 1 29 100
8 79 74 77 -7 0 12 2.16 0.0 0 11.4 23 120 M M 10 1 31 120
9 82 74 78 -6 0 13 1.70 0.0 0 9.7 22 170 M M 7 138 29 170
10 91 76 84 0 0 19 0.16 0.0 0 10.3 22 160 M M 5 18 27 170
11 91 75 83 -1 0 18 0.00 0.0 0 8.0 21 170 M M 7 18 25 170
12 93 75 84 0 0 19 0.00 0.0 0 6.6 26 30 M M 6 138 34 40
13 89 73 81 -3 0 16 0.09 0.0 0 5.1 20 200 M M 3 138 26 210
14 87 74 81 -3 0 16 0.16 0.0 0 4.3 21 150 M M 3 138 25 150
15 91 74 83 -1 0 18 0.35 0.0 0 8.5 32 160 M M 4 18 35 150
16 92 77 85 1 0 20 0.00 0.0 0 10.6 22 160 M M 8 18 25 160
17 93 76 85 0 0 20 0.00 0.0 0 8.7 16 150 M M 5 1 21 160
18 93 76 85 0 0 20 0.00 0.0 0 6.6 16 130 M M 2 138 21 110
19 95 76 86 1 0 21 0.16 0.0 0 4.1 21 320 M M 3 138 26 320
20 92 76 84 -1 0 19 0.00 0.0 0 5.5 14 350 M M 4 18 19 350
21 92 74 83 -2 0 18 T 0.0 0 5.4 17 140 M M 3 138 20 140
22 92 74 83 -2 0 18 0.27 0.0 0 5.8 23 160 M M 3 13 28 190
23 93 76 85 0 0 20 0.00 0.0 0 10.0 21 150 M M 5 1 29 150
24 95 76 86 1 0 21 0.00 0.0 0 8.5 18 150 M M 8 18 21 150
25 95 74 85 0 0 20 0.00 0.0 0 6.9 14 170 M M 3 8 18 160
26 97 75 86 1 0 21 0.00 0.0 0 4.8 12 180 M M 1 1 15 180
27 94 74 84 -1 0 19 0.00 0.0 0 4.3 13 120 M M 1 1 15 120
28 96 76 86 1 0 21 0.00 0.0 0 5.4 18 90 M M 3 13 26 100
29 96 76 86 1 0 21 0.00 0.0 0 5.0 15 130 M M 2 1 19 120
30 96 76 86 1 0 21 0.00 0.0 0 5.7 18 130 M M 2 1 22 130
31 97 76 87 2 0 22 0.26 0.0 0 6.9 17 170 M M 2 138 21 160
================================================================================
SM 2836 2325 0 572 10.39 0.0 210.0 M 130
================================================================================
AV 91.5 75.0 6.8 FASTST M M 4 MAX(MPH)
MISC ----> 32 160 35 150
================================================================================
NOTES:
# LAST OF SEVERAL OCCURRENCES
COLUMN 17 PEAK WIND IN M.P.H.
PRELIMINARY LOCAL CLIMATOLOGICAL DATA (WS FORM: F-6) , PAGE 2
STATION: VICTORIA
MONTH: JULY
YEAR: 2021
LATITUDE: 28 51 N
LONGITUDE: 96 55 W
[TEMPERATURE DATA] [PRECIPITATION DATA] SYMBOLS USED IN COLUMN 16
AVERAGE MONTHLY: 83.2 TOTAL FOR MONTH: 10.39 1 = FOG OR MIST
DPTR FM NORMAL: -1.3 DPTR FM NORMAL: 6.93 2 = FOG REDUCING VISIBILITY
HIGHEST: 97 ON 31,26 GRTST 24HR 3.81 ON 7- 8 TO 1/4 MILE OR LESS
LOWEST: 72 ON 7 3 = THUNDER
SNOW, ICE PELLETS, HAIL 4 = ICE PELLETS
TOTAL MONTH: 0.0 INCH 5 = HAIL
GRTST 24HR 0.0 6 = FREEZING RAIN OR DRIZZLE
GRTST DEPTH: 0 7 = DUSTSTORM OR SANDSTORM:
VSBY 1/2 MILE OR LESS
8 = SMOKE OR HAZE
[NO. OF DAYS WITH] [WEATHER - DAYS WITH] 9 = BLOWING SNOW
X = TORNADO
MAX 32 OR BELOW: 0 0.01 INCH OR MORE: 13
MAX 90 OR ABOVE: 24 0.10 INCH OR MORE: 12
MIN 32 OR BELOW: 0 0.50 INCH OR MORE: 5
MIN 0 OR BELOW: 0 1.00 INCH OR MORE: 3
[HDD (BASE 65) ]
TOTAL THIS MO. 0 CLEAR (SCALE 0-3) 17
DPTR FM NORMAL 0 PTCLDY (SCALE 4-7) 11
TOTAL FM JUL 1 0 CLOUDY (SCALE 8-10) 3
DPTR FM NORMAL 0
[CDD (BASE 65) ]
TOTAL THIS MO. 572
DPTR FM NORMAL -34 [PRESSURE DATA]
TOTAL FM JAN 1 1828 HIGHEST SLP 30.18 ON 13
DPTR FM NORMAL -20 LOWEST SLP 29.83 ON 8
[REMARKS]
#FINAL-07-21#