028
CXUS54 KCRP 011210
CF6VCT
PRELIMINARY LOCAL CLIMATOLOGICAL DATA (WS FORM: F-6)
STATION: VICTORIA
MONTH: MARCH
YEAR: 2021
LATITUDE: 28 51 N
LONGITUDE: 96 55 W
TEMPERATURE IN F: :PCPN: SNOW: WIND :SUNSHINE: SKY :PK WND
================================================================================
1 2 3 4 5 6A 6B 7 8 9 10 11 12 13 14 15 16 17 18
12Z AVG MX 2MIN
DY MAX MIN AVG DEP HDD CDD WTR SNW DPTH SPD SPD DIR MIN PSBL S-S WX SPD DR
================================================================================
1 70 50 60 0 5 0 0.26 0.0 0 15.9 25 360 M M 10 1 33 360
2 67 46 57 -3 8 0 0.00 0.0 0 11.2 22 10 M M 5 26 350
3 70 38 54 -7 11 0 0.00 0.0 0 5.4 15 120 M M 1 12 18 130
4 74 44 59 -2 6 0 0.00 0.0 0 8.1 21 130 M M 1 1 26 130
5 83 53 68 7 0 3 0.00 0.0 0 8.4 26 350 M M 5 1 35 350
6 70 48 59 -2 6 0 0.00 0.0 0 10.1 22 10 M M 4 34 50
7 72 42 57 -5 8 0 0.00 0.0 0 8.5 20 140 M M 0 1 23 70
8 71 47 59 -3 6 0 0.00 0.0 0 8.7 16 150 M M 4 12 18 150
9 79 53 66 4 0 1 0.00 0.0 0 14.3 28 150 M M 6 12 33 140
10 81 56 69 7 0 4 0.00 0.0 0 16.4 31 160 M M 5 38 170
11 79 68 74 12 0 9 0.00 0.0 0 16.5 28 150 M M 9 18 34 180
12 83 70 77 15 0 12 0.00 0.0 0 16.0 29 160 M M 9 1 35 160
13 82 69 76 13 0 11 0.00 0.0 0 17.8 29 150 M M 10 33 150
14 72 54 63 0 2 0 0.25 0.0 0 11.2 28 150 M M 9 1 36 150
15 76 52 64 1 1 0 0.01 0.0 0 5.8 15 160 M M 9 12 18 170
16 82 66 74 11 0 9 0.02 0.0 0 10.5 23 150 M M 10 128 27 160
17 85 59 72 8 0 7 0.06 0.0 0 13.8 25 310 M M 7 18 35 300
18 75 49 62 -2 3 0 0.00 0.0 0 14.8 26 330 M M 0 35 350
19 71 39 55 -9 10 0 0.00 0.0 0 9.7 16 340 M M 0 27 350
20 72 41 57 -7 8 0 0.00 0.0 0 7.0 14 130 M M 0 18 110
21 74 39 57 -7 8 0 0.00 0.0 0 7.7 18 140 M M 2 1 25 130
22 79 51 65 0 0 0 0.00 0.0 0 14.7 29 160 M M 7 1 38 180
23 86 58 72 7 0 7 0.02 0.0 0 7.2 18 320 M M 6 18 22 170
24 78 59 69 4 0 4 0.01 0.0 0 11.0 18 120 M M 10 128 23 110
25 82 54 68 3 0 3 0.00 0.0 0 12.5 24 320 M M 4 18 31 300
26 85 44 65 0 0 0 0.00 0.0 0 9.6 21 130 M M 2 18 24 120
27 82 69 76 10 0 11 0.00 0.0 0 13.1 25 160 M M 8 18 30 150
28 74 54 64 -2 1 0 0.18 0.0 0 10.0 32 10 M M 7 13 42 10
29 74 45 60 -6 5 0 T 0.0 0 9.3 18 140 M M 5 22 140
30 80 64 72 6 0 7 0.02 0.0 0 12.9 25 150 M M 9 18 29 150
31 79 62 71 5 0 6 0.00 0.0 0 12.0 29 330 M M 10 18 34 330
================================================================================
SM 2387 1643 88 94 0.83 0.0 350.1 M 174
================================================================================
AV 77.0 53.0 11.3 FASTST M M 6 MAX(MPH)
MISC ----> 32 10 42 10
================================================================================
NOTES:
# LAST OF SEVERAL OCCURRENCES
COLUMN 17 PEAK WIND IN M.P.H.
PRELIMINARY LOCAL CLIMATOLOGICAL DATA (WS FORM: F-6) , PAGE 2
STATION: VICTORIA
MONTH: MARCH
YEAR: 2021
LATITUDE: 28 51 N
LONGITUDE: 96 55 W
[TEMPERATURE DATA] [PRECIPITATION DATA] SYMBOLS USED IN COLUMN 16
AVERAGE MONTHLY: 65.0 TOTAL FOR MONTH: 0.83 1 = FOG OR MIST
DPTR FM NORMAL: 1.6 DPTR FM NORMAL: -1.94 2 = FOG REDUCING VISIBILITY
HIGHEST: 86 ON 23 GRTST 24HR 0.26 ON 1- 1 TO 1/4 MILE OR LESS
LOWEST: 38 ON 3 3 = THUNDER
SNOW, ICE PELLETS, HAIL 4 = ICE PELLETS
TOTAL MONTH: 0.0 INCH 5 = HAIL
GRTST 24HR 0.0 6 = FREEZING RAIN OR DRIZZLE
GRTST DEPTH: 0 7 = DUSTSTORM OR SANDSTORM:
VSBY 1/2 MILE OR LESS
8 = SMOKE OR HAZE
[NO. OF DAYS WITH] [WEATHER - DAYS WITH] 9 = BLOWING SNOW
X = TORNADO
MAX 32 OR BELOW: 0 0.01 INCH OR MORE: 9
MAX 90 OR ABOVE: 0 0.10 INCH OR MORE: 3
MIN 32 OR BELOW: 0 0.50 INCH OR MORE: 0
MIN 0 OR BELOW: 0 1.00 INCH OR MORE: 0
[HDD (BASE 65) ]
TOTAL THIS MO. 88 CLEAR (SCALE 0-3) 8
DPTR FM NORMAL -37 PTCLDY (SCALE 4-7) 12
TOTAL FM JUL 1 1199 CLOUDY (SCALE 8-10) 11
DPTR FM NORMAL -19
[CDD (BASE 65) ]
TOTAL THIS MO. 94
DPTR FM NORMAL 20 [PRESSURE DATA]
TOTAL FM JAN 1 164 HIGHEST SLP 30.44 ON 8
DPTR FM NORMAL 52 LOWEST SLP 29.56 ON 25
[REMARKS]
#FINAL-03-21#