000
CXUS55 KGJT 010910
CF6VEL
PRELIMINARY LOCAL CLIMATOLOGICAL DATA (WS FORM: F-6)
STATION: VERNAL UT
MONTH: AUGUST
YEAR: 2022
LATITUDE: 40 27 N
LONGITUDE: 109 31 W
TEMPERATURE IN F: :PCPN: SNOW: WIND :SUNSHINE: SKY :PK WND
================================================================================
1 2 3 4 5 6A 6B 7 8 9 10 11 12 13 14 15 16 17 18
12Z AVG MX 2MIN
DY MAX MIN AVG DEP HDD CDD WTR SNW DPTH SPD SPD DIR MIN PSBL S-S WX SPD DR
================================================================================
1 92 64 78 3 0 13 T M M 6.1 23 220 M M 1 30 220
2 91 60 76 2 0 11 T M M 8.1 24 250 M M 2 34 240
3 92 59 76 2 0 11 0.00 M M 4.6 13 350 M M 0 18 340
4 97 61 79 5 0 14 0.00 M M 3.8 13 340 M M 0 17 340
5 91 66 79 5 0 14 T M M 6.3 20 120 M M 3 30 120
6 94 60 77 3 0 12 0.00 M M 7.1 18 240 M M 2 24 200
7 91 63 77 3 0 12 0.00 M M 6.3 14 20 M M 1 21 20
8 93 59 76 2 0 11 0.00 M M 4.6 12 250 M M 0 16 230
9 97 55 76 2 0 11 0.00 M M 4.4 9 270 M M 0 12 190
10 98 58 78 5 0 13 0.00 M M 5.1 26 250 M M 0 3 37 250
11 95 66 81 8 0 16 0.43 M M 5.7 26 200 M M 2 3 38 210
12 91 65 78 5 0 13 T M M 4.4 14 50 M M 1 18 60
13 93 66 80 7 0 15 0.00 M M 6.6 18 200 M M 1 3 24 250
14 87 67 77 5 0 12 T M M 5.8 18 350 M M 7 3 24 20
15 86 61 74 2 0 9 0.00 M M 3.7 13 170 M M 2 19 170
16 94 59 77 5 0 12 0.00 M M 4.3 21 140 M M 1 32 130
17 94 58 76 4 0 11 0.00 M M 4.0 14 60 M M 0 21 30
18 94 58 76 4 0 11 0.00 M M 3.9 9 310 M M 0 14 280
19 87 59 73 2 0 8 0.04 M M 7.7 22 80 M M 2 3 33 190
20 80 59 70 -1 0 5 T M M 4.5 28 250 M M 4 37 260
21 84 54 69 -2 0 4 0.00 M M 3.7 24 70 M M 1 3 33 50
22 89 55 72 2 0 7 0.00 M M 5.3 21 280 M M 0 26 280
23 91 56 74 4 0 9 T M M 4.4 20 240 M M 0 27 220
24 95 57 76 6 0 11 0.00 M M 4.8 16 330 M M 0 22 330
25 89 62 76 6 0 11 T M M 8.3 29 340 M M 1 40 330
26 86 56 71 2 0 6 0.00 M M 6.1 30 320 M M 1 42 300
27 88 53 71 2 0 6 T M M 4.3 24 230 M M 0 34 240
28 91 54 73 4 0 8 0.00 M M 5.3 17 220 M M 0 23 210
29 90 53 72 4 0 7 0.00 M M 4.5 12 330 M M 0 15 250
30 94 54 74 6 0 9 0.00 M M 4.6 12 320 M M 0 16 320
31 96 55 76 8 0 11 0.00 M M 4.1 10 310 M M 0 14 320
================================================================================
SM 2830 1832 0 323 0.47 M 162.4 M 32
================================================================================
AV 91.3 59.1 5.2 FASTST M M 1 MAX(MPH)
MISC ----> 30 320 42 300
================================================================================
NOTES:
# LAST OF SEVERAL OCCURRENCES
COLUMN 17 PEAK WIND IN M.P.H.
PRELIMINARY LOCAL CLIMATOLOGICAL DATA (WS FORM: F-6) , PAGE 2
STATION: VERNAL UT
MONTH: AUGUST
YEAR: 2022
LATITUDE: 40 27 N
LONGITUDE: 109 31 W
[TEMPERATURE DATA] [PRECIPITATION DATA] SYMBOLS USED IN COLUMN 16
AVERAGE MONTHLY: 75.2 TOTAL FOR MONTH: 0.47 1 = FOG OR MIST
DPTR FM NORMAL: 3.4 DPTR FM NORMAL: -0.29 2 = FOG REDUCING VISIBILITY
HIGHEST: 98 ON 10 GRTST 24HR 0.43 ON 11-11 TO 1/4 MILE OR LESS
LOWEST: 53 ON 29,27 3 = THUNDER
SNOW, ICE PELLETS, HAIL 4 = ICE PELLETS
TOTAL MONTH: M 5 = HAIL
GRTST 24HR M ON M 6 = FREEZING RAIN OR DRIZZLE
GRTST DEPTH: M ON M 7 = DUSTSTORM OR SANDSTORM:
VSBY 1/2 MILE OR LESS
8 = SMOKE OR HAZE
[NO. OF DAYS WITH] [WEATHER - DAYS WITH] 9 = BLOWING SNOW
X = TORNADO
MAX 32 OR BELOW: 0 0.01 INCH OR MORE: 2
MAX 90 OR ABOVE: 22 0.10 INCH OR MORE: 1
MIN 32 OR BELOW: 0 0.50 INCH OR MORE: 0
MIN 0 OR BELOW: 0 1.00 INCH OR MORE: 0
[HDD (BASE 65) ]
TOTAL THIS MO. 0 CLEAR (SCALE 0-3) 29
DPTR FM NORMAL -7 PTCLDY (SCALE 4-7) 2
TOTAL FM JUL 1 0 CLOUDY (SCALE 8-10) 0
DPTR FM NORMAL -5
[CDD (BASE 65) ]
TOTAL THIS MO. 323
DPTR FM NORMAL 107 [PRESSURE DATA]
TOTAL FM JAN 1 868 HIGHEST SLP M ON M
DPTR FM NORMAL 237 LOWEST SLP 29.70 ON 28
[REMARKS]
#FINAL-08-22#