000
CXUS56 KLOX 011155
CF6VNY
PRELIMINARY LOCAL CLIMATOLOGICAL DATA (WS FORM: F-6)
STATION: VAN NUYS AIRPORT CA
MONTH: MARCH
YEAR: 2022
LATITUDE: 34 13 N
LONGITUDE: 118 29 W
TEMPERATURE IN F: :PCPN: SNOW: WIND :SUNSHINE: SKY :PK WND
================================================================================
1 2 3 4 5 6A 6B 7 8 9 10 11 12 13 14 15 16 17 18
12Z AVG MX 2MIN
DY MAX MIN AVG DEP HDD CDD WTR SNW DPTH SPD SPD DIR MIN PSBL S-S WX SPD DR
================================================================================
1 90 59 75 16 0 10 0.00 M M 10.6 24 350 M M 0 29 350
2 85 48 67 8 0 2 0.00 M M 3.3 13 160 M M 0 17 170
3 70 48 59 0 6 0 0.37 M M 5.8 16 170 M M 2 20 150
4 63 50 57 -2 8 0 T M M 3.9 13 220 M M 7 18 250
5 59 48 54 -6 11 0 0.03 M M 6.5 16 10 M M 6 24 300
6 63 41 52 -8 13 0 0.00 M M 4.5 15 170 M M 0 18 160
7 71 42 57 -3 8 0 0.00 M M 8.3 26 20 M M 0 31 20
8 72 44 58 -2 7 0 0.00 M M 5.7 20 360 M M 0 25 350
9 70 44 57 -3 8 0 0.00 M M 4.4 14 170 M M 0 17 160
10 74 52 63 3 2 0 0.00 M M 8.6 23 10 M M 3 30 20
11 75 54 65 5 0 0 0.00 M M 9.2 20 350 M M 0 27 10
12 79 48 64 4 1 0 0.00 M M 3.3 16 300 M M 0 19 260
13 76 44 60 0 5 0 0.00 M M 6.3 22 350 M M 0 29 350
14 83 51 67 6 0 2 0.00 M M 3.4 7 270 M M 0 M M
15 83 51 67 6 0 2 0.00 M M 6.5 20 350 M M 1 33 350
16 79 63 71 10 0 6 0.00 M M 14.9 26 360 M M 0 39 340
17 84 62 73 12 0 8 0.00 M M 9.7 20 10 M M 1 25 360
18 83 61 72 11 0 7 0.00 M M 5.3 12 320 M M 0 M M
19 70 55 63 2 2 0 0.04 M M 4.9 16 150 M M 5 1 M M
20 73 54 64 3 1 0 0.01 M M 14.9 31 350 M M 1 46 340
21 84 60 72 11 0 7 0.00 M M 12.0 30 350 M M 0 37 340
22 89 59 74 13 0 9 0.00 M M 6.7 17 340 M M 0 24 350
23 88 58 73 12 0 8 0.00 M M 3.1 14 220 M M 0 17 220
24 90 57 74 13 0 9 0.00 M M 2.5 14 160 M M 0 19 160
25 90 57 74 13 0 9 0.00 M M 2.8 13 170 M M 0 17 150
26 83 54 69 7 0 4 0.00 M M 4.8 12 120 M M 0 18 M M
27 70 55 63 1 2 0 0.00 M M 8.4 14 150 M M 7 18 20 160
28 63 52 58 -4 7 0 1.27 M M 8.6 22 160 M M 9 18 27 170
29 72 49 61 -1 4 0 T M M 4.2 17 340 M M 2 23 350
30 73 54 64 2 1 0 0.00 M M 4.9 14 170 M M 3 17 120
31 67 55 61 -1 4 0 0.00 M M 4.3 13 180 M M 9 16 170
================================================================================
SM 2371 1629 90 83 1.72 M 202.4 M 56
================================================================================
AV 76.5 52.5 6.5 FASTST M M 2 MAX(MPH)
MISC ----> 31 350 46 340
================================================================================
NOTES:
# LAST OF SEVERAL OCCURRENCES
COLUMN 17 PEAK WIND IN M.P.H.
PRELIMINARY LOCAL CLIMATOLOGICAL DATA (WS FORM: F-6) , PAGE 2
STATION: VAN NUYS AIRPORT CA
MONTH: MARCH
YEAR: 2022
LATITUDE: 34 13 N
LONGITUDE: 118 29 W
[TEMPERATURE DATA] [PRECIPITATION DATA] SYMBOLS USED IN COLUMN 16
AVERAGE MONTHLY: 64.5 TOTAL FOR MONTH: 1.72 1 = FOG OR MIST
DPTR FM NORMAL: 3.9 DPTR FM NORMAL: -0.78 2 = FOG REDUCING VISIBILITY
HIGHEST: 90 ON 25,24 GRTST 24HR 1.27 ON 28-28 TO 1/4 MILE OR LESS
LOWEST: 41 ON 6 3 = THUNDER
SNOW, ICE PELLETS, HAIL 4 = ICE PELLETS
TOTAL MONTH: M 5 = HAIL
GRTST 24HR M ON M 6 = FREEZING RAIN OR DRIZZLE
GRTST DEPTH: M ON M 7 = DUSTSTORM OR SANDSTORM:
VSBY 1/2 MILE OR LESS
8 = SMOKE OR HAZE
[NO. OF DAYS WITH] [WEATHER - DAYS WITH] 9 = BLOWING SNOW
X = TORNADO
MAX 32 OR BELOW: 0 0.01 INCH OR MORE: 5
MAX 90 OR ABOVE: 3 0.10 INCH OR MORE: 2
MIN 32 OR BELOW: 0 0.50 INCH OR MORE: 1
MIN 0 OR BELOW: 0 1.00 INCH OR MORE: 1
[HDD (BASE 65) ]
TOTAL THIS MO. 90 CLEAR (SCALE 0-3) 25
DPTR FM NORMAL -74 PTCLDY (SCALE 4-7) 4
TOTAL FM JUL 1 800 CLOUDY (SCALE 8-10) 2
DPTR FM NORMAL -276
[CDD (BASE 65) ]
TOTAL THIS MO. 83
DPTR FM NORMAL 54 [PRESSURE DATA]
TOTAL FM JAN 1 145 HIGHEST SLP 30.27 ON 11
DPTR FM NORMAL 95 LOWEST SLP 29.73 ON 28
[REMARKS]
#FINAL-03-22#