000
CXUS52 KFFC 011010
CF6VPC
PRELIMINARY LOCAL CLIMATOLOGICAL DATA (WS FORM: F-6)
STATION: CARTERSVILLE
MONTH: JUNE
YEAR: 2022
LATITUDE: 34 7 N
LONGITUDE: 84 51 W
TEMPERATURE IN F: :PCPN: SNOW: WIND :SUNSHINE: SKY :PK WND
================================================================================
1 2 3 4 5 6A 6B 7 8 9 10 11 12 13 14 15 16 17 18
12Z AVG MX 2MIN
DY MAX MIN AVG DEP HDD CDD WTR SNW DPTH SPD SPD DIR MIN PSBL S-S WX SPD DR
================================================================================
1 90 66 78 5 0 13 0.00 M M 0.8 6 280 M M 3 M M
2 90 66 78 5 0 13 0.10 M M 2.1 9 240 M M 2 31 99
3 77 68 73 0 0 8 0.00 M M 2.2 6 280 M M 4 13 99
4 86 68 77 4 0 12 0.00 M M 3.0 9 60 M M 1 13 60
5 86 61 74 0 0 9 0.00 M M 2.0 7 99 M M 2 13 99
6 86 64 75 1 0 10 0.13 M M 3.4 9 140 M M 3 8 21 140
7 82 70 76 2 0 11 0.47 M M 1.7 6 99 M M 6 18 M M
8 86 68 77 3 0 12 0.08 M M 3.3 15 270 M M 6 1 33 0
9 84 66 75 1 0 10 0.13 M M 2.6 9 280 M M 5 1 14 99
10 82 59 71 -4 0 6 0.00 M M 1.7 7 150 M M 1 12 260
11 86 64 75 0 0 10 0.00 M M 1.5 6 280 M M 3 12 290
12 90 68 79 4 0 14 0.00 M M 1.4 7 99 M M 2 M M
13 93 70 82 7 0 17 0.00 M M 1.9 8 270 M M 3 8 M M
14 95 73 84 8 0 19 0.18 M M 1.8 14 60 M M 2 13 99
15 97 75 86 10 0 21 0.00 M M 2.8 9 190 M M 3 18 190
16 95 72 84 8 0 19 0.00 M M 3.2 16 160 M M 3 22 160
17 95 72 84 8 0 19 0.00 M M 3.1 10 280 M M 2 12 20 99
18 90 70 80 4 0 15 0.00 M M 4.5 10 360 M M 2 12 17 290
19 90 61 76 0 0 11 0.00 M M 2.2 9 60 M M 0 18 60
20 91 57 74 -2 0 9 0.00 M M 1.6 7 99 M M 0 15 0
21 93 64 79 2 0 14 0.00 M M 1.8 9 20 M M 1 15 20
22 97 64 81 4 0 16 0.00 M M 3.8 10 270 M M 1 16 290
23 97 72 85 8 0 20 0.00 M M 3.4 10 290 M M 2 8 17 290
24 93 68 81 4 0 16 0.00 M M 4.0 12 90 M M 4 16 100
25 91 72 82 5 0 17 0.00 M M 3.5 10 160 M M 6 20 120
26 90 72 81 4 0 16 0.00 M M 2.9 14 150 M M 3 M M
27 88 72 80 2 0 15 0.17 M M 2.5 7 90 M M 6 14 250
28 86 68 77 -1 0 12 0.15 M M 2.6 10 70 M M 5 1 14 50
29 88 70 79 1 0 14 0.00 M M 2.6 15 110 M M 6 25 110
30 90 70 80 2 0 15 0.78 M M 2.2 8 80 M M 3 20 0
================================================================================
SM 2684 2030 0 413 2.19 M 76.2 M 90
================================================================================
AV 89.5 67.7 2.5 FASTST M M 3 MAX(MPH)
MISC ----> 16 160 33 0
================================================================================
NOTES:
# LAST OF SEVERAL OCCURRENCES
COLUMN 17 PEAK WIND IN M.P.H.
PRELIMINARY LOCAL CLIMATOLOGICAL DATA (WS FORM: F-6) , PAGE 2
STATION: CARTERSVILLE
MONTH: JUNE
YEAR: 2022
LATITUDE: 34 7 N
LONGITUDE: 84 51 W
[TEMPERATURE DATA] [PRECIPITATION DATA] SYMBOLS USED IN COLUMN 16
AVERAGE MONTHLY: 78.6 TOTAL FOR MONTH: 2.19 1 = FOG OR MIST
DPTR FM NORMAL: 3.0 DPTR FM NORMAL: -1.60 2 = FOG REDUCING VISIBILITY
HIGHEST: 97 ON 23,22 GRTST 24HR 0.78 ON 30-30 TO 1/4 MILE OR LESS
LOWEST: 57 ON 20 3 = THUNDER
SNOW, ICE PELLETS, HAIL 4 = ICE PELLETS
TOTAL MONTH: M 5 = HAIL
GRTST 24HR M ON M 6 = FREEZING RAIN OR DRIZZLE
GRTST DEPTH: M ON M 7 = DUSTSTORM OR SANDSTORM:
VSBY 1/2 MILE OR LESS
8 = SMOKE OR HAZE
[NO. OF DAYS WITH] [WEATHER - DAYS WITH] 9 = BLOWING SNOW
X = TORNADO
MAX 32 OR BELOW: 0 0.01 INCH OR MORE: 9
MAX 90 OR ABOVE: 18 0.10 INCH OR MORE: 8
MIN 32 OR BELOW: 0 0.50 INCH OR MORE: 1
MIN 0 OR BELOW: 0 1.00 INCH OR MORE: 0
[HDD (BASE 65) ]
TOTAL THIS MO. 0 CLEAR (SCALE 0-3) 16
DPTR FM NORMAL -1 PTCLDY (SCALE 4-7) 14
TOTAL FM JUL 1 2556 CLOUDY (SCALE 8-10) 0
DPTR FM NORMAL -560
[CDD (BASE 65) ]
TOTAL THIS MO. 413
DPTR FM NORMAL 96 [PRESSURE DATA]
TOTAL FM JAN 1 705 HIGHEST SLP M ON M
DPTR FM NORMAL 204 LOWEST SLP M ON M
[REMARKS]
#FINAL-06-22#