446
CXUS52 KFFC 011010
CF6VPC
PRELIMINARY LOCAL CLIMATOLOGICAL DATA (WS FORM: F-6)
STATION: CARTERSVILLE
MONTH: JUNE
YEAR: 2020
LATITUDE: 34 7 N
LONGITUDE: 84 51 W
TEMPERATURE IN F: :PCPN: SNOW: WIND :SUNSHINE: SKY :PK WND
================================================================================
1 2 3 4 5 6A 6B 7 8 9 10 11 12 13 14 15 16 17 18
12Z AVG MX 2MIN
DY MAX MIN AVG DEP HDD CDD WTR SNW DPTH SPD SPD DIR MIN PSBL S-S WX SPD DR
================================================================================
1 85 57 71 -1 0 6 0.00 0.0 M 3.5 14 140 M M 2 8 19 130
2 89 61 75 3 0 10 0.00 M M 2.7 10 140 M M 1 14 140
3 91 65 78 6 0 13 0.00 M M 1.4 8 210 M M 2 13 10
4 90 68 79 6 0 14 0.00 M M 2.0 10 180 M M 2 14 260
5 88 69 79 6 0 14 0.49 M M 0.5 10 340 M M 4 138 16 340
6 90 66 78 5 0 13 0.00 M M 1.2 7 180 M M 1 1 9 170
7 91 69 80 7 0 15 0.00 M M 2.9 10 140 M M 1 14 150
8 87 73 80 7 0 15 0.00 M M 4.8 14 130 M M 5 25 120
9 89 74 82 8 0 17 M M M 4.9 14 180 M M 5 1238 22 220
10 89 74 82 8 0 17 0.32 M M 6.5 18 180 M M 6 18 23 170
11 84 64 74 0 0 9 0.00 M M 3.3 13 10 M M 3 19 350
12 87 62 75 1 0 10 0.00 M M 4.3 15 10 M M 3 23 10
13 88 62 75 0 0 10 0.00 M M 2.0 10 30 M M 4 12 20
14 87 62 75 0 0 10 0.10 M M 2.6 18 20 M M 2 13 26 10
15 84 59 72 -3 0 7 0.00 M M 2.6 16 60 M M 6 12 24 60
16 79 56 68 -7 0 3 0.02 M M 3.5 12 50 M M 6 18 60
17 78 58 68 -7 0 3 0.00 M M 1.1 12 10 M M 7 16 10
18 83 57 70 -5 0 5 0.00 M M 1.2 8 360 M M 5 12 350
19 87 60 74 -2 0 9 0.00 M M 1.5 15 360 M M 1 20 360
20 91 61 76 0 0 11 0.00 0.0 M 1.2 9 10 M M 0 1 13 360
21 93 64 79 3 0 14 0.04 0.0 M 1.6 12 170 M M 2 13 16 220
22 89 65 77 1 0 12 0.12 0.0 M 2.2 25 190 M M 3 138 40 190
23 87 70 79 3 0 14 0.34 0.0 M 3.0 9 200 M M 6 1 18 230
24 82 70 76 -1 0 11 0.27 M M 1.0 12 190 M M 6 13 19 330
25 84 70 77 0 0 12 0.06 0.0 M 0.8 9 220 M M 8 1 17 210
26 83 68 76 -1 0 11 0.02 0.0 M 1.4 9 220 M M 5 15 200
27 86 65 76 -1 0 11 1.08 0.0 M 0.6 13 340 M M 3 123 23 330
28 91 69 80 3 0 15 T 0.0 M 2.0 9 190 M M 4 1 17 190
29 92 71 82 5 0 17 T M M 1.8 10 340 M M 2 3 19 350
30 90 70 80 3 0 15 0.01 0.0 M 1.0 12 340 M M 1 38 22 350
================================================================================
SM 2614 1959 0 343 2.87 0.0 69.1 M 106
================================================================================
AV 87.1 65.3 2.3 FASTST M M 4 MAX(MPH)
MISC ----> 25 190 40 190
================================================================================
NOTES:
# LAST OF SEVERAL OCCURRENCES
COLUMN 17 PEAK WIND IN M.P.H.
PRELIMINARY LOCAL CLIMATOLOGICAL DATA (WS FORM: F-6) , PAGE 2
STATION: CARTERSVILLE
MONTH: JUNE
YEAR: 2020
LATITUDE: 34 7 N
LONGITUDE: 84 51 W
[TEMPERATURE DATA] [PRECIPITATION DATA] SYMBOLS USED IN COLUMN 16
AVERAGE MONTHLY: 76.2 TOTAL FOR MONTH: 2.87 1 = FOG OR MIST
DPTR FM NORMAL: 1.3 DPTR FM NORMAL: -0.97 2 = FOG REDUCING VISIBILITY
HIGHEST: 93 ON 21 GRTST 24HR 1.08 ON 27-27 TO 1/4 MILE OR LESS
LOWEST: 56 ON 16 3 = THUNDER
SNOW, ICE PELLETS, HAIL 4 = ICE PELLETS
TOTAL MONTH: 0.0 INCH 5 = HAIL
GRTST 24HR 0.0 6 = FREEZING RAIN OR DRIZZLE
GRTST DEPTH: M ON M 7 = DUSTSTORM OR SANDSTORM:
VSBY 1/2 MILE OR LESS
8 = SMOKE OR HAZE
[NO. OF DAYS WITH] [WEATHER - DAYS WITH] 9 = BLOWING SNOW
X = TORNADO
MAX 32 OR BELOW: 0 0.01 INCH OR MORE: 12
MAX 90 OR ABOVE: 9 0.10 INCH OR MORE: 7
MIN 32 OR BELOW: 0 0.50 INCH OR MORE: 1
MIN 0 OR BELOW: 0 1.00 INCH OR MORE: 1
[HDD (BASE 65) ]
TOTAL THIS MO. 0 CLEAR (SCALE 0-3) 16
DPTR FM NORMAL -1 PTCLDY (SCALE 4-7) 14
TOTAL FM JUL 1 2438 CLOUDY (SCALE 8-10) 0
DPTR FM NORMAL -830
[CDD (BASE 65) ]
TOTAL THIS MO. 343
DPTR FM NORMAL 48 [PRESSURE DATA]
TOTAL FM JAN 1 552 HIGHEST SLP 30.22 ON 16
DPTR FM NORMAL 108 LOWEST SLP 29.81 ON 23
[REMARKS]
#FINAL-06-20#