000
CXUS52 KFFC 011010
CF6VPC
PRELIMINARY LOCAL CLIMATOLOGICAL DATA (WS FORM: F-6)
STATION: CARTERSVILLE
MONTH: AUGUST
YEAR: 2023
LATITUDE: 34 7 N
LONGITUDE: 84 51 W
TEMPERATURE IN F: :PCPN: SNOW: WIND :SUNSHINE: SKY :PK WND
================================================================================
1 2 3 4 5 6A 6B 7 8 9 10 11 12 13 14 15 16 17 18
12Z AVG MX 2MIN
DY MAX MIN AVG DEP HDD CDD WTR SNW DPTH SPD SPD DIR MIN PSBL S-S WX SPD DR
================================================================================
1 90 68 79 0 0 14 0.00 M M 1.2 6 290 M M 1 13 99
2 90 66 78 -1 0 13 0.00 M M 0.7 6 110 M M 4 14 0
3 88 73 81 2 0 16 0.00 M M 0.9 8 300 M M 6 14 0
4 86 72 79 0 0 14 0.00 M M 1.8 12 270 M M 7 16 280
5 91 72 82 3 0 17 0.00 M M 0.1 4 99 M M 3 1 12 0
6 86 70 78 -1 0 13 0.00 M M 1.4 13 280 M M 4 1 38 280
7 93 68 81 2 0 16 0.00 M M 1.6 13 280 M M 5 1 28 0
8 81 68 75 -4 0 10 0.00 M M 1.4 17 280 M M 2 20 280
9 88 64 76 -3 0 11 0.00 M M 0.3 4 260 M M 4 1 13 0
10 86 68 77 -2 0 12 0.00 M M 3.4 13 280 M M 6 1 20 280
11 90 72 81 2 0 16 0.00 M M 0.9 8 120 M M 6 1 16 120
12 91 72 82 3 0 17 0.00 M M 0.3 7 99 M M 4 1 28 0
13 93 70 82 3 0 17 0.00 M M 0.4 10 160 M M 4 20 160
14 95 72 84 6 0 19 0.00 M M 1.2 8 260 M M 3 12 15 260
15 86 70 78 0 0 13 0.00 M M 2.0 9 280 M M 5 3 17 280
16 84 63 74 -4 0 9 0.00 M M 0.6 8 330 M M 1 12 99
17 84 63 74 -4 0 9 0.00 M M 1.4 12 280 M M 2 14 260
18 88 64 76 -2 0 11 0.00 M M 0.4 5 330 M M 2 13 0
19 88 64 76 -2 0 11 0.00 0.0 0 0.0 M M M M 2 1 M M
20 91 68 80 2 0 15 0.00 M M 0.0 M M M M 2 M M
21 93 70 82 4 0 17 0.00 M M 0.3 8 20 M M 1 1 M M
22 90 72 81 3 0 16 0.00 M M 0.0 M M M M 1 1 M M
23 93 73 83 5 0 18 0.00 M M 3.4 8 110 M M 1 1 13 M
24 95 73 84 6 0 19 0.00 M M 1.0 7 290 M M 2 1 12 99
25 97 77 87 10 0 22 0.00 M M 2.7 9 290 M M 1 12 290
26 95 72 84 7 0 19 0.00 M M 2.8 9 20 M M 0 1 15 360
27 97 73 85 8 0 20 0.00 M M 3.2 8 10 M M 1 15 99
28 93 72 83 6 0 18 2.21 M M 7.2 21 190 M M 7 12 36 50
29 88 72 80 3 0 15 0.19 M M 3.1 9 140 M M 7 18 17 0
30 81 70 76 -1 0 11 0.01 M M 4.0 9 20 M M 6 18 15 20
31 90 64 77 1 0 12 0.02 M M 1.0 6 150 M M 2 M M
================================================================================
SM 2781 2155 0 460 2.43 0.0 48.8 M 102
================================================================================
AV 89.7 69.5 1.6 FASTST M M 3 MAX(MPH)
MISC ----> 21 190 38 280
================================================================================
NOTES:
# LAST OF SEVERAL OCCURRENCES
COLUMN 17 PEAK WIND IN M.P.H.
PRELIMINARY LOCAL CLIMATOLOGICAL DATA (WS FORM: F-6) , PAGE 2
STATION: CARTERSVILLE
MONTH: AUGUST
YEAR: 2023
LATITUDE: 34 7 N
LONGITUDE: 84 51 W
[TEMPERATURE DATA] [PRECIPITATION DATA] SYMBOLS USED IN COLUMN 16
AVERAGE MONTHLY: 79.6 TOTAL FOR MONTH: 2.43 1 = FOG OR MIST
DPTR FM NORMAL: 1.5 DPTR FM NORMAL: -1.01 2 = FOG REDUCING VISIBILITY
HIGHEST: 97 ON 27,25 GRTST 24HR 2.21 ON 28-28 TO 1/4 MILE OR LESS
LOWEST: 63 ON 17,16 3 = THUNDER
SNOW, ICE PELLETS, HAIL 4 = ICE PELLETS
TOTAL MONTH: 0.0 INCH 5 = HAIL
GRTST 24HR 0.0 6 = FREEZING RAIN OR DRIZZLE
GRTST DEPTH: 0 7 = DUSTSTORM OR SANDSTORM:
VSBY 1/2 MILE OR LESS
8 = SMOKE OR HAZE
[NO. OF DAYS WITH] [WEATHER - DAYS WITH] 9 = BLOWING SNOW
X = TORNADO
MAX 32 OR BELOW: 0 0.01 INCH OR MORE: 4
MAX 90 OR ABOVE: 18 0.10 INCH OR MORE: 2
MIN 32 OR BELOW: 0 0.50 INCH OR MORE: 1
MIN 0 OR BELOW: 0 1.00 INCH OR MORE: 1
[HDD (BASE 65) ]
TOTAL THIS MO. 0 CLEAR (SCALE 0-3) 16
DPTR FM NORMAL 0 PTCLDY (SCALE 4-7) 15
TOTAL FM JUL 1 0 CLOUDY (SCALE 8-10) 0
DPTR FM NORMAL 0
[CDD (BASE 65) ]
TOTAL THIS MO. 460
DPTR FM NORMAL 52 [PRESSURE DATA]
TOTAL FM JAN 1 1481 HIGHEST SLP M ON M
DPTR FM NORMAL 144 LOWEST SLP M ON M
[REMARKS]
#FINAL-08-23#