000
CXUS52 KMLB 010646
CF6VRB
PRELIMINARY LOCAL CLIMATOLOGICAL DATA (WS FORM: F-6)
STATION: VERO BEACH
MONTH: AUGUST
YEAR: 2022
LATITUDE: 27 39 N
LONGITUDE: 80 25 W
TEMPERATURE IN F: :PCPN: SNOW: WIND :SUNSHINE: SKY :PK WND
================================================================================
1 2 3 4 5 6A 6B 7 8 9 10 11 12 13 14 15 16 17 18
12Z AVG MX 2MIN
DY MAX MIN AVG DEP HDD CDD WTR SNW DPTH SPD SPD DIR MIN PSBL S-S WX SPD DR
================================================================================
1 92 74 83 1 0 18 0.00 0.0 0 8.5 18 300 M M 1 3 23 300
2 93 73 83 1 0 18 0.00 0.0 0 6.7 21 310 M M 3 3 29 310
3 92 70 81 -1 0 16 0.00 0.0 0 7.8 16 110 M M 1 21 110
4 92 72 82 0 0 17 0.00 0.0 0 7.2 22 100 M M 1 26 100
5 92 74 83 1 0 18 0.00 0.0 0 8.1 17 90 M M 1 22 100
6 92 75 84 2 0 19 T 0.0 0 8.4 18 110 M M 1 23 110
7 92 76 84 2 0 19 T 0.0 0 9.4 21 100 M M 1 27 100
8 92 76 84 2 0 19 T 0.0 0 8.2 17 100 M M 2 22 100
9 93 76 85 3 0 20 0.07 0.0 0 7.8 21 130 M M 3 138 27 110
10 93 74 84 2 0 19 0.00 0.0 0 9.8 21 120 M M 1 1 25 120
11 92 77 85 3 0 20 0.00 0.0 0 7.3 15 100 M M 1 19 100
12 92 73 83 1 0 18 0.00 0.0 0 7.2 15 120 M M 1 20 110
13 95 75 85 3 0 20 0.79 0.0 0 4.0 20 340 M M 3 1238 28 330
14 89 70 80 -2 0 15 0.00 0.0 0 4.2 13 300 M M 2 3 17 80
15 90 72 81 -1 0 16 T 0.0 0 4.4 12 200 M M 3 3 14 100
16 96 75 86 4 0 21 0.00 0.0 0 7.9 24 230 M M 3 31 220
17 98 75 87 5 0 22 0.04 0.0 0 6.9 22 300 M M 2 13 27 300
18 91 74 83 1 0 18 0.21 0.0 0 6.4 23 200 M M 2 13 28 190
19 94 71 83 1 0 18 0.00 0.0 0 6.4 20 130 M M 1 13 24 140
20 92 73 83 1 0 18 0.00 0.0 0 6.9 15 110 M M 1 19 140
21 92 77 85 3 0 20 0.00 0.0 0 7.8 15 110 M M 2 19 100
22 93 76 85 3 0 20 0.00 0.0 0 7.0 16 120 M M 2 20 110
23 93 75 84 2 0 19 0.00 0.0 0 5.3 15 60 M M 2 3 19 60
24 92 75 84 2 0 19 0.04 0.0 0 6.0 20 110 M M 2 13 24 110
25 93 76 85 3 0 20 0.00 0.0 0 4.8 15 130 M M 2 3 22 100
26 93 75 84 2 0 19 0.00 0.0 0 5.3 16 120 M M 2 138 20 130
27 94 75 85 3 0 20 0.31 0.0 0 5.2 23 280 M M 2 138 30 280
28 89 75 82 0 0 17 T 0.0 0 4.6 17 150 M M 2 13 20 160
29 90 74 82 0 0 17 0.02 0.0 0 9.2 26 150 M M 2 1 36 150
30 93 75 84 2 0 19 0.03 0.0 0 8.1 22 120 M M 2 13 27 130
31 93 74 84 2 0 19 0.00 0.0 0 6.5 18 130 M M 1 1 21 140
================================================================================
SM 2867 2302 0 578 1.51 0.0 213.3 M 55
================================================================================
AV 92.5 74.3 6.9 FASTST M M 2 MAX(MPH)
MISC ----> 26 150 36 150
================================================================================
NOTES:
# LAST OF SEVERAL OCCURRENCES
COLUMN 17 PEAK WIND IN M.P.H.
PRELIMINARY LOCAL CLIMATOLOGICAL DATA (WS FORM: F-6) , PAGE 2
STATION: VERO BEACH
MONTH: AUGUST
YEAR: 2022
LATITUDE: 27 39 N
LONGITUDE: 80 25 W
[TEMPERATURE DATA] [PRECIPITATION DATA] SYMBOLS USED IN COLUMN 16
AVERAGE MONTHLY: 83.4 TOTAL FOR MONTH: 1.51 1 = FOG OR MIST
DPTR FM NORMAL: 1.3 DPTR FM NORMAL: -5.84 2 = FOG REDUCING VISIBILITY
HIGHEST: 98 ON 17 GRTST 24HR 0.79 ON 13-13 TO 1/4 MILE OR LESS
LOWEST: 70 ON 14, 3 3 = THUNDER
SNOW, ICE PELLETS, HAIL 4 = ICE PELLETS
TOTAL MONTH: 0.0 INCH 5 = HAIL
GRTST 24HR 0.0 6 = FREEZING RAIN OR DRIZZLE
GRTST DEPTH: 0 7 = DUSTSTORM OR SANDSTORM:
VSBY 1/2 MILE OR LESS
8 = SMOKE OR HAZE
[NO. OF DAYS WITH] [WEATHER - DAYS WITH] 9 = BLOWING SNOW
X = TORNADO
MAX 32 OR BELOW: 0 0.01 INCH OR MORE: 8
MAX 90 OR ABOVE: 29 0.10 INCH OR MORE: 3
MIN 32 OR BELOW: 0 0.50 INCH OR MORE: 1
MIN 0 OR BELOW: 0 1.00 INCH OR MORE: 0
[HDD (BASE 65) ]
TOTAL THIS MO. 0 CLEAR (SCALE 0-3) 29
DPTR FM NORMAL 0 PTCLDY (SCALE 4-7) 2
TOTAL FM JUL 1 0 CLOUDY (SCALE 8-10) 0
DPTR FM NORMAL 0
[CDD (BASE 65) ]
TOTAL THIS MO. 578
DPTR FM NORMAL 48 [PRESSURE DATA]
TOTAL FM JAN 1 2676 HIGHEST SLP M ON M
DPTR FM NORMAL 269 LOWEST SLP 29.88 ON 15
[REMARKS]
#FINAL-08-22#