000
CXUS52 KMLB 011256
CLMVRB
CLIMATE REPORT
NATIONAL WEATHER SERVICE MELBOURNE FL
856 AM EDT SAT APR 01 2023
...................................
...THE VERO BEACH CLIMATE SUMMARY FOR THE MONTH OF MARCH 2023...
CLIMATE NORMAL PERIOD 1991 TO 2020
CLIMATE RECORD PERIOD 1942 TO 2023
WEATHER OBSERVED NORMAL DEPART LAST YEAR`S
VALUE DATE(S) VALUE FROM VALUE
NORMAL
..............................................................
TEMPERATURE (F)
MONTHLY RECORD
HOTTEST 74.0 1997
COLDEST 61.2 2010
DAILY RECORD
HIGH 93 03/31/2020
03/20/2003
LOW 26 03/03/1980
MARCH 2023
HIGHEST 91 03/03 89
03/04
LOWEST 47 03/21 42
AVG. MAXIMUM 82.7 78.4 4.3 82.0
AVG. MINIMUM 60.5 57.7 2.8 62.3
MEAN 71.6 68.0 3.6 72.1
DAYS MAX >= 90 3 0.6 2.4 0
DAYS MAX <= 32 0 0.0 0.0 0
DAYS MIN <= 32 0 0.0 0.0 0
DAYS MIN <= 0 0 0.0 0.0 0
PRECIPITATION (INCHES)
MONTHLY RECORD
MAXIMUM 12.78 1993
MINIMUM 0.02 2020
DAILY RECORD
MAXIMUM 6.80 03/21/1993
MARCH 2023
TOTALS 0.63 3.44 -2.81 1.49
DAYS >= .01 6 7.5 -1.5 7
DAYS >= .10 2 4.4 -2.4 5
DAYS >= .50 0 2.1 -2.1 0
DAYS >= 1.00 0 0.9 -0.9 0
GREATEST
24 HR. TOTAL 0.26 03/13 TO 03/13
03/19 TO 03/20
SNOWFALL (INCHES)
TOTALS 0.0 0.0 0.0 0.0
SINCE 7/1 0.0 0.0 0.0 MM
DAYS >= TRACE 0 0
DEGREE DAYS
HEATING TOTAL 11 48 -37 8
SINCE 7/1 182 390 -208 MM
COOLING TOTAL 222 143 79 238
SINCE 1/1 508 297 211 MM
..............................................................
WIND (MPH)
AVERAGE WIND SPEED 9.2
HIGHEST WIND SPEED/DIRECTION 29/270 DATE 03/13
HIGHEST GUST SPEED/DIRECTION 38/280 DATE 03/13
SKY COVER
POSSIBLE SUNSHINE (PERCENT) MM
AVERAGE SKY COVER 0.28
NUMBER OF DAYS FAIR 22
NUMBER OF DAYS PC 8
NUMBER OF DAYS CLOUDY 1
AVERAGE RH (PERCENT) 69
WEATHER CONDITIONS. NUMBER OF DAYS WITH
THUNDERSTORM 4 MIXED PRECIP 0
HEAVY RAIN 2 RAIN 2
LIGHT RAIN 9 LT FREEZING RAIN 0
HAIL 0 LIGHT SNOW 0
SLEET 0 FOG 15
FOG W/VIS <= 1/4 MILE 3 HAZE 6
- INDICATES NEGATIVE NUMBERS.
R INDICATES RECORD WAS SET OR TIED.
MM INDICATES DATA IS MISSING.
T INDICATES TRACE AMOUNT.
$$