000
CXUS56 KPQR 011155
CF6VUO
PRELIMINARY LOCAL CLIMATOLOGICAL DATA (WS FORM: F-6)
STATION: VANCOUVER WA
MONTH: APRIL
YEAR: 2022
LATITUDE: 45 37 N
LONGITUDE: 122 39 W
TEMPERATURE IN F: :PCPN: SNOW: WIND :SUNSHINE: SKY :PK WND
================================================================================
1 2 3 4 5 6A 6B 7 8 9 10 11 12 13 14 15 16 17 18
12Z AVG MX 2MIN
DY MAX MIN AVG DEP HDD CDD WTR SNW DPTH SPD SPD DIR MIN PSBL S-S WX SPD DR
================================================================================
1 60 37 49 0 16 0 0.09 M M 3.1 13 300 M M 6 1 17 300
2 59 42 51 2 14 0 0.01 M M 2.0 9 280 M M 5 1 12 200
3 57 43 50 0 15 0 0.14 M M 7.0 16 170 M M 8 1 25 160
4 55 42 49 -1 16 0 0.46 M M 11.6 29 260 M M 7 1 42 250
5 54 37 46 -4 19 0 0.01 M M 3.6 17 250 M M 4 25 260
6 66 30 48 -2 17 0 0.00 M M 4.3 15 90 M M 0 22 90
7 74 38 56 6 9 0 0.00 M M 2.7 10 110 M M 0 14 120
8 61 42 52 2 13 0 0.08 M M 7.9 24 280 M M 7 28 280
9 53 41 47 -3 18 0 0.19 M M 6.8 22 300 M M 8 18 28 290
10 47 35 41 -9 24 0 0.51 M M 4.6 16 250 M M 9 1 21 250
11 51 33 42 -9 23 0 1.10 M M 6.4 16 280 M M 8 1 23 270
12 45 37 41 -10 24 0 0.31 M M 7.2 14 110 M M 8 138 23 150
13 52 37 45 -6 20 0 0.18 M M 5.8 16 280 M M 8 1 22 220
14 51 34 43 -8 22 0 0.06 M M 5.1 18 310 M M 8 18 25 300
15 54 34 44 -7 21 0 0.00 M M 2.5 9 320 M M 5 1 14 320
16 54 36 45 -7 20 0 0.05 M M 3.7 15 260 M M 8 23 260
17 58 39 49 -3 16 0 0.00 M M 5.0 15 120 M M 5 20 130
18 53 44 49 -3 16 0 0.49 M M 7.0 13 210 M M 9 1 18 200
19 50 44 47 -5 18 0 0.16 M M 4.4 9 110 M M 10 1 14 220
20 53 38 46 -6 19 0 0.21 M M 7.3 18 110 M M 6 1 24 130
21 58 41 50 -3 15 0 0.07 M M 5.9 15 120 M M 7 1 21 240
22 61 39 50 -3 15 0 0.04 M M 3.2 15 280 M M 5 1 18 290
23 66 38 52 -1 13 0 0.00 M M 1.6 9 260 M M 1 10 270
24 70 37 54 1 11 0 0.00 M M 2.9 10 270 M M 1 14 240
25 57 47 52 -2 13 0 0.17 M M 4.9 12 250 M M 10 8 16 160
26 56 42 49 -5 16 0 0.07 M M 4.5 16 270 M M 8 18 22 250
27 57 45 51 -3 14 0 0.14 M M 3.2 13 280 M M 9 1 16 250
28 56 45 51 -3 14 0 0.15 M M 2.6 14 310 M M 8 1 26 290
29 61 46 54 0 11 0 0.37 M M 4.6 12 110 M M 10 1 16 200
30 58 49 54 -1 11 0 0.35 M M 5.7 15 100 M M 8 1 20 250
================================================================================
SM 1707 1192 493 0 5.41 M 147.1 M 196
================================================================================
AV 56.9 39.7 4.9 FASTST M M 7 MAX(MPH)
MISC ----> 29 260 42 250
================================================================================
NOTES:
# LAST OF SEVERAL OCCURRENCES
COLUMN 17 PEAK WIND IN M.P.H.
PRELIMINARY LOCAL CLIMATOLOGICAL DATA (WS FORM: F-6) , PAGE 2
STATION: VANCOUVER WA
MONTH: APRIL
YEAR: 2022
LATITUDE: 45 37 N
LONGITUDE: 122 39 W
[TEMPERATURE DATA] [PRECIPITATION DATA] SYMBOLS USED IN COLUMN 16
AVERAGE MONTHLY: 48.3 TOTAL FOR MONTH: 5.41 1 = FOG OR MIST
DPTR FM NORMAL: -3.4 DPTR FM NORMAL: 2.48 2 = FOG REDUCING VISIBILITY
HIGHEST: 74 ON 7 GRTST 24HR 1.60 ON 10-11 TO 1/4 MILE OR LESS
LOWEST: 30 ON 6 3 = THUNDER
SNOW, ICE PELLETS, HAIL 4 = ICE PELLETS
TOTAL MONTH: M 5 = HAIL
GRTST 24HR M ON M 6 = FREEZING RAIN OR DRIZZLE
GRTST DEPTH: M ON M 7 = DUSTSTORM OR SANDSTORM:
VSBY 1/2 MILE OR LESS
8 = SMOKE OR HAZE
[NO. OF DAYS WITH] [WEATHER - DAYS WITH] 9 = BLOWING SNOW
X = TORNADO
MAX 32 OR BELOW: 0 0.01 INCH OR MORE: 24
MAX 90 OR ABOVE: 0 0.10 INCH OR MORE: 15
MIN 32 OR BELOW: 1 0.50 INCH OR MORE: 2
MIN 0 OR BELOW: 0 1.00 INCH OR MORE: 1
[HDD (BASE 65) ]
TOTAL THIS MO. 493 CLEAR (SCALE 0-3) 4
DPTR FM NORMAL 93 PTCLDY (SCALE 4-7) 18
TOTAL FM JUL 1 4094 CLOUDY (SCALE 8-10) 8
DPTR FM NORMAL 11
[CDD (BASE 65) ]
TOTAL THIS MO. 0
DPTR FM NORMAL -1 [PRESSURE DATA]
TOTAL FM JAN 1 0 HIGHEST SLP 30.49 ON 6
DPTR FM NORMAL -1 LOWEST SLP 29.39 ON 11
[REMARKS]
#FINAL-04-22#