000
CXUS56 KPQR 011551
CLMVUO
CLIMATE REPORT
NATIONAL WEATHER SERVICE PORTLAND OREGON
851 AM PDT TUE AUG 01 2023
...................................
...THE VANCOUVER WA CLIMATE SUMMARY FOR THE MONTH OF JULY 2023...
CLIMATE NORMAL PERIOD 1991 TO 2020
CLIMATE RECORD PERIOD 1891 TO 2023
WEATHER OBSERVED NORMAL DEPART LAST YEAR`S
VALUE DATE(S) VALUE FROM VALUE DATE(S)
NORMAL
................................................................
TEMPERATURE (F)
HIGHEST 96 101 07/26
07/30
LOWEST 52 51 07/15
AVG. MAXIMUM 85.1 80.9 4.2 84.8
AVG. MINIMUM 58.5 57.1 1.4 60.0
MEAN 71.8 69.0 2.8 72.4
DAYS MAX >= 90 6 4.9 1.1 12
DAYS MAX <= 32 0 0.0 0.0 0
DAYS MIN <= 32 0 0.0 0.0 0
DAYS MIN <= 0 0 0.0 0.0 0
PRECIPITATION (INCHES)
TOTALS T 0.24
DAYS >= .01 0 3
DAYS >= .10 0 1
DAYS >= .50 0 0
DAYS >= 1.00 0 0
GREATEST
24 HR. TOTAL T 07/10 TO 07/10
07/24 TO 07/24
07/25 TO 07/25
DEGREE DAYS
HEATING TOTAL 0 0
SINCE 7/1 0 MM
COOLING TOTAL 218 238
SINCE 1/1 366 MM
................................................................
WIND (MPH)
AVERAGE WIND SPEED 5.6
RESULTANT WIND SPEED/DIRECTION 3/320
HIGHEST WIND SPEED/DIRECTION 17/310 DATE 07/02
17/300 07/15
17/300 07/16
HIGHEST GUST SPEED/DIRECTION 26/300 DATE 07/02
SKY COVER
POSSIBLE SUNSHINE (PERCENT) MM
AVERAGE SKY COVER 0.14
AVERAGE RH (PERCENT) 53
WEATHER CONDITIONS. NUMBER OF DAYS WITH
THUNDERSTORM 0 MIXED PRECIP 0
HEAVY RAIN 0 RAIN 0
LIGHT RAIN 1 FREEZING RAIN 0
LT FREEZING RAIN 0 HAIL 0
HEAVY SNOW 0 SNOW 0
LIGHT SNOW 0 SLEET 0
FOG 0 FOG W/VIS <= 1/4 MILE 0
HAZE 2
- INDICATES NEGATIVE NUMBERS.
R INDICATES RECORD WAS SET OR TIED.
MM INDICATES DATA IS MISSING.
T INDICATES TRACE AMOUNT.
$$