000
CXUS56 KLOX 011655
CF6WJF
PRELIMINARY LOCAL CLIMATOLOGICAL DATA (WS FORM: F-6)
STATION: LANCASTER FOX FIELD CA
MONTH: JULY
YEAR: 2020
LATITUDE: 34 43 N
LONGITUDE: 118 13 W
TEMPERATURE IN F: :PCPN: SNOW: WIND :SUNSHINE: SKY :PK WND
================================================================================
1 2 3 4 5 6A 6B 7 8 9 10 11 12 13 14 15 16 17 18
12Z AVG MX 2MIN
DY MAX MIN AVG DEP HDD CDD WTR SNW DPTH SPD SPD DIR MIN PSBL S-S WX SPD DR
================================================================================
1 89 59 74 -6 0 9 0.00 0.0 0 15.3 29 250 M M 0 36 240
2 90 63 77 -3 0 12 0.00 0.0 0 17.0 29 240 M M 0 34 250
3 93 54 74 -7 0 9 0.00 0.0 0 11.3 25 250 M M 0 30 250
4 98 63 81 0 0 16 0.00 0.0 0 12.7 26 260 M M 0 33 240
5 100 71 86 5 0 21 0.00 0.0 0 14.2 28 260 M M 0 32 260
6 99 70 85 4 0 20 0.00 0.0 0 14.9 29 260 M M 0 41 270
7 96 70 83 1 0 18 0.00 0.0 0 16.0 24 250 M M 0 30 250
8 95 63 79 -3 0 14 0.00 0.0 0 15.3 26 240 M M 0 32 240
9 99 70 85 3 0 20 0.00 0.0 0 14.2 24 240 M M 0 29 240
10 103 63 83 1 0 18 0.00 0.0 0 9.3 23 250 M M 0 30 260
11 106 72 89 7 0 24 0.00 0.0 0 11.3 22 220 M M 0 27 220
12 108 75 92 10 0 27 0.00 0.0 0 11.8 25 240 M M 0 31 240
13 99 73 86 4 0 21 0.00 0.0 0 18.4 29 220 M M 0 35 220
14 93 68 81 -2 0 16 0.00 0.0 0 21.0 31 220 M M 0 39 220
15 96 68 82 -1 0 17 0.00 0.0 0 16.4 28 220 M M 0 35 240
16 98 60 79 -4 0 14 0.00 0.0 0 11.1 24 260 M M 0 29 270
17 97 68 83 0 0 18 0.00 0.0 0 12.3 24 260 M M 0 29 240
18 101 68 85 2 0 20 0.00 0.0 0 13.8 24 210 M M 0 31 220
19 100 74 87 4 0 22 0.00 0.0 0 17.2 29 220 M M 0 36 250
20 102 76 89 6 0 24 0.00 0.0 0 17.2 32 260 M M 0 38 260
21 99 68 84 1 0 19 0.00 0.0 0 12.1 25 240 M M 0 31 250
22 93 67 80 -3 0 15 0.00 0.0 0 16.4 28 240 M M 0 35 240
23 93 65 79 -4 0 14 0.00 0.0 0 16.7 29 220 M M 0 34 220
24 95 60 78 -5 0 13 0.00 0.0 0 9.3 25 220 M M 0 30 220
25 97 61 79 -4 0 14 0.00 0.0 0 8.9 22 250 M M 0 27 240
26 99 55 77 -6 0 12 0.00 0.0 0 10.0 25 260 M M 0 32 260
27 100 63 82 -1 0 17 0.00 0.0 0 9.3 25 240 M M 0 32 240
28 102 63 83 0 0 18 0.00 0.0 0 7.7 25 240 M M 0 30 240
29 104 58 81 -2 0 16 0.00 0.0 0 9.0 23 260 M M 0 29 260
30 105 60 83 0 0 18 0.00 0.0 0 9.4 23 250 M M 0 32 250
31 105 64 85 2 0 20 0.00 0.0 0 10.6 24 210 M M 0 29 240
================================================================================
SM 3054 2032 0 536 0.00 0.0 410.1 M 0
================================================================================
AV 98.5 65.6 13.2 FASTST M M 0 MAX(MPH)
MISC ----> # 32 260 # 41 270
================================================================================
NOTES:
# LAST OF SEVERAL OCCURRENCES
COLUMN 17 PEAK WIND IN M.P.H.
PRELIMINARY LOCAL CLIMATOLOGICAL DATA (WS FORM: F-6) , PAGE 2
STATION: LANCASTER FOX FIELD CA
MONTH: JULY
YEAR: 2020
LATITUDE: 34 43 N
LONGITUDE: 118 13 W
[TEMPERATURE DATA] [PRECIPITATION DATA] SYMBOLS USED IN COLUMN 16
AVERAGE MONTHLY: 82.0 TOTAL FOR MONTH: 0.00 1 = FOG OR MIST
DPTR FM NORMAL: -0.3 DPTR FM NORMAL: -0.09 2 = FOG REDUCING VISIBILITY
HIGHEST: 108 ON 12 GRTST 24HR 0.00 ON 31-31 TO 1/4 MILE OR LESS
LOWEST: 54 ON 3 3 = THUNDER
SNOW, ICE PELLETS, HAIL 4 = ICE PELLETS
TOTAL MONTH: 0.0 INCH 5 = HAIL
GRTST 24HR 0.0 6 = FREEZING RAIN OR DRIZZLE
GRTST DEPTH: 0 7 = DUSTSTORM OR SANDSTORM:
VSBY 1/2 MILE OR LESS
8 = SMOKE OR HAZE
[NO. OF DAYS WITH] [WEATHER - DAYS WITH] 9 = BLOWING SNOW
X = TORNADO
MAX 32 OR BELOW: 0 0.01 INCH OR MORE: 0
MAX 90 OR ABOVE: 30 0.10 INCH OR MORE: 0
MIN 32 OR BELOW: 0 0.50 INCH OR MORE: 0
MIN 0 OR BELOW: 0 1.00 INCH OR MORE: 0
[HDD (BASE 65) ]
TOTAL THIS MO. 0 CLEAR (SCALE 0-3) 31
DPTR FM NORMAL 0 PTCLDY (SCALE 4-7) 0
TOTAL FM JUL 1 0 CLOUDY (SCALE 8-10) 0
DPTR FM NORMAL 0
[CDD (BASE 65) ]
TOTAL THIS MO. 536
DPTR FM NORMAL 0 [PRESSURE DATA]
TOTAL FM JAN 1 1087 HIGHEST SLP M ON M
DPTR FM NORMAL 21 LOWEST SLP 29.75 ON 21
[REMARKS]
#FINAL-07-20#