000
CXUS56 KPDT 011810
CF6YKM
PRELIMINARY LOCAL CLIMATOLOGICAL DATA (WS FORM: F-6)
STATION: YAKIMA WA
MONTH: APRIL
YEAR: 2021
LATITUDE: 46 34 N
LONGITUDE: 120 32 W
TEMPERATURE IN F: :PCPN: SNOW: WIND :SUNSHINE: SKY :PK WND
================================================================================
1 2 3 4 5 6A 6B 7 8 9 10 11 12 13 14 15 16 17 18
12Z AVG MX 2MIN
DY MAX MIN AVG DEP HDD CDD WTR SNW DPTH SPD SPD DIR MIN PSBL S-S WX SPD DR
================================================================================
1 72 29 51 5 14 0 0.00 M M 7.7 21 230 M M 0 29 220
2 70 35 53 6 12 0 0.00 M M 5.2 17 340 M M 0 22 340
3 68 38 53 6 12 0 0.00 M M 5.8 13 140 M M 0 19 130
4 61 37 49 2 16 0 0.00 M M 9.9 24 320 M M 2 33 320
5 63 33 48 1 17 0 0.00 M M 5.9 16 330 M M 1 22 320
6 68 27 48 1 17 0 0.00 M M 4.6 12 260 M M 0 13 170
7 58 31 45 -2 20 0 0.00 M M 5.5 24 310 M M 2 34 310
8 57 28 43 -5 22 0 0.00 M M 10.8 23 270 M M 1 35 280
9 63 23 43 -5 22 0 0.00 M M 5.8 22 290 M M 1 27 300
10 52 32 42 -6 23 0 T M M 15.5 37 270 M M 6 8 46 270
11 56 21 39 -9 26 0 0.00 M M 5.3 10 300 M M 0 16 130
12 60 24 42 -6 23 0 0.00 M M 9.2 20 70 M M 2 7 28 20
13 62 37 50 2 15 0 0.00 M M 14.2 29 20 M M 1 41 30
14 70 34 52 3 13 0 0.00 M M 10.8 26 40 M M 1 37 40
15 74 36 55 6 10 0 0.00 M M 9.3 23 50 M M 0 30 40
16 76 35 56 7 9 0 0.00 M M 9.2 18 40 M M 0 28 30
17 79 32 56 7 9 0 0.00 M M 5.6 13 260 M M 0 16 180
18 85 35 60 11 5 0 0.00 M M 7.6 20 320 M M 0 31 300
19 64 35 50 0 15 0 0.00 M M 6.7 16 20 M M 1 8 23 10
20 68 30 49 -1 16 0 0.00 M M 7.5 15 70 M M 0 22 60
21 75 32 54 4 11 0 0.00 M M 6.7 17 340 M M 0 23 330
22 75 46 61 11 4 0 0.00 M M 7.8 26 320 M M 1 37 320
23 67 35 51 1 14 0 0.00 M M 6.3 16 320 M M 3 23 90
24 59 47 53 2 12 0 0.01 M M 2.9 12 20 M M 7 15 340
25 63 33 48 -3 17 0 0.03 M M 5.1 25 270 M M 4 32 270
26 68 31 50 -1 15 0 0.00 M M 7.4 23 330 M M 1 32 330
27 71 33 52 0 13 0 0.00 M M 6.0 14 310 M M 0 21 180
28 74 47 61 9 4 0 0.00 M M 3.5 10 250 M M 0 15 130
29 85 52 69 17 0 4 0.00 M M 6.8 17 240 M M 0 23 230
30 79 50 65 13 0 0 T M M 7.6 25 290 M M 2 34 290
================================================================================
SM 2042 1038 406 4 0.04 M 222.2 M 36
================================================================================
AV 68.1 34.6 7.4 FASTST M M 1 MAX(MPH)
MISC ----> 37 270 46 270
================================================================================
NOTES:
# LAST OF SEVERAL OCCURRENCES
COLUMN 17 PEAK WIND IN M.P.H.
PRELIMINARY LOCAL CLIMATOLOGICAL DATA (WS FORM: F-6) , PAGE 2
STATION: YAKIMA WA
MONTH: APRIL
YEAR: 2021
LATITUDE: 46 34 N
LONGITUDE: 120 32 W
[TEMPERATURE DATA] [PRECIPITATION DATA] SYMBOLS USED IN COLUMN 16
AVERAGE MONTHLY: 51.3 TOTAL FOR MONTH: 0.04 1 = FOG OR MIST
DPTR FM NORMAL: 2.2 DPTR FM NORMAL: -0.51 2 = FOG REDUCING VISIBILITY
HIGHEST: 85 ON 29,18 GRTST 24HR 0.03 ON 25-25 TO 1/4 MILE OR LESS
LOWEST: 21 ON 11 3 = THUNDER
SNOW, ICE PELLETS, HAIL 4 = ICE PELLETS
TOTAL MONTH: M 5 = HAIL
GRTST 24HR M ON M 6 = FREEZING RAIN OR DRIZZLE
GRTST DEPTH: M ON M 7 = DUSTSTORM OR SANDSTORM:
VSBY 1/2 MILE OR LESS
8 = SMOKE OR HAZE
[NO. OF DAYS WITH] [WEATHER - DAYS WITH] 9 = BLOWING SNOW
X = TORNADO
MAX 32 OR BELOW: 0 0.01 INCH OR MORE: 2
MAX 90 OR ABOVE: 0 0.10 INCH OR MORE: 0
MIN 32 OR BELOW: 12 0.50 INCH OR MORE: 0
MIN 0 OR BELOW: 0 1.00 INCH OR MORE: 0
[HDD (BASE 65) ]
TOTAL THIS MO. 406 CLEAR (SCALE 0-3) 27
DPTR FM NORMAL -71 PTCLDY (SCALE 4-7) 3
TOTAL FM JUL 1 5041 CLOUDY (SCALE 8-10) 0
DPTR FM NORMAL -665
[CDD (BASE 65) ]
TOTAL THIS MO. 4
DPTR FM NORMAL 4 [PRESSURE DATA]
TOTAL FM JAN 1 4 HIGHEST SLP 30.40 ON 19
DPTR FM NORMAL 4 LOWEST SLP 29.62 ON 25
[REMARKS]
#FINAL-04-21#