000
CXUS54 KLCH 240831
CF6ARA
PRELIMINARY LOCAL CLIMATOLOGICAL DATA (WS FORM: F-6)

                                          STATION:   NEW IBERIA
                                          MONTH:     APRIL
                                          YEAR:      2018
                                          LATITUDE:   30  1 N
                                          LONGITUDE:  91 53 W

  TEMPERATURE IN F:       :PCPN:    SNOW:  WIND      :SUNSHINE: SKY     :PK WND
================================================================================
1   2   3   4   5  6A  6B    7    8   9   10  11  12  13   14  15   16   17  18
                                     12Z  AVG MX 2MIN
DY MAX MIN AVG DEP HDD CDD  WTR  SNW DPTH SPD SPD DIR MIN PSBL S-S WX    SPD DR
================================================================================

 1  78  57  68   3   0   3 0.00  0.0    0  7.3 17 200   M    M   3 1      22 190
 2  82  61  72   7   0   7 0.00  0.0    0  9.2 20 170   M    M   3 12     24 150
 3  84  65  75  10   0  10    T  0.0    0 12.2 25 190   M    M   6 123    34 190
 4  72  54  63  -2   2   0 0.37  0.0    0 14.7 32 360   M    M   4 13     40 350
 5  71  48  60  -6   5   0    T    M    0  8.2 15 140   M    M   2        18 140
 6  79  58  69   3   0   4    T  0.0    0 11.8 24 200   M    M   7        31 170
 7  71  45  58  -8   7   0 0.74    M    0 11.1 30 290   M    M   9 13     39 290
 8  56  45  51 -15  14   0    T    M    0  8.2 20  30   M    M  10 18     26  40
 9  68  55  62  -4   3   0    T  0.0    0  8.8 21 360   M    M  10 1      24 360
10  75  51  63  -4   2   0 0.00  0.0    0 10.9 21 360   M    M   2        27 350
11  76  46  61  -6   4   0    T    M    0  6.3 14 200   M    M   0        20  70
12  78  50  64  -3   1   0    T  0.0    0 11.3 21 160   M    M   1 1      32 140
13  83  67  75   8   0  10 0.00  0.0    0 19.7 30 150   M    M   9        40 160
14  75  51  63  -5   2   0 2.02  0.0    0 11.7 32 320   M    M   9 13     38 320
15  63  47  55 -13  10   0    T    M    0 10.5 24 320   M    M   0        30 310
16  72  42  57 -11   8   0 0.00  0.0    0  5.1 14 320   M    M   0        21 330
17  78  49  64  -4   1   0 0.00  0.0    0  9.3 21 210   M    M   0        27 210
18  81  63  72   4   0   7 0.00  0.0    0  9.5 18 230   M    M   4 1      22 220
19  76  56  66  -3   0   1 0.00  0.0    0 11.1 18  30   M    M   3 12     24  30
20  71  49  60  -9   5   0 0.00  0.0    0  9.0 20  30   M    M   0        26  70
21  79  54  67  -2   0   2 0.00  0.0    0  8.7 22 120   M    M   3        26 120
22  78  56  67  -3   0   2 0.45  0.0    0 12.6 26 180   M    M   5 13     33 170
23  77  51  64  -6   1   0 0.00  0.0    0  7.2 17 300   M    M   3 1      27 320
================================================================================
SM 1723 1220        65  46  3.58     0.0 234.4          M       93
================================================================================
AV 74.9 53.0                              10.2 FASTST   M    M   4    MAX(MPH)
                                 MISC ---->  # 32 360               # 40  350
================================================================================
NOTES:
# LAST OF SEVERAL OCCURRENCES

COLUMN 17 PEAK WIND IN M.P.H.

PRELIMINARY LOCAL CLIMATOLOGICAL DATA (WS FORM: F-6) , PAGE 2

                                          STATION:  NEW IBERIA
                                          MONTH:    APRIL
                                          YEAR:     2018
                                          LATITUDE:   30  1 N
                                          LONGITUDE:  91 53 W

[TEMPERATURE DATA]      [PRECIPITATION DATA]       SYMBOLS USED IN COLUMN 16

AVERAGE MONTHLY: 64.0   TOTAL FOR MONTH:   3.58    1 = FOG OR MIST
DPTR FM NORMAL:  -3.2   DPTR FM NORMAL:    0.23    2 = FOG REDUCING VISIBILITY
HIGHEST:    84 ON  3    GRTST 24HR  2.02 ON 14-14      TO 1/4 MILE OR LESS
LOWEST:     42 ON 16                               3 = THUNDER
                        SNOW, ICE PELLETS, HAIL    4 = ICE PELLETS
                        TOTAL MONTH:   0.0 INCH    5 = HAIL
                        GRTST 24HR     0.0         6 = FREEZING RAIN OR DRIZZLE
                        GRTST DEPTH:   0           7 = DUSTSTORM OR SANDSTORM:
                                                       VSBY 1/2 MILE OR LESS
                                                   8 = SMOKE OR HAZE
[NO. OF DAYS WITH]      [WEATHER - DAYS WITH]      9 = BLOWING SNOW
                                                   X = TORNADO
MAX 32 OR BELOW:   0    0.01 INCH OR MORE:   4
MAX 90 OR ABOVE:   0    0.10 INCH OR MORE:   4
MIN 32 OR BELOW:   0    0.50 INCH OR MORE:   2
MIN  0 OR BELOW:   0    1.00 INCH OR MORE:   1

[HDD (BASE 65) ]
TOTAL THIS MO.    65    CLEAR  (SCALE 0-3)  11
DPTR FM NORMAL    22    PTCLDY (SCALE 4-7)   7
TOTAL FM JUL 1  1358    CLOUDY (SCALE 8-10)  5
DPTR FM NORMAL   -49

[CDD (BASE 65) ]
TOTAL THIS MO.    46
DPTR FM NORMAL   -45    [PRESSURE DATA]
TOTAL FM JAN 1   260    HIGHEST SLP M ON M
DPTR FM NORMAL    86    LOWEST  SLP 29.73 ON 14

[REMARKS]
