000
CXUS53 KARX 250930
CF6ARX
PRELIMINARY LOCAL CLIMATOLOGICAL DATA (WS FORM: F-6)

                                          STATION:   La Crosse Weather Office WI
                                          MONTH:     MAY
                                          YEAR:      2018
                                          LATITUDE:   43 49 N
                                          LONGITUDE:  91 12 W

  TEMPERATURE IN F:       :PCPN:    SNOW:  WIND      :SUNSHINE: SKY     :PK WND
================================================================================
1   2   3   4   5  6A  6B    7    8   9   10  11  12  13   14  15   16   17  18
                                     12Z  AVG MX 2MIN
DY MAX MIN AVG DEP HDD CDD  WTR  SNW DPTH SPD SPD DIR MIN PSBL S-S WX    SPD DR
================================================================================

 1  77  58  68  16   0   3 1.63    T    0   M   M   M   M    M   M 35     33 200
 2  67  54  61   8   4   0 0.37  0.0    0   M   M   M   M    M   M 3      22 150
 3  73  52  63  10   2   0 1.06  0.0    0   M   M   M   M    M   M 3      22  M
 4  76  50  63  10   2   0 0.29  0.0    0   M   M   M   M    M   M 1      24  M
 5  81  54  68  14   0   3 0.16  0.0    0   M   M   M   M    M   M 3      31  M
 6  74  50  62   8   3   0 0.00  0.0    0   M   M   M   M    M   M        22  M
 7  82  52  67  13   0   2 0.00  0.0    0   M   M   M   M    M   M        22  M
 8  80  61  71  16   0   6 0.02  0.0    0   M   M   M   M    M   M        26  M
 9  64  52  58   3   7   0 0.71  0.0    0   M   M   M   M    M   M 3      27  M
10  64  50  57   2   8   0    T  0.0    0   M   M   M   M    M   M        22 330
11  51  34  43 -12  22   0 1.19  0.0    0   M   M   M   M    M   M 1      25  70
12  60  40  50  -6  15   0 0.32  0.0    0   M   M   M   M    M   M        20  60
13  63  42  53  -3  12   0 0.00  0.0    0   M   M   M   M    M   M        13 100
14  67  52  60   4   5   0 0.15  0.0    0   M   M   M   M    M   M 1      24  M
15  78  55  67  11   0   2 0.00  0.0    0   M   M   M   M    M   M 12     18  M
16  82  55  69  12   0   4 0.00  0.0    0   M   M   M   M    M   M        16  M
17  81  53  67  10   0   2 0.00  0.0    0   M   M   M   M    M   M        21  M
18  81  48  65   8   0   0 0.00  0.0    0   M   M   M   M    M   M        21  M
19  74  49  62   4   3   0    T  0.0    0   M   M   M   M    M   M        19  M
20  61  44  53  -5  12   0 0.58  0.0    0   M   M   M   M    M   M        21  M
21  55  48  52  -6  13   0 0.52  0.0    0   M   M   M   M    M   M        21  M
22  66  52  59   1   6   0 0.02  0.0    0   M   M   M   M    M   M 1      16  M
23  80  55  68   9   0   3 0.00  0.0    0   M   M   M   M    M   M        18  M
24  85  65  75  16   0  10 0.00  0.0    0   M   M   M   M    M   M        24  M
================================================================================
SM 1722 1225       114  35  7.02    T        M          M        M
================================================================================
AV 71.8 51.0                                 M FASTST   M    M   5    MAX(MPH)
                                 MISC ---->     M   M               # 33  200
================================================================================
NOTES:
# LAST OF SEVERAL OCCURRENCES

COLUMN 17 PEAK WIND IN M.P.H.

PRELIMINARY LOCAL CLIMATOLOGICAL DATA (WS FORM: F-6) , PAGE 2

                                          STATION:  La Crosse Weather Office WI
                                          MONTH:    MAY
                                          YEAR:     2018
                                          LATITUDE:   43 49 N
                                          LONGITUDE:  91 12 W

[TEMPERATURE DATA]      [PRECIPITATION DATA]       SYMBOLS USED IN COLUMN 16

AVERAGE MONTHLY: 61.4   TOTAL FOR MONTH:   7.02    1 = FOG OR MIST
DPTR FM NORMAL:   5.6   DPTR FM NORMAL:    3.99    2 = FOG REDUCING VISIBILITY
HIGHEST:    85 ON 24    GRTST 24HR  1.63 ON  1- 1      TO 1/4 MILE OR LESS
LOWEST:     34 ON 11                               3 = THUNDER
                        SNOW, ICE PELLETS, HAIL    4 = ICE PELLETS
                        TOTAL MONTH:    T          5 = HAIL
                        GRTST 24HR    T  ON  1- 1  6 = FREEZING RAIN OR DRIZZLE
                        GRTST DEPTH:   0           7 = DUSTSTORM OR SANDSTORM:
                                                       VSBY 1/2 MILE OR LESS
                                                   8 = SMOKE OR HAZE
[NO. OF DAYS WITH]      [WEATHER - DAYS WITH]      9 = BLOWING SNOW
                                                   X = TORNADO
MAX 32 OR BELOW:   0    0.01 INCH OR MORE:  13
MAX 90 OR ABOVE:   0    0.10 INCH OR MORE:  11
MIN 32 OR BELOW:   0    0.50 INCH OR MORE:   6
MIN  0 OR BELOW:   0    1.00 INCH OR MORE:   3

[HDD (BASE 65) ]
TOTAL THIS MO.   114    CLEAR  (SCALE 0-3)   0
DPTR FM NORMAL  -116    PTCLDY (SCALE 4-7)   0
TOTAL FM JUL 1  7605    CLOUDY (SCALE 8-10)  0
DPTR FM NORMAL   -16

[CDD (BASE 65) ]
TOTAL THIS MO.    35
DPTR FM NORMAL    28    [PRESSURE DATA]
TOTAL FM JAN 1    36    HIGHEST SLP M ON M
DPTR FM NORMAL    28    LOWEST  SLP M ON M

[REMARKS]
