000
CXUS53 KILX 250900
CF6BMI
PRELIMINARY LOCAL CLIMATOLOGICAL DATA (WS FORM: F-6)

                                          STATION:   BLOOMINGTON IL AIRPORT
                                          MONTH:     APRIL
                                          YEAR:      2018
                                          LATITUDE:   40 28 N
                                          LONGITUDE:  88 56 W

  TEMPERATURE IN F:       :PCPN:    SNOW:  WIND      :SUNSHINE: SKY     :PK WND
================================================================================
1   2   3   4   5  6A  6B    7    8   9   10  11  12  13   14  15   16   17  18
                                     12Z  AVG MX 2MIN
DY MAX MIN AVG DEP HDD CDD  WTR  SNW DPTH SPD SPD DIR MIN PSBL S-S WX    SPD DR
================================================================================

 1  32  18  25   M  40   0 0.08    M    M 10.1 17 340   M    M   6 1      22 330
 2  39   6  23   M  42   0 0.01    M    M  9.7 17 140   M    M   5 12     22 130
 3  49  33  41   M  24   0 0.26    M    M 15.0 30 290   M    M  10 123    47 290
 4  36  25  31   M  34   0    T    M    M 16.2 29 280   M    M   7        43 280
 5  48  25  37   M  28   0 0.02    M    M  8.4 18 170   M    M   7        21 160
 6  42  24  33   M  32   0 0.00    M    M 15.5 22 310   M    M   7        36 330
 7  39  18  29   M  36   0 0.00    M    M 11.0 17 320   M    M   0        22 300
 8  40  21  31   M  34   0    M    M    M  6.7 10 340   M    M   4 1       M  M
 9  39  29  34   M  31   0    T    M    M  6.8 13 350   M    M  10 1       M  M
10  44  26  35   M  30   0 0.00    M    M  8.1 15 260   M    M   6 1      23 240
11  67  32  50   M  15   0 0.00    M    M 16.9 23 190   M    M   1        31 190
12  79  53  66   M   0   1 0.00    M    M 17.5 23 230   M    M   0        35 230
13  71  56  64   M   1   0 0.32    M    M 21.2 33 190   M    M   5 13     45 200
14  63  42  53   M  12   0 0.43    M    M 14.4 22  60   M    M  10 12     31  60
15  45  31  38   M  27   0 0.03    M    M 15.1 22 240   M    M  10 12     27 240
16  34  26  30   M  35   0    T    M    M 18.1 27 300   M    M  10 1      33 290
17  50  26  38   M  27   0    T    M    M 11.2 17 310   M    M   3        16 250
18  45  31  38   M  27   0    T    M    M 17.7 28 100   M    M   9 1      33 100
19  55  32  44   M  21   0    T    M    M 12.6 17 330   M    M   4        25 320
20  62  29  46   M  19   0 0.00    M    M  7.3 13  80   M    M   0        17  80
21  63  38  51   M  14   0 0.00    M    M 12.0 21  70   M    M   1        27  70
22  67  43  55   M  10   0 0.00    M    M 15.7 24  70   M    M   3        32  60
23  70  43  57   M   8   0 0.23    M    M 13.6 20  70   M    M   6 1      25  70
24  70  50  60   M   5   0    T    M    M  9.5 14  40   M    M   5 12     20 360
================================================================================
SM 1249  757       552   1  1.38    M    310.3          M      129
================================================================================
AV 52.0 31.5                              12.9 FASTST   M    M   5    MAX(MPH)
                                 MISC ---->  # 33 190               # 47  290
================================================================================
NOTES:
# LAST OF SEVERAL OCCURRENCES

COLUMN 17 PEAK WIND IN M.P.H.

PRELIMINARY LOCAL CLIMATOLOGICAL DATA (WS FORM: F-6) , PAGE 2

                                          STATION:  BLOOMINGTON IL AIRPORT
                                          MONTH:    APRIL
                                          YEAR:     2018
                                          LATITUDE:   40 28 N
                                          LONGITUDE:  88 56 W

[TEMPERATURE DATA]      [PRECIPITATION DATA]       SYMBOLS USED IN COLUMN 16

AVERAGE MONTHLY: 41.8   TOTAL FOR MONTH:   1.38    1 = FOG OR MIST
DPTR FM NORMAL:     M   DPTR FM NORMAL:       M    2 = FOG REDUCING VISIBILITY
HIGHEST:    79 ON 12    GRTST 24HR  0.43 ON 14-14      TO 1/4 MILE OR LESS
LOWEST:      6 ON  2                               3 = THUNDER
                        SNOW, ICE PELLETS, HAIL    4 = ICE PELLETS
                        TOTAL MONTH:    M          5 = HAIL
                        GRTST 24HR    M  ON   M    6 = FREEZING RAIN OR DRIZZLE
                        GRTST DEPTH:  M  ON   M    7 = DUSTSTORM OR SANDSTORM:
                                                       VSBY 1/2 MILE OR LESS
                                                   8 = SMOKE OR HAZE
[NO. OF DAYS WITH]      [WEATHER - DAYS WITH]      9 = BLOWING SNOW
                                                   X = TORNADO
MAX 32 OR BELOW:   1    0.01 INCH OR MORE:   8
MAX 90 OR ABOVE:   0    0.10 INCH OR MORE:   4
MIN 32 OR BELOW:  16    0.50 INCH OR MORE:   0
MIN  0 OR BELOW:   0    1.00 INCH OR MORE:   0

[HDD (BASE 65) ]
TOTAL THIS MO.   552    CLEAR  (SCALE 0-3)   7
DPTR FM NORMAL     M    PTCLDY (SCALE 4-7)  11
TOTAL FM JUL 1  5781    CLOUDY (SCALE 8-10)  6
DPTR FM NORMAL     M

[CDD (BASE 65) ]
TOTAL THIS MO.     1
DPTR FM NORMAL     M    [PRESSURE DATA]
TOTAL FM JAN 1     1    HIGHEST SLP M ON M
DPTR FM NORMAL     M    LOWEST  SLP M ON M

[REMARKS]
