000
CXUS55 KBOI 211002
CF6BOI
PRELIMINARY LOCAL CLIMATOLOGICAL DATA (WS FORM: F-6)

                                          STATION:   BOISE ID
                                          MONTH:     APRIL
                                          YEAR:      2018
                                          LATITUDE:   43 34 N
                                          LONGITUDE: 116 13 W

  TEMPERATURE IN F:       :PCPN:    SNOW:  WIND      :SUNSHINE: SKY     :PK WND
================================================================================
1   2   3   4   5  6A  6B    7    8   9   10  11  12  13   14  15   16   17  18
                                     12Z  AVG MX 2MIN
DY MAX MIN AVG DEP HDD CDD  WTR  SNW DPTH SPD SPD DIR MIN PSBL S-S WX    SPD DR
================================================================================

 1  60  35  48   0  17   0    T  0.0    0  3.7 18 290   M    M   4        27 290
 2  55  30  43  -5  22   0 0.03    T    0 16.9 33 340   M    M   5        49 340
 3  53  29  41  -7  24   0 0.00  0.0    0 11.0 18 140   M    M   1        26 150
 4  62  42  52   4  13   0    T  0.0    0  4.4 14 120   M    M   8        18 120
 5  61  48  55   6  10   0 0.09  0.0    0  2.4 12 120   M    M  10 1      14 130
 6  59  48  54   5  11   0 0.14  0.0    0  2.9  9 320   M    M   8 1      14 310
 7  65  50  58   9   7   0 0.28  0.0    0 14.4 40 300   M    M   8 13     55 300
 8  55  40  48  -1  17   0 0.01  0.0    0  7.8 25 300   M    M   9        34 290
 9  62  34  48  -1  17   0 0.00  0.0    0  5.4 14 140   M    M   0        19 140
10  70  45  58   8   7   0    T  0.0    0 10.6 22 140   M    M   3        28 140
11  64  43  54   4  11   0    T  0.0    0  7.5 26 250   M    M   4        35 260
12  52  33  43  -7  22   0 0.19  0.2    0 14.7 30 310   M    M   9 1      38 290
13  54  34  44  -6  21   0 0.00  0.0    0  6.7 15  10   M    M   6        22 340
14  61  45  53   3  12   0 0.01  0.0    0  6.7 16 130   M    M   4        22 120
15  69  46  58   8   7   0 0.00  0.0    0 11.1 23 330   M    M   6        34 150
16  56  39  48  -3  17   0 0.23    T    0  6.9 29 310   M    M   6 1      39 300
17  53  32  43  -8  22   0 0.00  0.0    0  8.0 21 290   M    M   5        28 300
18  63  36  50  -1  15   0 0.00  0.0    0 11.5 22 110   M    M   3        29 160
19  68  42  55   4  10   0 0.00  0.0    0 11.4 28 320   M    M   3        37 320
20  69  40  55   3  10   0 0.00  0.0    0 11.4 24 300   M    M   0        33 310
================================================================================
SM 1211  791       292   0  0.98     0.2 175.4          M      102
================================================================================
AV 60.6 39.6                               8.8 FASTST   M    M   5    MAX(MPH)
                                 MISC ---->  # 40 300               # 55  300
================================================================================
NOTES:
# LAST OF SEVERAL OCCURRENCES

COLUMN 17 PEAK WIND IN M.P.H.

PRELIMINARY LOCAL CLIMATOLOGICAL DATA (WS FORM: F-6) , PAGE 2

                                          STATION:  BOISE ID
                                          MONTH:    APRIL
                                          YEAR:     2018
                                          LATITUDE:   43 34 N
                                          LONGITUDE: 116 13 W

[TEMPERATURE DATA]      [PRECIPITATION DATA]       SYMBOLS USED IN COLUMN 16

AVERAGE MONTHLY: 50.1   TOTAL FOR MONTH:   0.98    1 = FOG OR MIST
DPTR FM NORMAL:   0.4   DPTR FM NORMAL:    0.17    2 = FOG REDUCING VISIBILITY
HIGHEST:    70 ON 10    GRTST 24HR  0.28 ON  7- 7      TO 1/4 MILE OR LESS
LOWEST:     29 ON  3                               3 = THUNDER
                        SNOW, ICE PELLETS, HAIL    4 = ICE PELLETS
                        TOTAL MONTH:   0.2 INCH    5 = HAIL
                        GRTST 24HR   0.2 ON 12-12  6 = FREEZING RAIN OR DRIZZLE
                        GRTST DEPTH:   0           7 = DUSTSTORM OR SANDSTORM:
                                                       VSBY 1/2 MILE OR LESS
                                                   8 = SMOKE OR HAZE
[NO. OF DAYS WITH]      [WEATHER - DAYS WITH]      9 = BLOWING SNOW
                                                   X = TORNADO
MAX 32 OR BELOW:   0    0.01 INCH OR MORE:   8
MAX 90 OR ABOVE:   0    0.10 INCH OR MORE:   4
MIN 32 OR BELOW:   3    0.50 INCH OR MORE:   0
MIN  0 OR BELOW:   0    1.00 INCH OR MORE:   0

[HDD (BASE 65) ]
TOTAL THIS MO.   292    CLEAR  (SCALE 0-3)   5
DPTR FM NORMAL   -16    PTCLDY (SCALE 4-7)  12
TOTAL FM JUL 1  4933    CLOUDY (SCALE 8-10)  3
DPTR FM NORMAL  -170

[CDD (BASE 65) ]
TOTAL THIS MO.     0
DPTR FM NORMAL     0    [PRESSURE DATA]
TOTAL FM JAN 1     0    HIGHEST SLP M ON M
DPTR FM NORMAL     0    LOWEST  SLP 29.42 ON 15

[REMARKS]
