000
CXUS54 KMAF 271110
CF6BPG
PRELIMINARY LOCAL CLIMATOLOGICAL DATA (WS FORM: F-6)
STATION: BIG SPRING MCMAHON-WRINKLE FI
MONTH: MARCH
YEAR: 2024
LATITUDE: 32 12 N
LONGITUDE: 101 31 W
TEMPERATURE IN F: :PCPN: SNOW: WIND :SUNSHINE: SKY :PK WND
================================================================================
1 2 3 4 5 6A 6B 7 8 9 10 11 12 13 14 15 16 17 18
12Z AVG MX 2MIN
DY MAX MIN AVG DEP HDD CDD WTR SNW DPTH SPD SPD DIR MIN PSBL S-S WX SPD DR
================================================================================
1 76 37 57 M 8 0 M M M 11.9 20 240 M M 0 24 220
2 80 43 62 M 3 0 M M M 13.2 23 230 M M 0 28 250
3 79 48 64 M 1 0 M M M 15.6 26 210 M M 0 31 210
4 80 47 64 M 1 0 M M M 11.6 17 270 M M 0 1 25 300
5 78 39 59 M 6 0 M M M 7.5 20 80 M M 0 M M
6 80 42 61 M 4 0 M M M 7.2 21 80 M M 1 18 170
7 71 53 62 M 3 0 M M M 8.5 15 160 M M 2 3 21 150
8 57 42 50 M 15 0 M M M 12.2 22 360 M M 7 25 360
9 55 38 47 M 18 0 M M M 10.0 18 360 M M 6 17 20
10 65 32 49 M 16 0 M M M 6.5 12 220 M M 1 17 240
11 74 40 57 M 8 0 M M M 10.5 15 170 M M 0 25 160
12 81 54 68 M 0 3 M M M 13.4 18 190 M M 0 25 220
13 83 52 68 M 0 3 M M M 13.2 26 240 M M 0 37 240
14 81 43 62 M 3 0 M M M 9.6 18 80 M M 0 22 80
15 62 46 54 M 11 0 0.12 M M 22.6 38 40 M M 8 13 46 40
16 53 48 51 M 14 0 0.08 M M 10.0 15 50 M M 10 1 21 50
17 51 49 50 M 15 0 0.02 M M 9.6 13 30 M M 10 1 M M
18 64 41 53 M 12 0 M M M 7.7 12 100 M M 2 18 70
19 69 43 56 M 9 0 M M M 10.5 18 200 M M 3 25 190
20 75 45 60 M 5 0 0.02 M M 9.1 15 160 M M 2 23 170
21 73 50 62 M 3 0 M M M 6.5 15 90 M M 3 1 17 240
22 81 42 62 M 3 0 M M M 7.8 17 60 M M 0 24 60
23 75 46 61 M 4 0 M M M 15.2 25 160 M M 1 39 150
24 81 56 69 M 0 4 M M M 23.0 36 270 M M 5 8 46 270
25 64 42 53 M 12 0 M M M 16.0 26 260 M M 2 36 260
26 64 31 48 M 17 0 M M M 5.5 12 140 M M 2 36 220
================================================================================
SM 1852 1149 191 10 0.24 M 294.4 M 65
================================================================================
AV 71.2 44.2 11.3 FASTST M M 3 MAX(MPH)
MISC ----> 38 40 # 46 40
================================================================================
NOTES:
# LAST OF SEVERAL OCCURRENCES
COLUMN 17 PEAK WIND IN M.P.H.
PRELIMINARY LOCAL CLIMATOLOGICAL DATA (WS FORM: F-6) , PAGE 2
STATION: BIG SPRING MCMAHON-WRINKLE FI
MONTH: MARCH
YEAR: 2024
LATITUDE: 32 12 N
LONGITUDE: 101 31 W
[TEMPERATURE DATA] [PRECIPITATION DATA] SYMBOLS USED IN COLUMN 16
AVERAGE MONTHLY: 57.7 TOTAL FOR MONTH: 0.24 1 = FOG OR MIST
DPTR FM NORMAL: 0.0 DPTR FM NORMAL: 0.24 2 = FOG REDUCING VISIBILITY
HIGHEST: 83 ON 13 GRTST 24HR 0.12 ON 15-15 TO 1/4 MILE OR LESS
LOWEST: 31 ON 26 3 = THUNDER
SNOW, ICE PELLETS, HAIL 4 = ICE PELLETS
TOTAL MONTH: M 5 = HAIL
GRTST 24HR M ON M 6 = FREEZING RAIN OR DRIZZLE
GRTST DEPTH: M ON M 7 = DUSTSTORM OR SANDSTORM:
VSBY 1/2 MILE OR LESS
8 = SMOKE OR HAZE
[NO. OF DAYS WITH] [WEATHER - DAYS WITH] 9 = BLOWING SNOW
X = TORNADO
MAX 32 OR BELOW: 0 0.01 INCH OR MORE: 4
MAX 90 OR ABOVE: 0 0.10 INCH OR MORE: 1
MIN 32 OR BELOW: 2 0.50 INCH OR MORE: 0
MIN 0 OR BELOW: 0 1.00 INCH OR MORE: 0
[HDD (BASE 65) ]
TOTAL THIS MO. 191 CLEAR (SCALE 0-3) 19
DPTR FM NORMAL M PTCLDY (SCALE 4-7) 5
TOTAL FM JUL 1 2131 CLOUDY (SCALE 8-10) 2
DPTR FM NORMAL M
[CDD (BASE 65) ]
TOTAL THIS MO. 10
DPTR FM NORMAL M [PRESSURE DATA]
TOTAL FM JAN 1 18 HIGHEST SLP M ON M
DPTR FM NORMAL M LOWEST SLP M ON M
[REMARKS]