000
CXUS55 KRIW 220945
CF6BYG
PRELIMINARY LOCAL CLIMATOLOGICAL DATA (WS FORM: F-6)

                                          STATION:   BUFFALO WY
                                          MONTH:     APRIL
                                          YEAR:      2018
                                          LATITUDE:   44 22 N
                                          LONGITUDE: 106 43 W

  TEMPERATURE IN F:       :PCPN:    SNOW:  WIND      :SUNSHINE: SKY     :PK WND
================================================================================
1   2   3   4   5  6A  6B    7    8   9   10  11  12  13   14  15   16   17  18
                                     12Z  AVG MX 2MIN
DY MAX MIN AVG DEP HDD CDD  WTR  SNW DPTH SPD SPD DIR MIN PSBL S-S WX    SPD DR
================================================================================

 1  51  10  31  -8  34   0 0.00  0.0    M 10.0 18 150   M    M   0        23 150
 2  34  14  24 -15  41   0 0.19    M    M 16.0 38 330   M    M   9 129    48 340
 3  32   4  18 -21  47   0    T    M    M  8.5 30 350   M    M   4 18     39 350
 4  44  20  32  -8  33   0 0.00    M    M  5.5 13 350   M    M   2        17  10
 5  35  18  27 -13  38   0 0.13    M    M 11.3 25 350   M    M  10 12     29 340
 6  26  13  20 -20  45   0 0.02    M    M  9.5 17 160   M    M  10 18     22 160
 7  47  15  31  -9  34   0 0.00    M    M 10.3 44 350   M    M   1 1      57 340
 8  48  31  40  -1  25   0    T    M    M 13.8 35 320   M    M   4        46 330
 9  50  29  40  -1  25   0    T    M    M  8.4 21 350   M    M   6 1      27 350
10  64  31  48   7  17   0 0.00    M    M  5.9 15 130   M    M   3        19 140
11  65  40  53  11  12   0    T    M    M 12.2 36 350   M    M   2        42 350
12  64  34  49   7  16   0 0.06    M    M 14.7 35 350   M    M   8 12     42 340
13  38  28  33  -9  32   0    T    M    M 23.0 38 340   M    M   7 1      48 340
14  54  24  39  -4  26   0    T    M    M  7.6 21 350   M    M   3        29 320
15  66  33  50   7  15   0 0.00  0.0    M 10.1 29 150   M    M   1        35 150
16  77  35  56  13   9   0 0.00  0.0    M 17.6 37 180   M    M   0        46 220
17  44  33  39  -5  26   0 0.01    M    M 19.6 32 330   M    M   7 1      44 330
18  51  32  42  -2  23   0 0.00  0.0    M  9.1 25 360   M    M   2        34 320
19  60  33  47   3  18   0 0.00    M    M 10.5 25 150   M    M   0        30 150
20  56  36  46   1  19   0 0.00    M    M  8.9 18 350   M    M   3        24 340
21  65  31  48   3  17   0 0.00    M    M  6.6 15 140   M    M   0 1      17 130
================================================================================
SM 1071  544       552   0  0.41     0.0 239.1          M       82
================================================================================
AV 51.0 25.9                              11.4 FASTST   M    M   4    MAX(MPH)
                                 MISC ---->  # 44 350               # 57  340
================================================================================
NOTES:
# LAST OF SEVERAL OCCURRENCES

COLUMN 17 PEAK WIND IN M.P.H.

PRELIMINARY LOCAL CLIMATOLOGICAL DATA (WS FORM: F-6) , PAGE 2

                                          STATION:  BUFFALO WY
                                          MONTH:    APRIL
                                          YEAR:     2018
                                          LATITUDE:   44 22 N
                                          LONGITUDE: 106 43 W

[TEMPERATURE DATA]      [PRECIPITATION DATA]       SYMBOLS USED IN COLUMN 16

AVERAGE MONTHLY: 38.5   TOTAL FOR MONTH:   0.41    1 = FOG OR MIST
DPTR FM NORMAL:  -3.3   DPTR FM NORMAL:   -0.29    2 = FOG REDUCING VISIBILITY
HIGHEST:    77 ON 16    GRTST 24HR  0.19 ON  2- 2      TO 1/4 MILE OR LESS
LOWEST:      4 ON  3                               3 = THUNDER
                        SNOW, ICE PELLETS, HAIL    4 = ICE PELLETS
                        TOTAL MONTH:   0.0 INCH    5 = HAIL
                        GRTST 24HR     0.0         6 = FREEZING RAIN OR DRIZZLE
                        GRTST DEPTH:  M  ON   M    7 = DUSTSTORM OR SANDSTORM:
                                                       VSBY 1/2 MILE OR LESS
                                                   8 = SMOKE OR HAZE
[NO. OF DAYS WITH]      [WEATHER - DAYS WITH]      9 = BLOWING SNOW
                                                   X = TORNADO
MAX 32 OR BELOW:   2    0.01 INCH OR MORE:   5
MAX 90 OR ABOVE:   0    0.10 INCH OR MORE:   2
MIN 32 OR BELOW:  14    0.50 INCH OR MORE:   0
MIN  0 OR BELOW:   0    1.00 INCH OR MORE:   0

[HDD (BASE 65) ]
TOTAL THIS MO.   552    CLEAR  (SCALE 0-3)  12
DPTR FM NORMAL    64    PTCLDY (SCALE 4-7)   5
TOTAL FM JUL 1  6622    CLOUDY (SCALE 8-10)  4
DPTR FM NORMAL   -56

[CDD (BASE 65) ]
TOTAL THIS MO.     0
DPTR FM NORMAL     0    [PRESSURE DATA]
TOTAL FM JAN 1     0    HIGHEST SLP M ON M
DPTR FM NORMAL     0    LOWEST  SLP 29.35 ON M

[REMARKS]
