000
CXUS55 KCAE 201400
CF6CAE
PRELIMINARY LOCAL CLIMATOLOGICAL DATA (WS FORM: F-6)

                                          STATION:   COLUMBIA METRO AIRPORT SC
                                          MONTH:     APRIL
                                          YEAR:      2018
                                          LATITUDE:   33 57 N
                                          LONGITUDE:  81  7 W

  TEMPERATURE IN F:       :PCPN:    SNOW:  WIND      :SUNSHINE: SKY     :PK WND
================================================================================
1   2   3   4   5  6A  6B    7    8   9   10  11  12  13   14  15   16   17  18
                                     12Z  AVG MX 2MIN
DY MAX MIN AVG DEP HDD CDD  WTR  SNW DPTH SPD SPD DIR MIN PSBL S-S WX    SPD DR
================================================================================

 1  81  43  62   2   3   0 0.00  0.0    0  3.5 13 240   M    M   5        18 200
 2  85  55  70  10   0   5 0.00  0.0    0  6.6 17 270   M    M   5        23 270
 3  87  52  70  10   0   5 0.00  0.0    0  7.2 20 190   M    M   2        25 240
 4  79  55  67   7   0   2 0.01  0.0    0 12.8 25 280   M    M   5        34 270
 5  68  42  55  -6  10   0 0.00  0.0    0  3.8 13  70   M    M   2        16  80
 6  78  41  60  -1   5   0 0.00  0.0    0  7.3 18 200   M    M   4 1      25 200
 7  68  44  56  -5   9   0 0.22  0.0    0  6.3 20  40   M    M  10 1      27  50
 8  59  41  50 -11  15   0 0.03  0.0    0  6.3 17  20   M    M   8 1      25  20
 9  56  47  52 -10  13   0 0.07  0.0    0  5.0 13  80   M    M  10 1      15 120
10  68  52  60  -2   5   0    T  0.0    0  3.8 15  70   M    M   6        21  30
11  70  46  58  -4   7   0 0.00  0.0    0  4.0 15 100   M    M   5 1      19 110
12  79  47  63   1   2   0 0.00  0.0    0  6.6 16 180   M    M   2        22 180
13  83  50  67   4   0   2 0.00  0.0    0  7.9 20 180   M    M   3        28 210
14  85  62  74  11   0   9 0.00  0.0    0  9.7 20 160   M    M   6 18     27 160
15  81  54  68   5   0   3 0.79  0.0    0 13.8 48 220   M    M  10 1238   74 190
16  59  45  52 -11  13   0 0.00  0.0    0 18.6 32 270   M    M   4        38 250
17  74  35  55  -9  10   0 0.00  0.0    0  9.8 23 250   M    M   0        30 270
18  88  53  71   7   0   6 0.00  0.0    0 12.8 25 240   M    M   1        34 240
19  82  55  69   5   0   4 0.00  0.0    0 14.4 31 270   M    M   1        39 270
================================================================================
SM 1430  919        92  36  1.12     0.0 160.2          M       89
================================================================================
AV 75.3 48.4                               8.4 FASTST   M    M   5    MAX(MPH)
                                 MISC ---->  # 48 220               # 74  190
================================================================================
NOTES:
# LAST OF SEVERAL OCCURRENCES

COLUMN 17 PEAK WIND IN M.P.H.

PRELIMINARY LOCAL CLIMATOLOGICAL DATA (WS FORM: F-6) , PAGE 2

                                          STATION:  COLUMBIA METRO AIRPORT SC
                                          MONTH:    APRIL
                                          YEAR:     2018
                                          LATITUDE:   33 57 N
                                          LONGITUDE:  81  7 W

[TEMPERATURE DATA]      [PRECIPITATION DATA]       SYMBOLS USED IN COLUMN 16

AVERAGE MONTHLY: 61.8   TOTAL FOR MONTH:   1.12    1 = FOG OR MIST
DPTR FM NORMAL:  -0.1   DPTR FM NORMAL:   -0.54    2 = FOG REDUCING VISIBILITY
HIGHEST:    88 ON 18    GRTST 24HR  0.79 ON 15-15      TO 1/4 MILE OR LESS
LOWEST:     35 ON 17                               3 = THUNDER
                        SNOW, ICE PELLETS, HAIL    4 = ICE PELLETS
                        TOTAL MONTH:   0.0 INCH    5 = HAIL
                        GRTST 24HR     0.0         6 = FREEZING RAIN OR DRIZZLE
                        GRTST DEPTH:   0           7 = DUSTSTORM OR SANDSTORM:
                                                       VSBY 1/2 MILE OR LESS
                                                   8 = SMOKE OR HAZE
[NO. OF DAYS WITH]      [WEATHER - DAYS WITH]      9 = BLOWING SNOW
                                                   X = TORNADO
MAX 32 OR BELOW:   0    0.01 INCH OR MORE:   5
MAX 90 OR ABOVE:   0    0.10 INCH OR MORE:   2
MIN 32 OR BELOW:   0    0.50 INCH OR MORE:   1
MIN  0 OR BELOW:   0    1.00 INCH OR MORE:   0

[HDD (BASE 65) ]
TOTAL THIS MO.    92    CLEAR  (SCALE 0-3)   7
DPTR FM NORMAL    -2    PTCLDY (SCALE 4-7)   8
TOTAL FM JUL 1  2155    CLOUDY (SCALE 8-10)  4
DPTR FM NORMAL  -348

[CDD (BASE 65) ]
TOTAL THIS MO.    36
DPTR FM NORMAL     0    [PRESSURE DATA]
TOTAL FM JAN 1   108    HIGHEST SLP M ON M
DPTR FM NORMAL    50    LOWEST  SLP 29.62 ON 15

[REMARKS]
