000
CXUS56 KEKA 271230
CF6CEC
PRELIMINARY LOCAL CLIMATOLOGICAL DATA (WS FORM: F-6)

                                          STATION:   CRESCENT CITY CA
                                          MONTH:     MAY
                                          YEAR:      2018
                                          LATITUDE:   41 46 N
                                          LONGITUDE: 124 14 W

  TEMPERATURE IN F:       :PCPN:    SNOW:  WIND      :SUNSHINE: SKY     :PK WND
================================================================================
1   2   3   4   5  6A  6B    7    8   9   10  11  12  13   14  15   16   17  18
                                     12Z  AVG MX 2MIN
DY MAX MIN AVG DEP HDD CDD  WTR  SNW DPTH SPD SPD DIR MIN PSBL S-S WX    SPD DR
================================================================================

 1  57  47  52   1  13   0    T    M    0 18.1 30 340   M    M   0        42 340
 2  61  44  53   2  12   0 0.00  0.0    0  6.4 14 360   M    M   0 1      20  20
 3  56  51  54   3  11   0 0.00  0.0    0  5.6 12 170   M    M  10 1      14 160
 4  57  49  53   2  12   0 0.00  0.0    0  5.8 13 320   M    M   5        15 330
 5  57  48  53   2  12   0 0.00  0.0    0  8.0 17 180   M    M   5        20 190
 6  59  50  55   4  10   0 0.00  0.0    0  7.7 17 210   M    M   7        22 210
 7  59  46  53   2  12   0 0.00  0.0    0  5.1 12 320   M    M   0        15 320
 8  72  48  60   8   5   0 0.15    M    0  8.1 17 150   M    M   5 1      22 260
 9  61  52  57   5   8   0 0.01  0.0    0  5.0 13 290   M    M   6 1      15 280
10  60  50  55   3  10   0 0.00  0.0    0 17.2 31 340   M    M   3        43 340
11  58  50  54   2  11   0 0.00  0.0    0 19.9 31 340   M    M   0 1      44 340
12  58  48  53   1  12   0 0.00  0.0    0 13.6 21 350   M    M   2 1      31 340
13  57  50  54   2  11   0 0.00  0.0    0 11.5 20 170   M    M  10 1      24 170
14  58  51  55   3  10   0 0.00  0.0    0  4.8 10 240   M    M  10        14 270
15  57  50  54   2  11   0 0.01  0.0    0  4.3 13 210   M    M   8 1      15 200
16  59  50  55   3  10   0 0.01  0.0    0  2.9 10 300   M    M   9 1      13 300
17  60  53  57   5   8   0 0.00  0.0    0  8.8 15 330   M    M   9        19 320
18  58  52  55   2  10   0 0.00  0.0    0  6.1 13 320   M    M  10 1      15 320
19  57  51  54   1  11   0 0.00  0.0    0  6.2 15 330   M    M  10 1      19 330
20  59  49  54   1  11   0 0.00  0.0    0 10.4 20 330   M    M   7        25 340
21  58  46  52  -1  13   0 0.00  0.0    0  8.4 21 170   M    M   3 1      27 180
22  56  52  54   1  11   0 0.00  0.0    0  5.3 13 190   M    M  10 1      16 180
23  57  52  55   2  10   0 0.01  0.0    0  3.2 10 180   M    M  10 1      12 190
24  60  53  57   4   8   0 0.00  0.0    0  4.6 12 190   M    M   9 1      14 200
25  56  52  54   1  11   0 0.29  0.0    0  7.0 18 340   M    M  10 1      26 340
26  60  48  54   1  11   0 0.00  0.0    0 11.0 25 330   M    M   2 1      35 330
================================================================================
SM 1527 1292       274   0  0.48     0.0 215.0          M      160
================================================================================
AV 58.7 49.7                               8.3 FASTST   M    M   6    MAX(MPH)
                                 MISC ---->  # 31 340               # 44  340
================================================================================
NOTES:
# LAST OF SEVERAL OCCURRENCES

COLUMN 17 PEAK WIND IN M.P.H.

PRELIMINARY LOCAL CLIMATOLOGICAL DATA (WS FORM: F-6) , PAGE 2

                                          STATION:  CRESCENT CITY CA
                                          MONTH:    MAY
                                          YEAR:     2018
                                          LATITUDE:   41 46 N
                                          LONGITUDE: 124 14 W

[TEMPERATURE DATA]      [PRECIPITATION DATA]       SYMBOLS USED IN COLUMN 16

AVERAGE MONTHLY: 54.2   TOTAL FOR MONTH:   0.48    1 = FOG OR MIST
DPTR FM NORMAL:   2.1   DPTR FM NORMAL:   -2.07    2 = FOG REDUCING VISIBILITY
HIGHEST:    72 ON  8    GRTST 24HR  0.29 ON 25-25      TO 1/4 MILE OR LESS
LOWEST:     44 ON  2                               3 = THUNDER
                        SNOW, ICE PELLETS, HAIL    4 = ICE PELLETS
                        TOTAL MONTH:   0.0 INCH    5 = HAIL
                        GRTST 24HR     0.0         6 = FREEZING RAIN OR DRIZZLE
                        GRTST DEPTH:   0           7 = DUSTSTORM OR SANDSTORM:
                                                       VSBY 1/2 MILE OR LESS
                                                   8 = SMOKE OR HAZE
[NO. OF DAYS WITH]      [WEATHER - DAYS WITH]      9 = BLOWING SNOW
                                                   X = TORNADO
MAX 32 OR BELOW:   0    0.01 INCH OR MORE:   6
MAX 90 OR ABOVE:   0    0.10 INCH OR MORE:   2
MIN 32 OR BELOW:   0    0.50 INCH OR MORE:   0
MIN  0 OR BELOW:   0    1.00 INCH OR MORE:   0

[HDD (BASE 65) ]
TOTAL THIS MO.   274    CLEAR  (SCALE 0-3)   7
DPTR FM NORMAL   -63    PTCLDY (SCALE 4-7)   8
TOTAL FM JUL 1  3900    CLOUDY (SCALE 8-10) 11
DPTR FM NORMAL  -594

[CDD (BASE 65) ]
TOTAL THIS MO.     0
DPTR FM NORMAL     0    [PRESSURE DATA]
TOTAL FM JAN 1     0    HIGHEST SLP M ON M
DPTR FM NORMAL     0    LOWEST  SLP 29.83 ON 12

[REMARKS]
