000
CXUS56 KOTX 270900
CF6DEW
PRELIMINARY LOCAL CLIMATOLOGICAL DATA (WS FORM: F-6)

                                          STATION:   DEER_PARK WA AIRPORT
                                          MONTH:     MAY
                                          YEAR:      2018
                                          LATITUDE:   47 58 N
                                          LONGITUDE: 117 25 W

  TEMPERATURE IN F:       :PCPN:    SNOW:  WIND      :SUNSHINE: SKY     :PK WND
================================================================================
1   2   3   4   5  6A  6B    7    8   9   10  11  12  13   14  15   16   17  18
                                     12Z  AVG MX 2MIN
DY MAX MIN AVG DEP HDD CDD  WTR  SNW DPTH SPD SPD DIR MIN PSBL S-S WX    SPD DR
================================================================================

 1  62  35  49   1  16   0 0.13    M    M  5.3 18 250   M    M   4 1      22 250
 2  71  31  51   3  14   0 0.00    M    M  5.7 13 220   M    M   1 1      17 250
 3  73  35  54   5  11   0 0.00    M    M  4.7 17 200   M    M   0        24 200
 4  75  40  58   9   7   0 0.00    M    M  7.3 20 200   M    M   1        27 260
 5  71  50  61  12   4   0    T    M    M  3.5 10  40   M    M   5        13  40
 6  81  53  67  18   0   2 0.01    M    M  9.4 26 200   M    M   2 3      32 200
 7  68  48  58   8   7   0    T    M    M  4.6 13 180   M    M   7 1      20 180
 8  77  46  62  12   3   0 0.00    M    M  1.8  9 200   M    M   2 12     14 270
 9  63  47  55   5  10   0 0.26    M    M  7.8 20 240   M    M   8 1      26 220
10  63  44  54   4  11   0 0.08    M    M  6.8 20 210   M    M   8        23 220
11  65  36  51   0  14   0    T    M    M  2.5 15 310   M    M   5        17 310
12  78  37  58   7   7   0 0.00    M    M  5.4 16  30   M    M   0        22  30
13  83  41  62  11   3   0 0.00    M    M  5.9 16  40   M    M   1        23  20
14  83  43  63  11   2   0 0.00    M    M  2.5  9 210   M    M   0        13 270
15  84  43  64  12   1   0 0.00    M    M  2.5 10 210   M    M   0        15 220
16  77  46  62  10   3   0 0.00    M    M  7.3 21 220   M    M   2        30 210
17  64  54  59   7   6   0 0.72    M    M  4.8 16  30   M    M   9 13     21  20
18  63  51  57   4   8   0 0.22    M    M  8.3 18  50   M    M  10        23  50
19  70  46  58   5   7   0 0.00    M    M  5.9 15  50   M    M   6        19  60
20  75  41  58   5   7   0 0.00    M    M  3.3 10 260   M    M   2        14  20
21  79  47  63   9   2   0 0.00    M    M  3.7 12 230   M    M   1        17 240
22  85  47  66  12   0   1 0.00    M    M  4.2 15  50   M    M   0        17  60
23  85  50  68  14   0   3 0.29    M    M  6.0 28  70   M    M   2 3      40  20
24  79  53  66  12   0   1    T    M    M  5.7 18 220   M    M   3        22 230
25  80  49  65  11   0   0 0.00    M    M  3.9 12 250   M    M   1        15 170
26  75  54  65  10   0   0 0.00    M    M  9.2 18 170   M    M   3        22 170
================================================================================
SM 1929 1167       143   7  1.71    M    138.0          M       83
================================================================================
AV 74.2 44.9                               5.3 FASTST   M    M   3    MAX(MPH)
                                 MISC ---->  # 28  70               # 40   20
================================================================================
NOTES:
# LAST OF SEVERAL OCCURRENCES

COLUMN 17 PEAK WIND IN M.P.H.

PRELIMINARY LOCAL CLIMATOLOGICAL DATA (WS FORM: F-6) , PAGE 2

                                          STATION:  DEER_PARK WA AIRPORT
                                          MONTH:    MAY
                                          YEAR:     2018
                                          LATITUDE:   47 58 N
                                          LONGITUDE: 117 25 W

[TEMPERATURE DATA]      [PRECIPITATION DATA]       SYMBOLS USED IN COLUMN 16

AVERAGE MONTHLY: 59.5   TOTAL FOR MONTH:   1.71    1 = FOG OR MIST
DPTR FM NORMAL:   8.1   DPTR FM NORMAL:    0.21    2 = FOG REDUCING VISIBILITY
HIGHEST:    85 ON 23,22 GRTST 24HR  0.72 ON 17-17      TO 1/4 MILE OR LESS
LOWEST:     31 ON  2                               3 = THUNDER
                        SNOW, ICE PELLETS, HAIL    4 = ICE PELLETS
                        TOTAL MONTH:    M          5 = HAIL
                        GRTST 24HR    M  ON   M    6 = FREEZING RAIN OR DRIZZLE
                        GRTST DEPTH:  M  ON   M    7 = DUSTSTORM OR SANDSTORM:
                                                       VSBY 1/2 MILE OR LESS
                                                   8 = SMOKE OR HAZE
[NO. OF DAYS WITH]      [WEATHER - DAYS WITH]      9 = BLOWING SNOW
                                                   X = TORNADO
MAX 32 OR BELOW:   0    0.01 INCH OR MORE:   7
MAX 90 OR ABOVE:   0    0.10 INCH OR MORE:   5
MIN 32 OR BELOW:   1    0.50 INCH OR MORE:   1
MIN  0 OR BELOW:   0    1.00 INCH OR MORE:   0

[HDD (BASE 65) ]
TOTAL THIS MO.   143    CLEAR  (SCALE 0-3)  16
DPTR FM NORMAL  -211    PTCLDY (SCALE 4-7)   8
TOTAL FM JUL 1  6762    CLOUDY (SCALE 8-10)  2
DPTR FM NORMAL  -403

[CDD (BASE 65) ]
TOTAL THIS MO.     7
DPTR FM NORMAL     7    [PRESSURE DATA]
TOTAL FM JAN 1     7    HIGHEST SLP  0.00 ON M
DPTR FM NORMAL     7    LOWEST  SLP 29.68 ON 25

[REMARKS]
