000
CXUS53 KIND 230730
CF6EYE
PRELIMINARY LOCAL CLIMATOLOGICAL DATA (WS FORM: F-6)

                                          STATION:   INDIANAPOLIS EAGLE CREEK IN
                                          MONTH:     MAY
                                          YEAR:      2018
                                          LATITUDE:   39 49 N
                                          LONGITUDE:  86 18 W

  TEMPERATURE IN F:       :PCPN:    SNOW:  WIND      :SUNSHINE: SKY     :PK WND
================================================================================
1   2   3   4   5  6A  6B    7    8   9   10  11  12  13   14  15   16   17  18
                                     12Z  AVG MX 2MIN
DY MAX MIN AVG DEP HDD CDD  WTR  SNW DPTH SPD SPD DIR MIN PSBL S-S WX    SPD DR
================================================================================

 1  82  45  64   6   1   0 0.00    M    M  5.8 16 200   M    M   0        22 180
 2  85  62  74  16   0   9 0.00    M    M 10.2 22 210   M    M   2        31 220
 3  76  65  71  12   0   6 0.61    M    M  9.1 17 290   M    M   7 138    25 220
 4  77  55  66   7   0   1    T    M    M  9.6 30 300   M    M   4 3      37 300
 5  74  53  64   5   1   0 0.00    M    M  2.0 12 330   M    M   0        16 330
 6  82  51  67   7   0   2 0.31    M    M  6.0 29 310   M    M   1 13     42 300
 7  74  50  62   2   3   0 0.00    M    M  5.9 15  20   M    M   0        20  50
 8  78  47  63   3   2   0 0.00    M    M  2.5 14  60   M    M   0        18  70
 9  81  50  66   6   0   1 0.27    M    M  7.6 29 290   M    M   M 13     42 300
10  81  61  71  10   0   6 0.00    M    M  8.0 17 290   M    M   0        24 280
11  84  60  72  11   0   7 0.00    M    M  7.9 16 210   M    M   0        24 220
12  82  66  74  13   0   9    T    M    M  6.8 15 260   M    M   2        22 270
13  87  62  75  13   0  10 0.00    M    M  6.2 14 300   M    M   4 3      22 290
14  89  65  77  15   0  12 0.00    M    M  5.9 16 200   M    M   1 18     22 200
15  83  67  75  13   0  10 0.02    M    M  6.8 16 340   M    M   3 38     21 290
16  80  65  73  10   0   8 0.00    M    M  5.8 10  70   M    M   5        15  60
17  84  59  72   9   0   7    T    M    M  8.0 16  70   M    M   1        21  90
18  72  63  68   5   0   3 0.51    M    M  8.8 15  80   M    M   8 1      21  70
19  80  65  73   9   0   8 0.22    M    M  5.3 14 270   M    M   6 18     20 240
20  84  63  74  10   0   9    T    M    M  4.6 12 360   M    M   2 18     16 330
21  82  65  74  10   0   9 0.01    M    M  5.0 12 120   M    M   3        15 110
22  84  65  75  10   0  10 0.00    M    M  6.3 17 310   M    M   4 18     22 320
================================================================================
SM 1781 1304         7 127  1.95    M    144.1          M       53
================================================================================
AV 81.0 59.3                               6.6 FASTST   M    M   3    MAX(MPH)
                                 MISC ---->  # 30 300               # 42  300
================================================================================
NOTES:
# LAST OF SEVERAL OCCURRENCES

COLUMN 17 PEAK WIND IN M.P.H.

PRELIMINARY LOCAL CLIMATOLOGICAL DATA (WS FORM: F-6) , PAGE 2

                                          STATION:  INDIANAPOLIS EAGLE CREEK IN
                                          MONTH:    MAY
                                          YEAR:     2018
                                          LATITUDE:   39 49 N
                                          LONGITUDE:  86 18 W

[TEMPERATURE DATA]      [PRECIPITATION DATA]       SYMBOLS USED IN COLUMN 16

AVERAGE MONTHLY: 70.1   TOTAL FOR MONTH:   1.95    1 = FOG OR MIST
DPTR FM NORMAL:   8.8   DPTR FM NORMAL:   -2.15    2 = FOG REDUCING VISIBILITY
HIGHEST:    89 ON 14    GRTST 24HR  0.61 ON  3- 3      TO 1/4 MILE OR LESS
LOWEST:     45 ON  1                               3 = THUNDER
                        SNOW, ICE PELLETS, HAIL    4 = ICE PELLETS
                        TOTAL MONTH:    M          5 = HAIL
                        GRTST 24HR    M  ON   M    6 = FREEZING RAIN OR DRIZZLE
                        GRTST DEPTH:  M  ON   M    7 = DUSTSTORM OR SANDSTORM:
                                                       VSBY 1/2 MILE OR LESS
                                                   8 = SMOKE OR HAZE
[NO. OF DAYS WITH]      [WEATHER - DAYS WITH]      9 = BLOWING SNOW
                                                   X = TORNADO
MAX 32 OR BELOW:   0    0.01 INCH OR MORE:   7
MAX 90 OR ABOVE:   0    0.10 INCH OR MORE:   5
MIN 32 OR BELOW:   0    0.50 INCH OR MORE:   2
MIN  0 OR BELOW:   0    1.00 INCH OR MORE:   0

[HDD (BASE 65) ]
TOTAL THIS MO.     7    CLEAR  (SCALE 0-3)  13
DPTR FM NORMAL  -110    PTCLDY (SCALE 4-7)   7
TOTAL FM JUL 1  5223    CLOUDY (SCALE 8-10)  1
DPTR FM NORMAL   -89

[CDD (BASE 65) ]
TOTAL THIS MO.   127
DPTR FM NORMAL    90    [PRESSURE DATA]
TOTAL FM JAN 1   140    HIGHEST SLP M ON M
DPTR FM NORMAL    88    LOWEST  SLP 29.74 ON  9

[REMARKS]
