000
CXUS54 KFWD 200730
CF6FTW
PRELIMINARY LOCAL CLIMATOLOGICAL DATA (WS FORM: F-6)

                                          STATION:   FORT WORTH MEACHAM
                                          MONTH:     MAY
                                          YEAR:      2018
                                          LATITUDE:   32 49 N
                                          LONGITUDE:  97 21 W

  TEMPERATURE IN F:       :PCPN:    SNOW:  WIND      :SUNSHINE: SKY     :PK WND
================================================================================
1   2   3   4   5  6A  6B    7    8   9   10  11  12  13   14  15   16   17  18
                                     12Z  AVG MX 2MIN
DY MAX MIN AVG DEP HDD CDD  WTR  SNW DPTH SPD SPD DIR MIN PSBL S-S WX    SPD DR
================================================================================

 1  81  70  76   7   0  11    T  0.0    0 15.7 25 160   M    M  10 1      36 140
 2  89  73  81  12   0  16 0.02  0.0    0 18.6 31 150   M    M   8 1      42 170
 3  83  67  75   5   0  10 0.95  0.0    0 12.9 32 240   M    M   5 13     49 250
 4  76  63  70   0   0   5 0.59  0.0    0  6.2 22 100   M    M   6 1      27 100
 5  84  59  72   2   0   7 0.00  0.0    0  6.5 17  10   M    M   0 1      25 360
 6  90  60  75   5   0  10 0.00  0.0    0  3.5  9 130   M    M   0        14 190
 7  94  63  79   8   0  14 0.00  0.0    0  5.8 13 190   M    M   0        20 170
 8  93  68  81  10   0  16 0.00  0.0    0 13.2 24 170   M    M   0        35 170
 9  91  68  80   9   0  15 0.00  0.0    0 13.9 23 190   M    M   0        30 190
10  89  67  78   6   0  13 0.00  0.0    0 15.5 26 160   M    M   0        35 140
11  91  70  81   9   0  16 0.00  0.0    0 18.9 28 160   M    M   1        38 170
12  91  74  83  11   0  18 0.00  0.0    0 16.2 24 140   M    M   2        35 180
13  92  73  83  10   0  18 0.00  0.0    0 13.5 21 140   M    M   2        28 160
14  92  75  84  11   0  19 0.00  0.0    0 13.5 21 190   M    M   2        27 160
15  89  76  83  10   0  18    T  0.0    0  9.3 21 150   M    M   1        25 150
16  94  70  82   8   0  17 0.00  0.0    0  7.0 15 360   M    M   1 8      21  30
17  95  68  82   8   0  17 0.00  0.0    0  6.2 23 300   M    M   0        34 290
18  99  72  86  12   0  21 0.01  0.0    0 12.2 26 310   M    M   1 3      39 320
19  94  74  84  10   0  19 0.00  0.0    0 15.1 31 150   M    M   1        38 160
================================================================================
SM 1707 1310         0 280  1.57     0.0 223.7          M       40
================================================================================
AV 89.8 69.0                              11.8 FASTST   M    M   2    MAX(MPH)
                                 MISC ---->  # 32 240               # 49  250
================================================================================
NOTES:
# LAST OF SEVERAL OCCURRENCES

COLUMN 17 PEAK WIND IN M.P.H.

PRELIMINARY LOCAL CLIMATOLOGICAL DATA (WS FORM: F-6) , PAGE 2

                                          STATION:  FORT WORTH MEACHAM
                                          MONTH:    MAY
                                          YEAR:     2018
                                          LATITUDE:   32 49 N
                                          LONGITUDE:  97 21 W

[TEMPERATURE DATA]      [PRECIPITATION DATA]       SYMBOLS USED IN COLUMN 16

AVERAGE MONTHLY: 79.4   TOTAL FOR MONTH:   1.57    1 = FOG OR MIST
DPTR FM NORMAL:   7.7   DPTR FM NORMAL:   -0.92    2 = FOG REDUCING VISIBILITY
HIGHEST:    99 ON 18    GRTST 24HR  0.95 ON  3- 3      TO 1/4 MILE OR LESS
LOWEST:     59 ON  5                               3 = THUNDER
                        SNOW, ICE PELLETS, HAIL    4 = ICE PELLETS
                        TOTAL MONTH:   0.0 INCH    5 = HAIL
                        GRTST 24HR     0.0         6 = FREEZING RAIN OR DRIZZLE
                        GRTST DEPTH:   0           7 = DUSTSTORM OR SANDSTORM:
                                                       VSBY 1/2 MILE OR LESS
                                                   8 = SMOKE OR HAZE
[NO. OF DAYS WITH]      [WEATHER - DAYS WITH]      9 = BLOWING SNOW
                                                   X = TORNADO
MAX 32 OR BELOW:   0    0.01 INCH OR MORE:   4
MAX 90 OR ABOVE:  12    0.10 INCH OR MORE:   2
MIN 32 OR BELOW:   0    0.50 INCH OR MORE:   2
MIN  0 OR BELOW:   0    1.00 INCH OR MORE:   0

[HDD (BASE 65) ]
TOTAL THIS MO.     0    CLEAR  (SCALE 0-3)  15
DPTR FM NORMAL    -8    PTCLDY (SCALE 4-7)   3
TOTAL FM JUL 1  1945    CLOUDY (SCALE 8-10)  1
DPTR FM NORMAL  -426

[CDD (BASE 65) ]
TOTAL THIS MO.   280
DPTR FM NORMAL   143    [PRESSURE DATA]
TOTAL FM JAN 1   452    HIGHEST SLP M ON M
DPTR FM NORMAL   190    LOWEST  SLP 29.65 ON 18

[REMARKS]
