000
CXUS54 KHGX 231415
CF6HGX
PRELIMINARY LOCAL CLIMATOLOGICAL DATA (WS FORM: F-6)

                                          STATION:   DICKINSON  WFO
                                          MONTH:     APRIL
                                          YEAR:      2018
                                          LATITUDE:   29 28 N
                                          LONGITUDE:  95  5 W

  TEMPERATURE IN F:       :PCPN:    SNOW:  WIND      :SUNSHINE: SKY     :PK WND
================================================================================
1   2   3   4   5  6A  6B    7    8   9   10  11  12  13   14  15   16   17  18
                                     12Z  AVG MX 2MIN
DY MAX MIN AVG DEP HDD CDD  WTR  SNW DPTH SPD SPD DIR MIN PSBL S-S WX    SPD DR
================================================================================

 1  79  61  70   5   0   5 0.00  0.0    0   M   M   M   M    M   M         M  M
 2  81  70  76  11   0  11 0.00    M    M   M   M   M   M    M   M         M  M
 3  81  61  71   6   0   6 0.38    M    M   M   M   M   M    M   M 3       M  M
 4  72  56  64  -1   1   0 0.01    M    M   M   M   M   M    M   M 3       M  M
 5  74  54  64  -1   1   0    T    M    M   M   M   M   M    M   M         M  M
 6  78  70  74   8   0   9 0.03  0.0    0   M   M   M   M    M   M         M  M
 7  74  47  61  -5   4   0 0.05  0.0    0   M   M   M   M    M   M         M  M
 8  59  47  53 -13  12   0    T  0.0    0   M   M   M   M    M   M         M  M
 9  62  56  59  -7   6   0 0.06  0.0    0   M   M   M   M    M   M         M  M
10  78  54  66   0   0   1 0.00  0.0    0   M   M   M   M    M   M         M  M
11  77  50  64  -3   1   0 0.00  0.0    0   M   M   M   M    M   M         M  M
12  80  58  69   2   0   4 0.00  0.0    0   M   M   M   M    M   M         M  M
13  82  71  77  10   0  12 0.00  0.0    0   M   M   M   M    M   M         M  M
14  76  46  61  -6   4   0 0.51  0.0    M   M   M   M   M    M   0 3       M  M
15  70  46  58 -10   7   0 0.00  0.0    0   M   M   M   M    M   M         M  M
16  76  45  61  -7   4   0 0.00  0.0    0   M   M   M   M    M   M         M  M
17  79  62  71   3   0   6 0.00  0.0    0   M   M   M   M    M   M         M  M
18  85  70  78  10   0  13    T  0.0    0   M   M   M   M    M   M         M  M
19  77  60  69   1   0   4 0.00  0.0    0   M   M   M   M    M   M         M  M
20  66  56  61  -8   4   0 0.00  0.0    0   M   M   M   M    M   M         M  M
21  75  66  71   2   0   6 1.33  0.0    0   M   M   M   M    M   M 13      M  M
22  75  57  66  -3   0   1 0.01  0.0    0   M   M   M   M    M   M         M  M
================================================================================
SM 1656 1263        44  78  2.38     0.0     M          M        0
================================================================================
AV 75.3 57.4                                 M FASTST   M    M   0    MAX(MPH)
                                 MISC ---->     M   M                  M    M
================================================================================
NOTES:
# LAST OF SEVERAL OCCURRENCES

COLUMN 17 PEAK WIND IN M.P.H.

PRELIMINARY LOCAL CLIMATOLOGICAL DATA (WS FORM: F-6) , PAGE 2

                                          STATION:  DICKINSON  WFO
                                          MONTH:    APRIL
                                          YEAR:     2018
                                          LATITUDE:   29 28 N
                                          LONGITUDE:  95  5 W

[TEMPERATURE DATA]      [PRECIPITATION DATA]       SYMBOLS USED IN COLUMN 16

AVERAGE MONTHLY: 66.3   TOTAL FOR MONTH:   2.38    1 = FOG OR MIST
DPTR FM NORMAL:  -0.5   DPTR FM NORMAL:   -0.14    2 = FOG REDUCING VISIBILITY
HIGHEST:    85 ON 18    GRTST 24HR  1.33 ON 21-21      TO 1/4 MILE OR LESS
LOWEST:     45 ON 16                               3 = THUNDER
                        SNOW, ICE PELLETS, HAIL    4 = ICE PELLETS
                        TOTAL MONTH:   0.0 INCH    5 = HAIL
                        GRTST 24HR     0.0         6 = FREEZING RAIN OR DRIZZLE
                        GRTST DEPTH:   0           7 = DUSTSTORM OR SANDSTORM:
                                                       VSBY 1/2 MILE OR LESS
                                                   8 = SMOKE OR HAZE
[NO. OF DAYS WITH]      [WEATHER - DAYS WITH]      9 = BLOWING SNOW
                                                   X = TORNADO
MAX 32 OR BELOW:   0    0.01 INCH OR MORE:   8
MAX 90 OR ABOVE:   0    0.10 INCH OR MORE:   3
MIN 32 OR BELOW:   0    0.50 INCH OR MORE:   2
MIN  0 OR BELOW:   0    1.00 INCH OR MORE:   1

[HDD (BASE 65) ]
TOTAL THIS MO.    44    CLEAR  (SCALE 0-3)   1
DPTR FM NORMAL     3    PTCLDY (SCALE 4-7)   0
TOTAL FM JUL 1  1166    CLOUDY (SCALE 8-10)  0
DPTR FM NORMAL  -229

[CDD (BASE 65) ]
TOTAL THIS MO.    78
DPTR FM NORMAL    -4    [PRESSURE DATA]
TOTAL FM JAN 1   302    HIGHEST SLP M ON M
DPTR FM NORMAL   144    LOWEST  SLP M ON M

[REMARKS]
