000
CXUS55 KSEW 230930
CF6HQM
PRELIMINARY LOCAL CLIMATOLOGICAL DATA (WS FORM: F-6)
STATION: HOQUIAM WA AIRPORT
MONTH: APRIL
YEAR: 2024
LATITUDE: 46 58 N
LONGITUDE: 123 56 W
TEMPERATURE IN F: :PCPN: SNOW: WIND :SUNSHINE: SKY :PK WND
================================================================================
1 2 3 4 5 6A 6B 7 8 9 10 11 12 13 14 15 16 17 18
12Z AVG MX 2MIN
DY MAX MIN AVG DEP HDD CDD WTR SNW DPTH SPD SPD DIR MIN PSBL S-S WX SPD DR
================================================================================
1 54 45 50 3 15 0 0.00 M M 6.5 13 250 M M 9 1 16 250
2 54 43 49 2 16 0 0.34 M M 8.5 22 300 M M 10 1 32 300
3 49 39 44 -3 21 0 0.13 M M 6.8 23 250 M M 5 1 32 250
4 53 35 44 -3 21 0 0.15 M M 4.8 18 290 M M 5 26 320
5 55 35 45 -3 20 0 0.02 M M 8.5 21 260 M M 5 28 240
6 51 43 47 -1 18 0 0.10 M M 7.6 15 100 M M 9 1 19 110
7 53 44 49 1 16 0 0.18 M M 9.5 16 250 M M 7 1 24 240
8 51 44 48 0 17 0 0.92 M M 16.8 26 200 M M 10 1 45 170
9 54 41 48 0 17 0 0.09 M M 6.8 20 270 M M 5 1 27 280
10 M M M M M M 0.00 M M 5.7 15 270 M M 1 1 19 270
11 M M M M M M 0.23 M M 5.0 18 230 M M 7 9 21 230
12 60 M M M M M T M M 6.3 16 290 M M 4 8 24 320
13 61 43 52 4 13 0 0.00 M M 6.9 17 260 M M 0 21 270
14 55 39 47 -1 18 0 0.00 M M 9.7 23 290 M M 7 1 33 260
15 52 42 47 -2 18 0 0.06 M M 11.3 21 290 M M 8 1 29 270
16 53 37 45 -4 20 0 T M M 7.3 23 290 M M 3 35 290
17 59 32 46 -3 19 0 0.00 M M 7.0 17 290 M M 0 23 350
18 67 34 51 2 14 0 0.00 M M 7.2 20 80 M M 0 31 80
19 68 42 55 6 10 0 0.00 M M 10.9 20 70 M M 0 30 70
20 64 47 56 7 9 0 0.03 M M 15.1 30 220 M M 3 49 170
21 55 42 49 0 16 0 0.04 M M 10.0 20 280 M M 3 25 280
22 59 35 47 -3 18 0 0.00 M M 6.0 15 330 M M 1 21 270
================================================================================
SM 1127 762 316 0 2.29 M 184.2 M 102
================================================================================
AV 56.4 40.1 8.4 FASTST M M 5 MAX(MPH)
MISC ----> 30 220 49 170
================================================================================
NOTES:
# LAST OF SEVERAL OCCURRENCES
COLUMN 17 PEAK WIND IN M.P.H.
PRELIMINARY LOCAL CLIMATOLOGICAL DATA (WS FORM: F-6) , PAGE 2
STATION: HOQUIAM WA AIRPORT
MONTH: APRIL
YEAR: 2024
LATITUDE: 46 58 N
LONGITUDE: 123 56 W
[TEMPERATURE DATA] [PRECIPITATION DATA] SYMBOLS USED IN COLUMN 16
AVERAGE MONTHLY: 48.2 TOTAL FOR MONTH: 2.29 1 = FOG OR MIST
DPTR FM NORMAL: 0.0 DPTR FM NORMAL: -1.90 2 = FOG REDUCING VISIBILITY
HIGHEST: 68 ON 19 GRTST 24HR 0.97 ON 8- 9 TO 1/4 MILE OR LESS
LOWEST: 32 ON 17 3 = THUNDER
SNOW, ICE PELLETS, HAIL 4 = ICE PELLETS
TOTAL MONTH: M 5 = HAIL
GRTST 24HR M ON M 6 = FREEZING RAIN OR DRIZZLE
GRTST DEPTH: M ON M 7 = DUSTSTORM OR SANDSTORM:
VSBY 1/2 MILE OR LESS
8 = SMOKE OR HAZE
[NO. OF DAYS WITH] [WEATHER - DAYS WITH] 9 = BLOWING SNOW
X = TORNADO
MAX 32 OR BELOW: 0 0.01 INCH OR MORE: 12
MAX 90 OR ABOVE: 0 0.10 INCH OR MORE: 7
MIN 32 OR BELOW: 1 0.50 INCH OR MORE: 1
MIN 0 OR BELOW: 0 1.00 INCH OR MORE: 0
[HDD (BASE 65) ]
TOTAL THIS MO. 316 CLEAR (SCALE 0-3) 9
DPTR FM NORMAL -55 PTCLDY (SCALE 4-7) 9
TOTAL FM JUL 1 3930 CLOUDY (SCALE 8-10) 4
DPTR FM NORMAL -466
[CDD (BASE 65) ]
TOTAL THIS MO. 0
DPTR FM NORMAL 0 [PRESSURE DATA]
TOTAL FM JAN 1 0 HIGHEST SLP M ON M
DPTR FM NORMAL 0 LOWEST SLP 29.76 ON 4
[REMARKS]