000
CXUS52 KMFL 221000
CF6HWO
PRELIMINARY LOCAL CLIMATOLOGICAL DATA (WS FORM: F-6)

                                          STATION:   NORTH PERRY ARPT
                                          MONTH:     MAY
                                          YEAR:      2018
                                          LATITUDE:   26  0 N
                                          LONGITUDE:  80 14 W

  TEMPERATURE IN F:       :PCPN:    SNOW:  WIND      :SUNSHINE: SKY     :PK WND
================================================================================
1   2   3   4   5  6A  6B    7    8   9   10  11  12  13   14  15   16   17  18
                                     12Z  AVG MX 2MIN
DY MAX MIN AVG DEP HDD CDD  WTR  SNW DPTH SPD SPD DIR MIN PSBL S-S WX    SPD DR
================================================================================

 1  84  73  79   2   0  14    T  0.0    0 13.5 23  70   M    M   4        29  60
 2  85  75  80   3   0  15 0.01  0.0    0 16.7 23  50   M    M   8        29  50
 3  86  73  80   3   0  15 0.17  0.0    0 16.0 24  30   M    M   7 1      29  60
 4  85  73  79   2   0  14 1.03  0.0    0 13.9 24  60   M    M   6 1      29  50
 5  86  72  79   1   0  14 0.31  0.0    0 10.3 22  40   M    M   5 1      28  30
 6  89  75  82   4   0  17 0.27  0.0    0  6.5 17 220   M    M   4 1      22 210
 7  91  73  82   4   0  17 0.24  0.0    0  5.9 15 100   M    M   4        18 100
 8  88  74  81   3   0  16 0.00  0.0    0 10.4 17  60   M    M   2        22  70
 9  88  72  80   2   0  15 0.00  0.0    0 10.8 16  50   M    M   2        23  50
10  86  70  78   0   0  13 0.00  0.0    0  8.6 17  70   M    M   2        24  50
11  88  75  82   3   0  17 0.00  0.0    0  9.1 17  60   M    M   2        22  70
12  83  76  80   1   0  15    T  0.0    0  9.6 21  70   M    M   5        27  60
13  85  73  79   0   0  14 1.57  0.0    0  7.3 17 150   M    M   8 13     21 120
14  85  71  78  -1   0  13 0.70  0.0    0  8.8 21 220   M    M   5 138    28 130
15  90  70  80   1   0  15 0.91  0.0    0  7.6 21 260   M    M   5 13     25 260
16  88  72  80   1   0  15    T  0.0    0  7.1 23 110   M    M   3 3      27 120
17  84  72  78  -2   0  13 1.06  0.0    0  5.1 20  90   M    M   4 13     26 130
18  87  73  80   0   0  15 0.08  0.0    0  7.2 15 120   M    M   5 1      20 100
19  78  72  75  -5   0  10 0.41  0.0    0  7.0 23 130   M    M   8 1      26 140
20  81  71  76  -4   0  11 5.48  0.0    0  9.0 22 130   M    M   9 13     30 140
21  83  73  78  -2   0  13 0.10  0.0    0 12.0 21 130   M    M   9        30 110
================================================================================
SM 1800 1528         0 301 12.34     0.0 202.4          M      107
================================================================================
AV 85.7 72.8                               9.6 FASTST   M    M   5    MAX(MPH)
                                 MISC ---->  # 24  30               # 30  140
================================================================================
NOTES:
# LAST OF SEVERAL OCCURRENCES

COLUMN 17 PEAK WIND IN M.P.H.

PRELIMINARY LOCAL CLIMATOLOGICAL DATA (WS FORM: F-6) , PAGE 2

                                          STATION:  NORTH PERRY ARPT
                                          MONTH:    MAY
                                          YEAR:     2018
                                          LATITUDE:   26  0 N
                                          LONGITUDE:  80 14 W

[TEMPERATURE DATA]      [PRECIPITATION DATA]       SYMBOLS USED IN COLUMN 16

AVERAGE MONTHLY: 79.2   TOTAL FOR MONTH:  12.34    1 = FOG OR MIST
DPTR FM NORMAL:   0.7   DPTR FM NORMAL:    9.60    2 = FOG REDUCING VISIBILITY
HIGHEST:    91 ON  7    GRTST 24HR  5.48 ON 20-20      TO 1/4 MILE OR LESS
LOWEST:     70 ON 15,10                            3 = THUNDER
                        SNOW, ICE PELLETS, HAIL    4 = ICE PELLETS
                        TOTAL MONTH:   0.0 INCH    5 = HAIL
                        GRTST 24HR     0.0         6 = FREEZING RAIN OR DRIZZLE
                        GRTST DEPTH:   0           7 = DUSTSTORM OR SANDSTORM:
                                                       VSBY 1/2 MILE OR LESS
                                                   8 = SMOKE OR HAZE
[NO. OF DAYS WITH]      [WEATHER - DAYS WITH]      9 = BLOWING SNOW
                                                   X = TORNADO
MAX 32 OR BELOW:   0    0.01 INCH OR MORE:  14
MAX 90 OR ABOVE:   2    0.10 INCH OR MORE:  12
MIN 32 OR BELOW:   0    0.50 INCH OR MORE:   6
MIN  0 OR BELOW:   0    1.00 INCH OR MORE:   4

[HDD (BASE 65) ]
TOTAL THIS MO.     0    CLEAR  (SCALE 0-3)   5
DPTR FM NORMAL     0    PTCLDY (SCALE 4-7)  14
TOTAL FM JUL 1   102    CLOUDY (SCALE 8-10)  2
DPTR FM NORMAL   -43

[CDD (BASE 65) ]
TOTAL THIS MO.   301
DPTR FM NORMAL    16    [PRESSURE DATA]
TOTAL FM JAN 1  1396    HIGHEST SLP M ON M
DPTR FM NORMAL   297    LOWEST  SLP 29.88 ON  5

[REMARKS]
