000
CXUS55 KEAX 210736
CF6IXD
PRELIMINARY LOCAL CLIMATOLOGICAL DATA (WS FORM: F-6)

                                          STATION:   New Century Air Center KS
                                          MONTH:     MAY
                                          YEAR:      2018
                                          LATITUDE:   38 49 N
                                          LONGITUDE:  94 54 W

  TEMPERATURE IN F:       :PCPN:    SNOW:  WIND      :SUNSHINE: SKY     :PK WND
================================================================================
1   2   3   4   5  6A  6B    7    8   9   10  11  12  13   14  15   16   17  18
                                     12Z  AVG MX 2MIN
DY MAX MIN AVG DEP HDD CDD  WTR  SNW DPTH SPD SPD DIR MIN PSBL S-S WX    SPD DR
================================================================================

 1  77  63  70  10   0   5 0.04  0.0    0 16.7 24 170   M    M   5 3      35 170
 2  81  62  72  12   0   7 0.41  0.0    0 12.3 32 290   M    M   9 138    46 300
 3  79  60  70  10   0   5 0.08  0.0    0 13.3 39 200   M    M   3 3      53 200
 4  77  56  67   6   0   2 0.00  0.0    0  8.6 22 330   M    M   2        29 340
 5  84  53  69   8   0   4 0.00  0.0    0  6.0 15  20   M    M   0        24 330
 6  86  55  71   9   0   6 0.00  0.0    0  7.3 17 280   M    M   0        22 280
 7  85  56  71   9   0   6 0.00  0.0    0  5.9 12 130   M    M   0        18 130
 8  85  62  74  12   0   9 0.00  0.0    0 13.6 23 160   M    M   0        38 140
 9  87  64  76  13   0  11 0.00  0.0    0  8.9 21 310   M    M   0        28 290
10  87  61  74  11   0   9 0.00  0.0    0  7.5 16 150   M    M   1        23 190
11  85  66  76  13   0  11    T  0.0    0 14.0 28 190   M    M   3 3      39 200
12  84  70  77  13   0  12    T  0.0    0 12.0 24 170   M    M   3 3      32 160
13  91  66  79  15   0  14 0.00  0.0    0 11.5 22 190   M    M   2        31 160
14  88  66  77  13   0  12    T  0.0    0  9.2 22 230   M    M   1 3      29 190
15  83  63  73   8   0   8    T  0.0    0  7.1 18 190   M    M   3 3      24 200
16  82  58  70   5   0   5 0.01  0.0    0  5.7 22 350   M    M   1 13     29 350
17  85  58  72   7   0   7 0.00  0.0    0  6.9 25 130   M    M   0        34 130
18  87  57  72   6   0   7 0.00  0.0    0  6.7 16 120   M    M   1        22 110
19  81  65  73   7   0   8 0.40  0.0    0  7.3 22 210   M    M   4 13     34 200
20  72  62  67   1   0   2 0.61  0.0    0  5.0 13 170   M    M   7 13     18 170
================================================================================
SM 1666 1223         0 150  1.55     0.0 185.5          M       45
================================================================================
AV 83.3 61.2                               9.3 FASTST   M    M   2    MAX(MPH)
                                 MISC ---->  # 39 200               # 53  200
================================================================================
NOTES:
# LAST OF SEVERAL OCCURRENCES

COLUMN 17 PEAK WIND IN M.P.H.

PRELIMINARY LOCAL CLIMATOLOGICAL DATA (WS FORM: F-6) , PAGE 2

                                          STATION:  New Century Air Center KS
                                          MONTH:    MAY
                                          YEAR:     2018
                                          LATITUDE:   38 49 N
                                          LONGITUDE:  94 54 W

[TEMPERATURE DATA]      [PRECIPITATION DATA]       SYMBOLS USED IN COLUMN 16

AVERAGE MONTHLY: 72.2   TOTAL FOR MONTH:   1.55    1 = FOG OR MIST
DPTR FM NORMAL:   9.1   DPTR FM NORMAL:   -1.65    2 = FOG REDUCING VISIBILITY
HIGHEST:    91 ON 13    GRTST 24HR  0.61 ON 20-20      TO 1/4 MILE OR LESS
LOWEST:     53 ON  5                               3 = THUNDER
                        SNOW, ICE PELLETS, HAIL    4 = ICE PELLETS
                        TOTAL MONTH:   0.0 INCH    5 = HAIL
                        GRTST 24HR     0.0         6 = FREEZING RAIN OR DRIZZLE
                        GRTST DEPTH:   0           7 = DUSTSTORM OR SANDSTORM:
                                                       VSBY 1/2 MILE OR LESS
                                                   8 = SMOKE OR HAZE
[NO. OF DAYS WITH]      [WEATHER - DAYS WITH]      9 = BLOWING SNOW
                                                   X = TORNADO
MAX 32 OR BELOW:   0    0.01 INCH OR MORE:   6
MAX 90 OR ABOVE:   1    0.10 INCH OR MORE:   3
MIN 32 OR BELOW:   0    0.50 INCH OR MORE:   1
MIN  0 OR BELOW:   0    1.00 INCH OR MORE:   0

[HDD (BASE 65) ]
TOTAL THIS MO.     0    CLEAR  (SCALE 0-3)  15
DPTR FM NORMAL   -80    PTCLDY (SCALE 4-7)   4
TOTAL FM JUL 1  5013    CLOUDY (SCALE 8-10)  1
DPTR FM NORMAL   -25

[CDD (BASE 65) ]
TOTAL THIS MO.   150
DPTR FM NORMAL   108    [PRESSURE DATA]
TOTAL FM JAN 1   160    HIGHEST SLP M ON M
DPTR FM NORMAL   100    LOWEST  SLP 29.66 ON 11

[REMARKS]
