000
CXUS55 KCTP 260700
CF6JST
PRELIMINARY LOCAL CLIMATOLOGICAL DATA (WS FORM: F-6)

                                          STATION:   JOHNSTOWN
                                          MONTH:     MAY
                                          YEAR:      2018
                                          LATITUDE:   40 18 N
                                          LONGITUDE:  78 50 W

  TEMPERATURE IN F:       :PCPN:    SNOW:  WIND      :SUNSHINE: SKY     :PK WND
================================================================================
1   2   3   4   5  6A  6B    7    8   9   10  11  12  13   14  15   16   17  18
                                     12Z  AVG MX 2MIN
DY MAX MIN AVG DEP HDD CDD  WTR  SNW DPTH SPD SPD DIR MIN PSBL S-S WX    SPD DR
================================================================================

 1  75  48  62   9   3   0 0.00    M    M  9.8 20 280   M    M   0        23 280
 2  80  58  69  16   0   4 0.00  0.0    0 11.9 25 270   M    M   0        35 260
 3  82  65  74  21   0   9 0.02    M    M 12.3 25 290   M    M   5        33 240
 4  76  56  66  12   0   1 0.24    M    M 12.4 33 310   M    M   9 1      43 230
 5  66  50  58   4   7   0 0.26    M    M  5.4 17 170   M    M   4 1      22 180
 6  55  48  52  -2  13   0 0.38    M    M  4.7 13 320   M    M   8 12     16  70
 7  65  43  54   0  11   0 0.00    M    M  2.6 10 170   M    M   7 12     12 170
 8  68  51  60   5   5   0    T    M    M  5.4 14 180   M    M   4        29 210
 9  74  55  65  10   0   0 0.00    M    M  8.3 16 150   M    M   2        24 140
10  75  58  67  12   0   2 0.77    M    M 11.7 29 300   M    M   5 138    36 320
11  64  52  58   2   7   0 0.00    M    M  6.9 14 310   M    M   7 3      17 300
12  81  50  66  10   0   1 1.09    M    M  8.1 25 300   M    M   5 13     39 290
13  73  59  66  10   0   1 0.44    M    M  4.6 14 250   M    M   9 123    19 250
14  77  61  69  13   0   4 0.14    M    M  7.3 18 290   M    M   5 123    24 300
15  82  61  72  15   0   7 0.04    M    M 10.7 29 240   M    M   3 13     41 240
16  70  60  65   8   0   0 0.38    M    M  4.6 10 140   M    M   9 123    14 140
17  72  59  66   9   0   1 0.04    M    M  3.5 10  90   M    M   6 12     15 120
18  65  53  59   2   6   0 0.06    M    M 10.3 18 110   M    M   7 1      28 100
19  66  50  58   0   7   0 0.22    M    M  8.6 15 170   M    M   8 1      21 110
20  73  60  67   9   0   2 0.15    M    M  9.3 18 310   M    M   6 1      23 300
21  75  55  65   7   0   0 0.00    M    M  5.4 15 160   M    M   4        21 160
22  73  63  68  10   0   3 0.33    M    M  7.8 14 240   M    M   7 1      18 260
23  70  57  64   5   1   0    T    M    M  8.9 16 320   M    M   7 1      21 320
24  79  54  67   8   0   2 0.00    M    M  2.9 10  50   M    M   0        13  60
25  82  60  71  12   0   6 0.00    M    M  7.2 17 290   M    M   1        22 260
================================================================================
SM 1818 1386        60  43  4.56     0.0 190.6          M      128
================================================================================
AV 72.7 55.4                               7.6 FASTST   M    M   5    MAX(MPH)
                                 MISC ---->  # 33 310               # 43  230
================================================================================
NOTES:
# LAST OF SEVERAL OCCURRENCES

COLUMN 17 PEAK WIND IN M.P.H.

PRELIMINARY LOCAL CLIMATOLOGICAL DATA (WS FORM: F-6) , PAGE 2

                                          STATION:  JOHNSTOWN
                                          MONTH:    MAY
                                          YEAR:     2018
                                          LATITUDE:   40 18 N
                                          LONGITUDE:  78 50 W

[TEMPERATURE DATA]      [PRECIPITATION DATA]       SYMBOLS USED IN COLUMN 16

AVERAGE MONTHLY: 64.1   TOTAL FOR MONTH:   4.56    1 = FOG OR MIST
DPTR FM NORMAL:   8.0   DPTR FM NORMAL:    0.98    2 = FOG REDUCING VISIBILITY
HIGHEST:    82 ON 25,15 GRTST 24HR  1.09 ON 12-12      TO 1/4 MILE OR LESS
LOWEST:     43 ON  7                               3 = THUNDER
                        SNOW, ICE PELLETS, HAIL    4 = ICE PELLETS
                        TOTAL MONTH:   0.0 INCH    5 = HAIL
                        GRTST 24HR     0.0         6 = FREEZING RAIN OR DRIZZLE
                        GRTST DEPTH:   0           7 = DUSTSTORM OR SANDSTORM:
                                                       VSBY 1/2 MILE OR LESS
                                                   8 = SMOKE OR HAZE
[NO. OF DAYS WITH]      [WEATHER - DAYS WITH]      9 = BLOWING SNOW
                                                   X = TORNADO
MAX 32 OR BELOW:   0    0.01 INCH OR MORE:  15
MAX 90 OR ABOVE:   0    0.10 INCH OR MORE:  11
MIN 32 OR BELOW:   0    0.50 INCH OR MORE:   2
MIN  0 OR BELOW:   0    1.00 INCH OR MORE:   1

[HDD (BASE 65) ]
TOTAL THIS MO.    60    CLEAR  (SCALE 0-3)   6
DPTR FM NORMAL  -180    PTCLDY (SCALE 4-7)  15
TOTAL FM JUL 1  6234    CLOUDY (SCALE 8-10)  4
DPTR FM NORMAL  -340

[CDD (BASE 65) ]
TOTAL THIS MO.    43
DPTR FM NORMAL    31    [PRESSURE DATA]
TOTAL FM JAN 1    55    HIGHEST SLP M ON M
DPTR FM NORMAL    38    LOWEST  SLP 29.69 ON  4

[REMARKS]
