000
CXUS54 KLCH 250851
CF6LFT
PRELIMINARY LOCAL CLIMATOLOGICAL DATA (WS FORM: F-6)

                                          STATION:   LAFAYETTE
                                          MONTH:     MAY
                                          YEAR:      2018
                                          LATITUDE:   30 12 N
                                          LONGITUDE:  92  0 W

  TEMPERATURE IN F:       :PCPN:    SNOW:  WIND      :SUNSHINE: SKY     :PK WND
================================================================================
1   2   3   4   5  6A  6B    7    8   9   10  11  12  13   14  15   16   17  18
                                     12Z  AVG MX 2MIN
DY MAX MIN AVG DEP HDD CDD  WTR  SNW DPTH SPD SPD DIR MIN PSBL S-S WX    SPD DR
================================================================================

 1  83  60  72  -1   0   7 0.00  0.0    0  5.3 18 190   M    M   2        26 200
 2  87  72  80   7   0  15 0.00  0.0    0  8.1 17 190   M    M   6        23 180
 3  85  68  77   3   0  12 0.00  0.0    0  6.7 15 180   M    M   5 18     21 180
 4  85  65  75   1   0  10    T  0.0    0  3.7 13 230   M    M   4 1      17 210
 5  79  65  72  -2   0   7 0.00  0.0    0  5.4 17 330   M    M   6 1      21 330
 6  88  61  75   1   0  10 0.00  0.0    0  2.5 13  30   M    M   1 1      18  70
 7  91  62  77   2   0  12 0.00  0.0    0  4.0 16 340   M    M   0        19 330
 8  92  67  80   5   0  15 0.00  0.0    0  4.5 12 310   M    M   1        15 310
 9  90  65  78   3   0  13 0.00  0.0    0  4.2 13 180   M    M   1 1      17 210
10  88  63  76   1   0  11 0.00  0.0    0  3.9 14 210   M    M   1 18     19 160
11  88  64  76   0   0  11 0.00  0.0    0  5.6 16 200   M    M   2 18     25 190
12  91  67  79   3   0  14 0.00  0.0    0  2.8 13 170   M    M   2 13     19 160
13  93  71  82   6   0  17 0.00  0.0    0  3.4 15 190   M    M   4 12     19 200
14  94  69  82   6   0  17 0.00  0.0    0  3.2  9 230   M    M   3 12     12  40
15  94  75  85   9   0  20 0.00  0.0    0  7.2 20 360   M    M   3 3      24 350
16  95  73  84   7   0  19    T  0.0    0  6.1 25 340   M    M   1 3      33 330
17  95  74  85   8   0  20 0.00  0.0    0 10.2 18 260   M    M   1 8      24 290
18  94  74  84   7   0  19 0.00  0.0    0  8.3 20 220   M    M   2 1      27 230
19  92  72  82   5   0  17 0.00  0.0    0  5.2 15 200   M    M   2 1      22 200
20  92  72  82   4   0  17 0.00  0.0    0  3.2 13 160   M    M   2 18     22 210
21  94  71  83   5   0  18 0.00  0.0    0  3.3 14 210   M    M   3 3      17 180
22  92  73  83   5   0  18 0.00  0.0    0  2.7 13 210   M    M   4 13     19 170
23  94  69  82   4   0  17 0.22  0.0    0  5.1 17  90   M    M   4 13     33 110
24  89  71  80   2   0  15 0.07  0.0    0  3.6 13 210   M    M   3 1      15 160
================================================================================
SM 2165 1643         0 351  0.29     0.0 118.2          M       63
================================================================================
AV 90.2 68.5                               4.9 FASTST   M    M   3    MAX(MPH)
                                 MISC ---->  # 25 340               # 33  330
================================================================================
NOTES:
# LAST OF SEVERAL OCCURRENCES

COLUMN 17 PEAK WIND IN M.P.H.

PRELIMINARY LOCAL CLIMATOLOGICAL DATA (WS FORM: F-6) , PAGE 2

                                          STATION:  LAFAYETTE
                                          MONTH:    MAY
                                          YEAR:     2018
                                          LATITUDE:   30 12 N
                                          LONGITUDE:  92  0 W

[TEMPERATURE DATA]      [PRECIPITATION DATA]       SYMBOLS USED IN COLUMN 16

AVERAGE MONTHLY: 79.3   TOTAL FOR MONTH:   0.29    1 = FOG OR MIST
DPTR FM NORMAL:   3.5   DPTR FM NORMAL:   -3.28    2 = FOG REDUCING VISIBILITY
HIGHEST:    95 ON 17,16 GRTST 24HR  0.22 ON 23-23      TO 1/4 MILE OR LESS
LOWEST:     60 ON  1                               3 = THUNDER
                        SNOW, ICE PELLETS, HAIL    4 = ICE PELLETS
                        TOTAL MONTH:   0.0 INCH    5 = HAIL
                        GRTST 24HR     0.0         6 = FREEZING RAIN OR DRIZZLE
                        GRTST DEPTH:   0           7 = DUSTSTORM OR SANDSTORM:
                                                       VSBY 1/2 MILE OR LESS
                                                   8 = SMOKE OR HAZE
[NO. OF DAYS WITH]      [WEATHER - DAYS WITH]      9 = BLOWING SNOW
                                                   X = TORNADO
MAX 32 OR BELOW:   0    0.01 INCH OR MORE:   2
MAX 90 OR ABOVE:  15    0.10 INCH OR MORE:   1
MIN 32 OR BELOW:   0    0.50 INCH OR MORE:   0
MIN  0 OR BELOW:   0    1.00 INCH OR MORE:   0

[HDD (BASE 65) ]
TOTAL THIS MO.     0    CLEAR  (SCALE 0-3)  16
DPTR FM NORMAL     0    PTCLDY (SCALE 4-7)   8
TOTAL FM JUL 1  1370    CLOUDY (SCALE 8-10)  0
DPTR FM NORMAL   -49

[CDD (BASE 65) ]
TOTAL THIS MO.   351
DPTR FM NORMAL    90    [PRESSURE DATA]
TOTAL FM JAN 1   632    HIGHEST SLP M ON M
DPTR FM NORMAL   117    LOWEST  SLP 29.81 ON 17

[REMARKS]
