000
CXHW51 PHFO 211250
CF6LIH
PRELIMINARY LOCAL CLIMATOLOGICAL DATA (WS FORM: F-6)

                                          STATION:   LIHUE HI
                                          MONTH:     APRIL
                                          YEAR:      2018
                                          LATITUDE:   21 58 N
                                          LONGITUDE: 159 21 W

  TEMPERATURE IN F:       :PCPN:    SNOW:  WIND      :SUNSHINE: SKY     :PK WND
================================================================================
1   2   3   4   5  6A  6B    7    8   9   10  11  12  13   14  15   16   17  18
                                     12Z  AVG MX 2MIN
DY MAX MIN AVG DEP HDD CDD  WTR  SNW DPTH SPD SPD DIR MIN PSBL S-S WX    SPD DR
================================================================================

 1  79  69  74   0   0   9    T  0.0    M  5.4 13 200   M    M   M        18 210
 2  80  70  75   1   0  10 1.82  0.0    M 11.6 20 240   M    M   M 1      26 220
 3  80  67  74   0   0   9 0.01  0.0    M  8.9 17 180   M    M   M        24 190
 4  84  76  80   6   0  15 0.25  0.0    M 18.2 33 220   M    M   M 1      44 240
 5  87  72  80   6   0  15 0.00  0.0    M 14.2 24 230   M    M   M        30 220
 6   M   M   M   M   M   M    M    M    M   M   M   M   M    M   M         M  M
 7  76  70  73  -1   0   8 0.27  0.0    M  9.6 18  60   M    M   M 1      22  50
 8  77  67  72  -2   0   7 0.56  0.0    M 10.8 22  10   M    M   M 1      25  10
 9  79  66  73  -1   0   8 0.01  0.0    M 15.1 24  30   M    M   M 1      29  30
10  79  69  74   0   0   9 0.01  0.0    M 18.9 24  40   M    M   M 18     29  30
11  77  70  74   0   0   9 0.03  0.0    M 17.7 24  80   M    M   M 18     29  70
12  80  72  76   2   0  11 0.10  0.0    M 13.1 20  80   M    M   M 18     23  80
13  81  74  78   4   0  13 0.00  0.0    M 15.0 25  40   M    M   M        30  40
14  75  69  72  -2   0   7 0.27  0.0    M 19.4 31  60   M    M   M 1      39  60
15  80  68  74   0   0   9 1.65  0.0    M 16.6 26  80   M    M   M 13     31  90
16  79  72  76   2   0  11 0.01  0.0    M 17.5 22  50   M    M   M 1      27  60
17  78  70  74   0   0   9 0.03  0.0    M 17.4 28  60   M    M   M 1      32  60
18  81  73  77   3   0  12 0.00  0.0    M 15.6 22  70   M    M   M        26  60
19  79  72  76   2   0  11 0.39  0.0    M 16.6 22  60   M    M   M 1      32  70
20  80  72  76   2   0  11 0.01  0.0    M 16.8 24  70   M    M   M 1      29  70
================================================================================
SM 1511 1338         0 193  5.42     0.0 278.4          M        M
================================================================================
AV 79.5 70.4                              14.7 FASTST   M    M   0    MAX(MPH)
                                 MISC ---->  # 33 220               # 44  240
================================================================================
NOTES:
# LAST OF SEVERAL OCCURRENCES

COLUMN 17 PEAK WIND IN M.P.H.

PRELIMINARY LOCAL CLIMATOLOGICAL DATA (WS FORM: F-6) , PAGE 2

                                          STATION:  LIHUE HI
                                          MONTH:    APRIL
                                          YEAR:     2018
                                          LATITUDE:   21 58 N
                                          LONGITUDE: 159 21 W

[TEMPERATURE DATA]      [PRECIPITATION DATA]       SYMBOLS USED IN COLUMN 16

AVERAGE MONTHLY: 75.0   TOTAL FOR MONTH:   5.42    1 = FOG OR MIST
DPTR FM NORMAL:   1.0   DPTR FM NORMAL:    3.78    2 = FOG REDUCING VISIBILITY
HIGHEST:    87 ON  5    GRTST 24HR  1.82 ON  2- 2      TO 1/4 MILE OR LESS
LOWEST:     66 ON  9                               3 = THUNDER
                        SNOW, ICE PELLETS, HAIL    4 = ICE PELLETS
                        TOTAL MONTH:   0.0 INCH    5 = HAIL
                        GRTST 24HR     0.0         6 = FREEZING RAIN OR DRIZZLE
                        GRTST DEPTH:  M  ON   M    7 = DUSTSTORM OR SANDSTORM:
                                                       VSBY 1/2 MILE OR LESS
                                                   8 = SMOKE OR HAZE
[NO. OF DAYS WITH]      [WEATHER - DAYS WITH]      9 = BLOWING SNOW
                                                   X = TORNADO
MAX 32 OR BELOW:   0    0.01 INCH OR MORE:  15
MAX 90 OR ABOVE:   0    0.10 INCH OR MORE:   8
MIN 32 OR BELOW:   0    0.50 INCH OR MORE:   3
MIN  0 OR BELOW:   0    1.00 INCH OR MORE:   2

[HDD (BASE 65) ]
TOTAL THIS MO.     0    CLEAR  (SCALE 0-3)   0
DPTR FM NORMAL     0    PTCLDY (SCALE 4-7)   0
TOTAL FM JUL 1     0    CLOUDY (SCALE 8-10)  0
DPTR FM NORMAL     0

[CDD (BASE 65) ]
TOTAL THIS MO.   193
DPTR FM NORMAL    14    [PRESSURE DATA]
TOTAL FM JAN 1   892    HIGHEST SLP M ON M
DPTR FM NORMAL    79    LOWEST  SLP 29.80 ON  3

[REMARKS]
