000
CXUS55 KEAX 250736
CF6MCI
PRELIMINARY LOCAL CLIMATOLOGICAL DATA (WS FORM: F-6)

                                          STATION:   Kansas City International MO
                                          MONTH:     APRIL
                                          YEAR:      2018
                                          LATITUDE:   39 19 N
                                          LONGITUDE:  94 43 W

  TEMPERATURE IN F:       :PCPN:    SNOW:  WIND      :SUNSHINE: SKY     :PK WND
================================================================================
1   2   3   4   5  6A  6B    7    8   9   10  11  12  13   14  15   16   17  18
                                     12Z  AVG MX 2MIN
DY MAX MIN AVG DEP HDD CDD  WTR  SNW DPTH SPD SPD DIR MIN PSBL S-S WX    SPD DR
================================================================================

 1  33  22  28 -22  37   0 0.21  1.1    1 11.7 22  20   M    M   9 1246   26  20
 2  34  21  28 -22  37   0 0.02    T    1  9.4 17 140   M    M  10 16     20 150
 3  40  24  32 -19  33   0 0.07  0.0    0 14.9 29 320   M    M   8 1      38 300
 4  45  17  31 -20  34   0 0.00  0.0    0  8.7 17 320   M    M   4 8      23 320
 5  67  34  51   0  14   0 0.00  0.0    0 10.0 20 220   M    M   8 8      25 210
 6  44  23  34 -18  31   0    T    T    0 17.1 30  20   M    M   9        39  20
 7  44  16  30 -22  35   0 0.00  0.0    0  9.3 20  10   M    M   5        26  10
 8  38  30  34 -18  31   0 0.12  0.8    1 12.3 23 150   M    M   8 1      28 160
 9  42  29  36 -17  29   0 0.00  0.0    0  7.9 15 360   M    M   9 1      19 350
10  61  26  44  -9  21   0    T  0.0    0  8.5 20 220   M    M   6 18     24 190
11  80  47  64  11   1   0 0.00  0.0    0 18.2 30 200   M    M   7 8      40 190
12  82  55  69  15   0   4 0.00  0.0    0 15.9 29 190   M    M   5 8      37 190
13  83  51  67  13   0   2 0.13  0.0    0 18.8 35 210   M    M   7 138    43 220
14  52  30  41 -13  24   0 0.03    T    0 13.7 21 300   M    M   9 1      29 300
15  31  26  29 -26  36   0    T    T    0 16.5 25 320   M    M  10 1      35 320
16  51  26  39 -16  26   0 0.00  0.0    0  9.2 21 320   M    M   4 8      27 320
17  65  33  49  -6  16   0 0.00  0.0    0 14.9 26 100   M    M   2        34 110
18  53  35  44 -12  21   0 0.00  0.0    0 14.8 25 310   M    M   7 8      34 290
19  59  28  44 -12  21   0 0.00  0.0    0  9.0 20  20   M    M   3 18     24  20
20  63  37  50  -6  15   0 0.00  0.0    0 11.3 22 130   M    M   6        26 100
21  64  48  56  -1   9   0    T  0.0    0 11.6 20  70   M    M  10        25  70
22  67  47  57   0   8   0 0.01  0.0    0 12.0 22  90   M    M   9        27  60
23  75  52  64   7   1   0 0.00  0.0    0  9.3 20  30   M    M   5        26  40
24  78  46  62   4   3   0 0.00  0.0    0 10.0 26 310   M    M   5 8      38 320
================================================================================
SM 1351  803       483   6  0.59     1.9 295.0          M      165
================================================================================
AV 56.3 33.5                              12.3 FASTST   M    M   7    MAX(MPH)
                                 MISC ---->  # 35 210               # 43  220
================================================================================
NOTES:
# LAST OF SEVERAL OCCURRENCES

COLUMN 17 PEAK WIND IN M.P.H.

PRELIMINARY LOCAL CLIMATOLOGICAL DATA (WS FORM: F-6) , PAGE 2

                                          STATION:  Kansas City International MO
                                          MONTH:    APRIL
                                          YEAR:     2018
                                          LATITUDE:   39 19 N
                                          LONGITUDE:  94 43 W

[TEMPERATURE DATA]      [PRECIPITATION DATA]       SYMBOLS USED IN COLUMN 16

AVERAGE MONTHLY: 44.9   TOTAL FOR MONTH:   0.59    1 = FOG OR MIST
DPTR FM NORMAL:  -9.0   DPTR FM NORMAL:   -2.20    2 = FOG REDUCING VISIBILITY
HIGHEST:    83 ON 13    GRTST 24HR  0.21 ON  1- 1      TO 1/4 MILE OR LESS
LOWEST:     16 ON  7                               3 = THUNDER
                        SNOW, ICE PELLETS, HAIL    4 = ICE PELLETS
                        TOTAL MONTH:   1.9 INCHES  5 = HAIL
                        GRTST 24HR   1.1 ON  1- 1  6 = FREEZING RAIN OR DRIZZLE
                        GRTST DEPTH:   1 ON  8, 2  7 = DUSTSTORM OR SANDSTORM:
                                                       VSBY 1/2 MILE OR LESS
                                                   8 = SMOKE OR HAZE
[NO. OF DAYS WITH]      [WEATHER - DAYS WITH]      9 = BLOWING SNOW
                                                   X = TORNADO
MAX 32 OR BELOW:   1    0.01 INCH OR MORE:   7
MAX 90 OR ABOVE:   0    0.10 INCH OR MORE:   3
MIN 32 OR BELOW:  13    0.50 INCH OR MORE:   0
MIN  0 OR BELOW:   0    1.00 INCH OR MORE:   0

[HDD (BASE 65) ]
TOTAL THIS MO.   483    CLEAR  (SCALE 0-3)   2
DPTR FM NORMAL   198    PTCLDY (SCALE 4-7)  12
TOTAL FM JUL 1  5065    CLOUDY (SCALE 8-10) 10
DPTR FM NORMAL    89

[CDD (BASE 65) ]
TOTAL THIS MO.     6
DPTR FM NORMAL   -12    [PRESSURE DATA]
TOTAL FM JAN 1     6    HIGHEST SLP  0.00 ON M
DPTR FM NORMAL   -15    LOWEST  SLP  0.00 ON M

[REMARKS]
