000
CXUS55 KEAX 250736
CF6MKC
PRELIMINARY LOCAL CLIMATOLOGICAL DATA (WS FORM: F-6)

                                          STATION:   Downtown Kansas City MO
                                          MONTH:     MAY
                                          YEAR:      2018
                                          LATITUDE:   39  7 N
                                          LONGITUDE:  94 36 W

  TEMPERATURE IN F:       :PCPN:    SNOW:  WIND      :SUNSHINE: SKY     :PK WND
================================================================================
1   2   3   4   5  6A  6B    7    8   9   10  11  12  13   14  15   16   17  18
                                     12Z  AVG MX 2MIN
DY MAX MIN AVG DEP HDD CDD  WTR  SNW DPTH SPD SPD DIR MIN PSBL S-S WX    SPD DR
================================================================================

 1  79  65  72  10   0   7 0.06  0.0    0 14.2 23 170   M    M   6 3      34 170
 2  82  64  73  11   0   8 0.85  0.0    0  9.5 25 290   M    M   9 13     40 290
 3  81  62  72  10   0   7 0.02  0.0    0 10.8 29 210   M    M   4 3      38 320
 4  79  58  69   6   0   4 0.00  0.0    0  6.6 21 320   M    M   2 8      30 320
 5  85  54  70   7   0   5 0.00  0.0    0  3.8 24 340   M    M   1        34 350
 6  86  59  73  10   0   8 0.00  0.0    0  4.9 14 360   M    M   1        19 340
 7  86  62  74  10   0   9 0.00  0.0    0  6.9 13 120   M    M   0 8      19 130
 8  86  66  76  12   0  11    T  0.0    0 10.8 18 150   M    M   2 3      35 150
 9  86  66  76  12   0  11 0.00  0.0    0  7.9 21 280   M    M   0        27 290
10  90  62  76  11   0  11 0.00  0.0    0  5.7 15 140   M    M   0        22 190
11  86  67  77  12   0  12 0.13  0.0    0 13.1 24 190   M    M   5 3      36 210
12  85  71  78  13   0  13 0.03  0.0    0 11.1 20 190   M    M   3 3      29 170
13  92  72  82  16   0  17 0.00  0.0    0 11.4 21 200   M    M   3        32 210
14  88  72  80  14   0  15    T  0.0    0  7.6 18 200   M    M   2 3      26 200
15  80  67  74   8   0   9 0.00  0.0    0  5.6 20 230   M    M   4        26 230
16  82  62  72   6   0   7 0.05  0.0    0  4.1 22 350   M    M   3 138    32 350
17  85  64  75   8   0  10    T  0.0    0  5.6 16 150   M    M   1 3      24 100
18  88  62  75   8   0  10 0.00  0.0    0  6.3 14 140   M    M   0        25 110
19  80  67  74   7   0   9 0.16  0.0    0  5.5 18 220   M    M   4 3      24 220
20  73  65  69   1   0   4 0.61  0.0    0  5.3 17 200   M    M   8 13     24 190
21  73  62  68   0   0   3 0.00  0.0    0  5.4 13 330   M    M   6 18     18 260
22  87  60  74   6   0   9 0.00    M    M  4.2 14 150   M    M   0        19 150
23  91  69  80  11   0  15 0.00    M    M  7.2 18 170   M    M   1        25 150
24  87  69  78   9   0  13    T    M    M  7.5 16 150   M    M   2        23 150
================================================================================
SM 2017 1547         0 227  1.91     0.0 181.0          M       67
================================================================================
AV 84.0 64.5                               7.5 FASTST   M    M   3    MAX(MPH)
                                 MISC ---->  # 29 210               # 40  290
================================================================================
NOTES:
# LAST OF SEVERAL OCCURRENCES

COLUMN 17 PEAK WIND IN M.P.H.

PRELIMINARY LOCAL CLIMATOLOGICAL DATA (WS FORM: F-6) , PAGE 2

                                          STATION:  Downtown Kansas City MO
                                          MONTH:    MAY
                                          YEAR:     2018
                                          LATITUDE:   39  7 N
                                          LONGITUDE:  94 36 W

[TEMPERATURE DATA]      [PRECIPITATION DATA]       SYMBOLS USED IN COLUMN 16

AVERAGE MONTHLY: 74.3   TOTAL FOR MONTH:   1.91    1 = FOG OR MIST
DPTR FM NORMAL:   8.9   DPTR FM NORMAL:   -2.04    2 = FOG REDUCING VISIBILITY
HIGHEST:    92 ON 13    GRTST 24HR  0.85 ON  2- 2      TO 1/4 MILE OR LESS
LOWEST:     54 ON  5                               3 = THUNDER
                        SNOW, ICE PELLETS, HAIL    4 = ICE PELLETS
                        TOTAL MONTH:   0.0 INCH    5 = HAIL
                        GRTST 24HR     0.0         6 = FREEZING RAIN OR DRIZZLE
                        GRTST DEPTH:   0           7 = DUSTSTORM OR SANDSTORM:
                                                       VSBY 1/2 MILE OR LESS
                                                   8 = SMOKE OR HAZE
[NO. OF DAYS WITH]      [WEATHER - DAYS WITH]      9 = BLOWING SNOW
                                                   X = TORNADO
MAX 32 OR BELOW:   0    0.01 INCH OR MORE:   8
MAX 90 OR ABOVE:   3    0.10 INCH OR MORE:   4
MIN 32 OR BELOW:   0    0.50 INCH OR MORE:   2
MIN  0 OR BELOW:   0    1.00 INCH OR MORE:   0

[HDD (BASE 65) ]
TOTAL THIS MO.     0    CLEAR  (SCALE 0-3)  15
DPTR FM NORMAL   -68    PTCLDY (SCALE 4-7)   8
TOTAL FM JUL 1  4554    CLOUDY (SCALE 8-10)  1
DPTR FM NORMAL  -121

[CDD (BASE 65) ]
TOTAL THIS MO.   227
DPTR FM NORMAL   149    [PRESSURE DATA]
TOTAL FM JAN 1   241    HIGHEST SLP  0.00 ON 24
DPTR FM NORMAL   125    LOWEST  SLP  0.00 ON 24

[REMARKS]
