000
CXUS54 KOUN 240700
CF6OKC
PRELIMINARY LOCAL CLIMATOLOGICAL DATA (WS FORM: F-6)

                                          STATION:   OKLAHOMA CITY
                                          MONTH:     APRIL
                                          YEAR:      2018
                                          LATITUDE:   35 24 N
                                          LONGITUDE:  97 36 W

  TEMPERATURE IN F:       :PCPN:    SNOW:  WIND      :SUNSHINE: SKY     :PK WND
================================================================================
1   2   3   4   5  6A  6B    7    8   9   10  11  12  13   14  15   16   17  18
                                     12Z  AVG MX 2MIN
DY MAX MIN AVG DEP HDD CDD  WTR  SNW DPTH SPD SPD DIR MIN PSBL S-S WX    SPD DR
================================================================================

 1  49  33  41 -16  24   0    T  0.0    0 15.2 24  30   M    M  10 1      29  50
 2  58  32  45 -12  20   0    T  0.0    0 12.9 29 180   M    M  10        37 180
 3  66  40  53  -4  12   0 0.00  0.0    0 23.7 39 330   M    M   6        50 330
 4  58  31  45 -13  20   0 0.00  0.0    0  9.1 20 190   M    M   2        27 150
 5  70  42  56  -2   9   0    T  0.0    0 14.6 28 160   M    M   8        35 180
 6  61  31  46 -12  19   0 0.01  0.0    0 17.9 35  10   M    M  10 16     44  20
 7  46  24  35 -23  30   0 0.04    T    0 14.7 30  10   M    M   7 146    38  10
 8  48  30  39 -20  26   0 0.00  0.0    0  8.0 24 150   M    M   7        27 160
 9  68  33  51  -8  14   0    T  0.0    0  8.9 24  10   M    M   5 1      28  10
10  70  32  51  -8  14   0 0.00  0.0    0  8.2 18 210   M    M   4 1      24 210
11  81  52  67   7   0   2 0.00  0.0    0 22.0 35 180   M    M   7        44 190
12  86  62  74  14   0   9 0.00  0.0    0 25.4 33 180   M    M   4        43 160
13  87  46  67   7   0   2 0.01  0.0    0 24.2 40 250   M    M   6 38     50 260
14  49  32  41 -19  24   0 0.00  0.0    0 25.0 39 320   M    M   6        51 330
15  59  29  44 -17  21   0 0.00  0.0    0 16.9 29 330   M    M   1        39 350
16  74  31  53  -8  12   0 0.00  0.0    0 12.5 22 180   M    M   3        29 180
17  87  56  72  11   0   7 0.00  0.0    0 20.3 31 300   M    M   7        38 290
18  74  51  63   1   2   0 0.00  0.0    0 19.2 32 330   M    M   2 8      40 340
19  66  42  54  -8  11   0 0.00  0.0    0 10.1 17  40   M    M   3        30  20
20  68  40  54  -8  11   0    T  0.0    0 15.8 25 140   M    M   6        32 170
21  56  46  51 -12  14   0 1.45  0.0    0 11.9 26 100   M    M  10 13     35 100
22  63  43  53 -10  12   0 0.00  0.0    0 18.1 25 350   M    M   7 1      32 330
23  72  47  60  -3   5   0 0.00  0.0    0 10.2 20 350   M    M   4        25 350
================================================================================
SM 1516  905       300  20  1.51    T    364.8          M      135
================================================================================
AV 65.9 39.4                              15.9 FASTST   M    M   6    MAX(MPH)
                                 MISC ---->  # 40 250               # 51  330
================================================================================
NOTES:
# LAST OF SEVERAL OCCURRENCES

COLUMN 17 PEAK WIND IN M.P.H.

PRELIMINARY LOCAL CLIMATOLOGICAL DATA (WS FORM: F-6) , PAGE 2

                                          STATION:  OKLAHOMA CITY
                                          MONTH:    APRIL
                                          YEAR:     2018
                                          LATITUDE:   35 24 N
                                          LONGITUDE:  97 36 W

[TEMPERATURE DATA]      [PRECIPITATION DATA]       SYMBOLS USED IN COLUMN 16

AVERAGE MONTHLY: 52.6   TOTAL FOR MONTH:   1.51    1 = FOG OR MIST
DPTR FM NORMAL:  -7.3   DPTR FM NORMAL:   -0.66    2 = FOG REDUCING VISIBILITY
HIGHEST:    87 ON 17,13 GRTST 24HR  1.45 ON 21-21      TO 1/4 MILE OR LESS
LOWEST:     24 ON  7                               3 = THUNDER
                        SNOW, ICE PELLETS, HAIL    4 = ICE PELLETS
                        TOTAL MONTH:    T          5 = HAIL
                        GRTST 24HR    T  ON  7- 7  6 = FREEZING RAIN OR DRIZZLE
                        GRTST DEPTH:   0           7 = DUSTSTORM OR SANDSTORM:
                                                       VSBY 1/2 MILE OR LESS
                                                   8 = SMOKE OR HAZE
[NO. OF DAYS WITH]      [WEATHER - DAYS WITH]      9 = BLOWING SNOW
                                                   X = TORNADO
MAX 32 OR BELOW:   0    0.01 INCH OR MORE:   4
MAX 90 OR ABOVE:   0    0.10 INCH OR MORE:   1
MIN 32 OR BELOW:   9    0.50 INCH OR MORE:   1
MIN  0 OR BELOW:   0    1.00 INCH OR MORE:   1

[HDD (BASE 65) ]
TOTAL THIS MO.   300    CLEAR  (SCALE 0-3)   4
DPTR FM NORMAL   150    PTCLDY (SCALE 4-7)  15
TOTAL FM JUL 1  3524    CLOUDY (SCALE 8-10)  4
DPTR FM NORMAL   215

[CDD (BASE 65) ]
TOTAL THIS MO.    20
DPTR FM NORMAL   -14    [PRESSURE DATA]
TOTAL FM JAN 1    30    HIGHEST SLP M ON M
DPTR FM NORMAL   -17    LOWEST  SLP 29.39 ON 13

[REMARKS]
