651
CXAK56 PAFG 260946
CF6OME
PRELIMINARY LOCAL CLIMATOLOGICAL DATA (WS FORM: F-6)

                                          STATION:   NOME AK
                                          MONTH:     MAY
                                          YEAR:      2018
                                          LATITUDE:   64 30 N
                                          LONGITUDE: 165 26 W

  TEMPERATURE IN F:       :PCPN:    SNOW:  WIND      :SUNSHINE: SKY     :PK WND
================================================================================
1   2   3   4   5  6A  6B    7    8   9   10  11  12  13   14  15   16   17  18
                                     12Z  AVG MX 2MIN
DY MAX MIN AVG DEP HDD CDD  WTR  SNW DPTH SPD SPD DIR MIN PSBL S-S WX    SPD DR
================================================================================

 1  26  21  24  -6  41   0    M    M   14 17.3 25 270   M    M  10 18     30 280
 2  30  17  24  -6  41   0    T    M   12  6.4 21 270   M    M   9 1      24 260
 3  33  16  25  -6  40   0    T    M   10 12.5 21  20   M    M   7        24  20
 4  39  23  31   0  34   0 0.00  0.0    7 24.1 37  20   M    M   9        45  20
 5  39  30  35   3  30   0 0.03    M    5 11.3 31  20   M    M  10 1      36  20
 6  33  26  30  -2  35   0    T    M    2  9.1 18 230   M    M   9 1      22 220
 7  35  23  29  -4  36   0 0.01    M    2 13.6 21  80   M    M   6 1      26  80
 8  40  32  36   3  29   0    T    T    1 13.8 21  70   M    M   7 1      26  70
 9  47  36  42   8  23   0 0.01  0.0    T 12.2 20  70   M    M  10        26  70
10  41  34  38   4  27   0 0.03  0.0    T  6.9 15 360   M    M  10 12     17  80
11  45  35  40   5  25   0 0.02  0.0    T  7.8 17 350   M    M   8        20  10
12  38  34  36   1  29   0 0.01  0.0    T 12.8 18 110   M    M   9 1      24 100
13  35  32  34  -2  31   0 0.19    T    T 12.9 21 110   M    M  10 1      25 110
14  38  32  35  -1  30   0    M    M    M  7.9 15 130   M    M   9 1      18 140
15  41  30  36  -1  29   0    M    M    M  9.0 16 300   M    M   5        19 310
16  36  30  33  -4  32   0    M    M    M  6.7 15 270   M    M  10 1      17 270
17  45  30  38   0  27   0    M    M    T  9.0 20  40   M    M   6 1      23  30
18  50  40  45   7  20   0 0.00  0.0    T 16.4 21  30   M    M   7        27  40
19  53  39  46   8  19   0 0.00  0.0    T 15.0 23  10   M    M   6        27  10
20  50  39  45   6  20   0    M    M    T 10.1 20  90   M    M   7 1      24  90
21  52  34  43   4  22   0 0.00  0.0    T 11.8 18 350   M    M   3        21 350
22  45  29  37  -3  28   0 0.00  0.0    T  5.4 15 260   M    M   0        17 260
23  42  33  38  -2  27   0 0.00  0.0    T  7.7 15  70   M    M   4        20  70
24  51  32  42   2  23   0 0.00  0.0    T  6.3 14 350   M    M   1        17 340
25  43  32  38  -3  27   0 0.00  0.0    T 10.5 20 290   M    M   4        25 290
================================================================================
SM 1027  759       725   0  0.30    T    276.5          M      176
================================================================================
AV 41.1 30.4                              11.1 FASTST   M    M   7    MAX(MPH)
                                 MISC ---->  # 37  20               # 45   20
================================================================================
NOTES:
# LAST OF SEVERAL OCCURRENCES

COLUMN 17 PEAK WIND IN M.P.H.

PRELIMINARY LOCAL CLIMATOLOGICAL DATA (WS FORM: F-6) , PAGE 2

                                          STATION:  NOME AK
                                          MONTH:    MAY
                                          YEAR:     2018
                                          LATITUDE:   64 30 N
                                          LONGITUDE: 165 26 W

[TEMPERATURE DATA]      [PRECIPITATION DATA]       SYMBOLS USED IN COLUMN 16

AVERAGE MONTHLY: 35.7   TOTAL FOR MONTH:   0.30    1 = FOG OR MIST
DPTR FM NORMAL:   0.2   DPTR FM NORMAL:   -0.39    2 = FOG REDUCING VISIBILITY
HIGHEST:    53 ON 19    GRTST 24HR  0.19 ON 13-13      TO 1/4 MILE OR LESS
LOWEST:     16 ON  3                               3 = THUNDER
                        SNOW, ICE PELLETS, HAIL    4 = ICE PELLETS
                        TOTAL MONTH:    T          5 = HAIL
                        GRTST 24HR    T  ON 13-13  6 = FREEZING RAIN OR DRIZZLE
                        GRTST DEPTH:  14 ON  1     7 = DUSTSTORM OR SANDSTORM:
                                                       VSBY 1/2 MILE OR LESS
                                                   8 = SMOKE OR HAZE
[NO. OF DAYS WITH]      [WEATHER - DAYS WITH]      9 = BLOWING SNOW
                                                   X = TORNADO
MAX 32 OR BELOW:   2    0.01 INCH OR MORE:   7
MAX 90 OR ABOVE:   0    0.10 INCH OR MORE:   1
MIN 32 OR BELOW:  16    0.50 INCH OR MORE:   0
MIN  0 OR BELOW:   0    1.00 INCH OR MORE:   0

[HDD (BASE 65) ]
TOTAL THIS MO.   725    CLEAR  (SCALE 0-3)   3
DPTR FM NORMAL   -11    PTCLDY (SCALE 4-7)  10
TOTAL FM JUL 1 11541    CLOUDY (SCALE 8-10) 12
DPTR FM NORMAL -1505

[CDD (BASE 65) ]
TOTAL THIS MO.     0
DPTR FM NORMAL     0    [PRESSURE DATA]
TOTAL FM JAN 1     0    HIGHEST SLP M ON M
DPTR FM NORMAL     0    LOWEST  SLP 29.57 ON  1

[REMARKS]
