000
CXUS56 KBOI 231002
CF6REO
PRELIMINARY LOCAL CLIMATOLOGICAL DATA (WS FORM: F-6)

                                          STATION:   ROME OR
                                          MONTH:     APRIL
                                          YEAR:      2018
                                          LATITUDE:   42 35 N
                                          LONGITUDE: 117 52 W

  TEMPERATURE IN F:       :PCPN:    SNOW:  WIND      :SUNSHINE: SKY     :PK WND
================================================================================
1   2   3   4   5  6A  6B    7    8   9   10  11  12  13   14  15   16   17  18
                                     12Z  AVG MX 2MIN
DY MAX MIN AVG DEP HDD CDD  WTR  SNW DPTH SPD SPD DIR MIN PSBL S-S WX    SPD DR
================================================================================

 1  66  30  48   6  17   0 0.00    M    M 11.8 26 250   M    M   0        32 240
 2  52  21  37  -6  28   0 0.02    M    M 17.1 33 220   M    M   0        41 220
 3  62  12  37  -6  28   0 0.00    M    M  6.3 15 210   M    M   0        19 180
 4  66  47  57  14   8   0 0.00    M    M  7.4 21 250   M    M   0        27 250
 5  65  47  56  13   9   0 0.02    M    M 11.9 24 230   M    M   0        33 250
 6  56  46  51   8  14   0 0.06    M    M  4.8 10 220   M    M   0        14 220
 7  66  48  57  13   8   0 0.01    M    M 21.5 43 210   M    M   0        55 210
 8  61  33  47   3  18   0 0.00    M    M 16.0 30 220   M    M   0        37 220
 9  69  26  48   4  17   0 0.00    M    M  5.8 14 130   M    M   0        16  40
10  77  42  60  16   5   0 0.00    M    M 11.3 32 210   M    M   0        44 230
11  66  42  54  10  11   0 0.00    M    M 14.4 35 220   M    M   0        46 210
12  49  31  40  -5  25   0 0.13    M    M 13.9 32 290   M    M   0        41 260
13  59  24  42  -3  23   0 0.00    M    M  7.9 20 290   M    M   0        25 290
14  65  39  52   7  13   0 0.00    M    M  6.3 16 230   M    M   0        20 220
15  72  44  58  13   7   0 0.00    M    M 17.4 37 190   M    M   0        48 190
16  51  27  39  -7  26   0 0.00    M    M 12.2 26 290   M    M   0        34 290
17  53  22  38  -8  27   0 0.00    M    M  7.1 15 220   M    M   0        20 250
18  58  26  42  -4  23   0 0.00    M    M  5.4 20 210   M    M   0        26 190
19  65  36  51   5  14   0 0.03    M    M 12.4 24 310   M    M   0        32 340
20  69  28  49   2  16   0 0.00    M    M  6.9 15 240   M    M   0        21 250
21  76  37  57  10   8   0 0.00    M    M  7.7 17 210   M    M   0        22 240
22  68  30  49   2  16   0 0.00    M    M  8.6 20  20   M    M   0        27 350
================================================================================
SM 1391  738       361   0  0.27    M    234.1          M        0
================================================================================
AV 63.2 33.6                              10.6 FASTST   M    M   0    MAX(MPH)
                                 MISC ---->  # 43 210               # 55  210
================================================================================
NOTES:
# LAST OF SEVERAL OCCURRENCES

COLUMN 17 PEAK WIND IN M.P.H.

PRELIMINARY LOCAL CLIMATOLOGICAL DATA (WS FORM: F-6) , PAGE 2

                                          STATION:  ROME OR
                                          MONTH:    APRIL
                                          YEAR:     2018
                                          LATITUDE:   42 35 N
                                          LONGITUDE: 117 52 W

[TEMPERATURE DATA]      [PRECIPITATION DATA]       SYMBOLS USED IN COLUMN 16

AVERAGE MONTHLY: 48.4   TOTAL FOR MONTH:   0.27    1 = FOG OR MIST
DPTR FM NORMAL:   3.8   DPTR FM NORMAL:   -0.43    2 = FOG REDUCING VISIBILITY
HIGHEST:    77 ON 10    GRTST 24HR  0.13 ON 12-12      TO 1/4 MILE OR LESS
LOWEST:     12 ON  3                               3 = THUNDER
                        SNOW, ICE PELLETS, HAIL    4 = ICE PELLETS
                        TOTAL MONTH:    M          5 = HAIL
                        GRTST 24HR    M  ON   M    6 = FREEZING RAIN OR DRIZZLE
                        GRTST DEPTH:  M  ON   M    7 = DUSTSTORM OR SANDSTORM:
                                                       VSBY 1/2 MILE OR LESS
                                                   8 = SMOKE OR HAZE
[NO. OF DAYS WITH]      [WEATHER - DAYS WITH]      9 = BLOWING SNOW
                                                   X = TORNADO
MAX 32 OR BELOW:   0    0.01 INCH OR MORE:   6
MAX 90 OR ABOVE:   0    0.10 INCH OR MORE:   1
MIN 32 OR BELOW:  11    0.50 INCH OR MORE:   0
MIN  0 OR BELOW:   0    1.00 INCH OR MORE:   0

[HDD (BASE 65) ]
TOTAL THIS MO.   361    CLEAR  (SCALE 0-3)  22
DPTR FM NORMAL   -86    PTCLDY (SCALE 4-7)   0
TOTAL FM JUL 1  5444    CLOUDY (SCALE 8-10)  0
DPTR FM NORMAL  -518

[CDD (BASE 65) ]
TOTAL THIS MO.     0
DPTR FM NORMAL     0    [PRESSURE DATA]
TOTAL FM JAN 1     0    HIGHEST SLP M ON M
DPTR FM NORMAL     0    LOWEST  SLP 29.42 ON 15

[REMARKS]
