000
CXUS54 KLZK 251130
CF6RUE
PRELIMINARY LOCAL CLIMATOLOGICAL DATA (WS FORM: F-6)

                                          STATION:   Russellville
                                          MONTH:     APRIL
                                          YEAR:      2018
                                          LATITUDE:   35 15 N
                                          LONGITUDE:  93  6 W

  TEMPERATURE IN F:       :PCPN:    SNOW:  WIND      :SUNSHINE: SKY     :PK WND
================================================================================
1   2   3   4   5  6A  6B    7    8   9   10  11  12  13   14  15   16   17  18
                                     12Z  AVG MX 2MIN
DY MAX MIN AVG DEP HDD CDD  WTR  SNW DPTH SPD SPD DIR MIN PSBL S-S WX    SPD DR
================================================================================

 1  62  42  52  -5  13   0 0.07    M    M   M   M   M   M    M   M         M  M
 2  54  39  47 -10  18   0 0.00  0.0    M  5.0 12  70   M    M   6 13     14  60
 3  80  44  62   4   3   0 0.00  0.0    0  8.7 26 280   M    M   6 13     37 270
 4  58  30  44 -14  21   0 0.00  0.0    0  3.7 14 300   M    M   0        20 310
 5  62  33  48 -10  17   0    T  0.0    0  3.3 15 180   M    M   3        22 170
 6  55  45  50  -8  15   0 0.75  0.0    0  4.3 18  20   M    M  10 13     28  20
 7  47  31  39 -20  26   0 0.07    M    0  6.2 17 360   M    M   6 6      23  20
 8  49  28  39 -20  26   0 0.00  0.0    0  3.4 13  80   M    M   4        19  70
 9  67  33  50  -9  15   0 0.00  0.0    0  3.1 12  50   M    M   1        15 250
10  68  41  55  -5  10   0 0.00  0.0    0  5.3 15 350   M    M   0        20 350
11  77  39  58  -2   7   0 0.00  0.0    0  4.8 16 190   M    M   0        26 180
12  82  52  67   7   0   2 0.00  0.0    0  7.4 20 180   M    M   0        28 190
13  78  59  69   8   0   4 0.95  0.0    0  7.2 22 290   M    M   8 13     33 290
14  60  43  52  -9  13   0 0.26    M    0 15.4 26 280   M    M   5 13     36 280
15  51  37  44 -17  21   0 0.00  0.0    0 14.6 26 280   M    M   8        35 290
16  66  30  48 -14  17   0 0.00  0.0    0  5.5 16 270   M    M   0        20 280
17  83  41  62   0   3   0 0.00  0.0    0  5.7 17 190   M    M   0        26 200
18  76  53  65   3   0   0 0.00  0.0    0 12.5 25 270   M    M   2        37 260
19  64  43  54  -8  11   0 0.00  0.0    0  7.4 16 340   M    M   0        22  30
20  68  38  53 -10  12   0 0.00  0.0    0  6.0 15  70   M    M   0        20 100
21  69  44  57  -6   8   0 0.15    M    0  4.8 14  90   M    M   3 13     21 100
22  60  53  57  -6   8   0 0.15  0.0    0  6.6 16 290   M    M   9 13     21 280
23  69  50  60  -4   5   0 0.00  0.0    0  7.1 16 270   M    M   9        22 270
24  81  47  64   0   1   0 0.00  0.0    0  3.7 15 260   M    M   0 1      22 260
================================================================================
SM 1586  995       270   6  2.40     0.0 151.7          M       80
================================================================================
AV 66.1 41.5                               6.6 FASTST   M    M   3    MAX(MPH)
                                 MISC ---->  # 26 280               # 37  270
================================================================================
NOTES:
# LAST OF SEVERAL OCCURRENCES

COLUMN 17 PEAK WIND IN M.P.H.

PRELIMINARY LOCAL CLIMATOLOGICAL DATA (WS FORM: F-6) , PAGE 2

                                          STATION:  Russellville
                                          MONTH:    APRIL
                                          YEAR:     2018
                                          LATITUDE:   35 15 N
                                          LONGITUDE:  93  6 W

[TEMPERATURE DATA]      [PRECIPITATION DATA]       SYMBOLS USED IN COLUMN 16

AVERAGE MONTHLY: 53.8   TOTAL FOR MONTH:   2.40    1 = FOG OR MIST
DPTR FM NORMAL:  -6.7   DPTR FM NORMAL:   -1.62    2 = FOG REDUCING VISIBILITY
HIGHEST:    83 ON 17    GRTST 24HR  0.95 ON 13-13      TO 1/4 MILE OR LESS
LOWEST:     28 ON  8                               3 = THUNDER
                        SNOW, ICE PELLETS, HAIL    4 = ICE PELLETS
                        TOTAL MONTH:   0.0 INCH    5 = HAIL
                        GRTST 24HR     0.0         6 = FREEZING RAIN OR DRIZZLE
                        GRTST DEPTH:   0           7 = DUSTSTORM OR SANDSTORM:
                                                       VSBY 1/2 MILE OR LESS
                                                   8 = SMOKE OR HAZE
[NO. OF DAYS WITH]      [WEATHER - DAYS WITH]      9 = BLOWING SNOW
                                                   X = TORNADO
MAX 32 OR BELOW:   0    0.01 INCH OR MORE:   7
MAX 90 OR ABOVE:   0    0.10 INCH OR MORE:   5
MIN 32 OR BELOW:   4    0.50 INCH OR MORE:   2
MIN  0 OR BELOW:   0    1.00 INCH OR MORE:   0

[HDD (BASE 65) ]
TOTAL THIS MO.   270    CLEAR  (SCALE 0-3)  12
DPTR FM NORMAL   128    PTCLDY (SCALE 4-7)   8
TOTAL FM JUL 1  3299    CLOUDY (SCALE 8-10)  3
DPTR FM NORMAL    78

[CDD (BASE 65) ]
TOTAL THIS MO.     6
DPTR FM NORMAL   -24    [PRESSURE DATA]
TOTAL FM JAN 1    14    HIGHEST SLP M ON M
DPTR FM NORMAL   -29    LOWEST  SLP 29.51 ON 14

[REMARKS]
