000
CXUS54 KEWX 241010
CF6RYW
PRELIMINARY LOCAL CLIMATOLOGICAL DATA (WS FORM: F-6)
STATION: LAGO VISTA
MONTH: APRIL
YEAR: 2024
LATITUDE: 30 30 N
LONGITUDE: 97 58 W
TEMPERATURE IN F: :PCPN: SNOW: WIND :SUNSHINE: SKY :PK WND
================================================================================
1 2 3 4 5 6A 6B 7 8 9 10 11 12 13 14 15 16 17 18
12Z AVG MX 2MIN
DY MAX MIN AVG DEP HDD CDD WTR SNW DPTH SPD SPD DIR MIN PSBL S-S WX SPD DR
================================================================================
1 82 63 73 M 0 8 0.17 M M 10.4 18 180 M M 6 138 36 0
2 70 55 63 M 2 0 0.00 M M 9.0 15 320 M M 2 3 23 330
3 80 45 63 M 2 0 0.00 M M 9.0 15 270 M M 0 22 270
4 86 51 69 M 0 4 0.00 M M 4.5 7 210 M M 0 M M
5 85 62 74 M 0 9 0.00 M M 9.5 15 180 M M 0 26 190
6 77 61 69 M 0 4 0.00 M M 10.6 16 180 M M 9 28 190
7 80 57 69 M 0 4 0.02 M M 5.2 13 180 M M 2 1 18 180
8 78 63 71 M 0 6 0.00 M M 5.8 9 160 M M 8 1 18 160
9 80 62 71 M 0 6 0.70 M M 7.0 14 170 M M 9 13 21 170
10 67 54 61 M 4 0 0.00 M M 11.7 22 270 M M 5 31 270
11 79 50 65 M 0 0 0.00 M M 8.2 12 320 M M 0 18 280
12 80 57 69 M 0 4 0.00 M M 7.8 14 140 M M 0 21 170
13 81 60 71 M 0 6 0.00 M M 9.5 17 170 M M 2 26 170
14 82 64 73 M 0 8 0.00 M M 8.5 12 160 M M 7 22 180
15 82 67 75 M 0 10 0.00 M M 10.3 23 140 M M 10 1 31 140
16 81 67 74 M 0 9 0.00 M M 7.2 13 180 M M 9 1 24 180
17 80 70 75 M 0 10 0.00 M M 5.2 10 140 M M 8 12 16 140
18 87 70 79 M 0 14 0.00 M M 7.1 12 180 M M 7 16 190
19 73 62 68 M 0 3 0.00 M M 8.2 13 30 M M 8 18 40
20 66 50 58 M 7 0 0.52 M M 9.2 14 60 M M 10 13 27 40
21 66 47 57 M 8 0 0.00 M M 10.6 15 30 M M 6 24 30
22 72 47 60 M 5 0 0.00 M M 6.3 10 160 M M 0 17 170
23 73 55 64 M 1 0 0.00 M M 8.6 12 160 M M 8 21 180
================================================================================
SM 1787 1339 29 105 1.41 M 189.6 M 116
================================================================================
AV 77.7 58.2 8.2 FASTST M M 5 MAX(MPH)
MISC ----> 23 140 36 0
================================================================================
NOTES:
# LAST OF SEVERAL OCCURRENCES
COLUMN 17 PEAK WIND IN M.P.H.
PRELIMINARY LOCAL CLIMATOLOGICAL DATA (WS FORM: F-6) , PAGE 2
STATION: LAGO VISTA
MONTH: APRIL
YEAR: 2024
LATITUDE: 30 30 N
LONGITUDE: 97 58 W
[TEMPERATURE DATA] [PRECIPITATION DATA] SYMBOLS USED IN COLUMN 16
AVERAGE MONTHLY: 68.0 TOTAL FOR MONTH: 1.41 1 = FOG OR MIST
DPTR FM NORMAL: 0.0 DPTR FM NORMAL: 1.41 2 = FOG REDUCING VISIBILITY
HIGHEST: 87 ON 18 GRTST 24HR 0.70 ON 9- 9 TO 1/4 MILE OR LESS
LOWEST: 45 ON 3 3 = THUNDER
SNOW, ICE PELLETS, HAIL 4 = ICE PELLETS
TOTAL MONTH: M 5 = HAIL
GRTST 24HR M ON M 6 = FREEZING RAIN OR DRIZZLE
GRTST DEPTH: M ON M 7 = DUSTSTORM OR SANDSTORM:
VSBY 1/2 MILE OR LESS
8 = SMOKE OR HAZE
[NO. OF DAYS WITH] [WEATHER - DAYS WITH] 9 = BLOWING SNOW
X = TORNADO
MAX 32 OR BELOW: 0 0.01 INCH OR MORE: 4
MAX 90 OR ABOVE: 0 0.10 INCH OR MORE: 3
MIN 32 OR BELOW: 0 0.50 INCH OR MORE: 2
MIN 0 OR BELOW: 0 1.00 INCH OR MORE: 0
[HDD (BASE 65) ]
TOTAL THIS MO. 29 CLEAR (SCALE 0-3) 9
DPTR FM NORMAL M PTCLDY (SCALE 4-7) 7
TOTAL FM JUL 1 1438 CLOUDY (SCALE 8-10) 7
DPTR FM NORMAL M
[CDD (BASE 65) ]
TOTAL THIS MO. 105
DPTR FM NORMAL M [PRESSURE DATA]
TOTAL FM JAN 1 171 HIGHEST SLP M ON M
DPTR FM NORMAL M LOWEST SLP M ON M
[REMARKS]