000
CXUS55 KTWC 280855
CF6TUS
PRELIMINARY LOCAL CLIMATOLOGICAL DATA (WS FORM: F-6)
STATION: TUCSON AZ
MONTH: MARCH
YEAR: 2024
LATITUDE: 32 7 N
LONGITUDE: 110 56 W
TEMPERATURE IN F: :PCPN: SNOW: WIND :SUNSHINE: SKY :PK WND
================================================================================
1 2 3 4 5 6A 6B 7 8 9 10 11 12 13 14 15 16 17 18
12Z AVG MX 2MIN
DY MAX MIN AVG DEP HDD CDD WTR SNW DPTH SPD SPD DIR MIN PSBL S-S WX SPD DR
================================================================================
1 76 47 62 4 3 0 0.00 M M 5.5 14 150 M M 0 23 10
2 77 47 62 3 3 0 0.00 M M 7.6 22 250 M M 0 30 240
3 72 47 60 1 5 0 0.00 M M 5.2 16 270 M M 0 22 310
4 71 46 59 0 6 0 0.00 M M 4.9 14 290 M M 0 20 310
5 74 46 60 1 5 0 0.00 M M 5.2 13 330 M M 0 17 330
6 69 49 59 -1 6 0 0.00 M M 5.5 15 260 M M 0 22 250
7 63 46 55 -5 10 0 0.50 M M 7.8 28 170 M M 6 13 34 180
8 61 48 55 -5 10 0 0.05 M M 5.1 14 190 M M 6 1 19 240
9 70 43 57 -3 8 0 0.00 M M 4.0 13 10 M M 0 17 10
10 75 50 63 2 2 0 0.00 M M 8.7 22 110 M M 0 30 110
11 77 47 62 1 3 0 0.00 M M 6.7 17 180 M M 0 23 170
12 77 47 62 1 3 0 0.00 M M 6.9 16 300 M M 0 23 300
13 73 48 61 0 4 0 0.00 M M 6.7 21 290 M M 0 30 280
14 73 47 60 -2 5 0 0.00 M M 5.3 17 220 M M 4 26 230
15 65 50 58 -4 7 0 0.01 M M 9.0 29 200 M M 7 3 42 210
16 67 42 55 -7 10 0 0.00 M M 4.7 14 300 M M 2 20 250
17 67 42 55 -7 10 0 0.00 M M 5.8 16 340 M M 1 23 340
18 75 41 58 -4 7 0 0.00 M M 7.7 22 110 M M M 33 120
19 73 46 60 -3 5 0 0.00 M M 5.4 15 290 M M M 21 310
20 74 47 61 -2 4 0 0.00 0.0 0 5.5 16 280 M M M 20 320
21 77 50 64 1 1 0 0.00 M M 6.4 16 340 M M 1 21 340
22 81 49 65 2 0 0 0.00 M M 5.4 12 280 M M 0 16 280
23 77 57 67 3 0 2 0.00 0.0 0 9.4 24 230 M M M 34 240
24 62 46 54 -10 11 0 0.31 M M 13.0 31 280 M M 7 1 45 260
25 63 44 54 -10 11 0 T M M 8.6 20 260 M M 5 29 300
26 66 47 57 -7 8 0 0.10 M M 7.5 18 280 M M 5 27 260
27 72 43 58 -6 7 0 0.00 M M 4.7 12 150 M M 0 15 130
================================================================================
SM 1927 1262 154 2 0.97 0.0 178.2 M 44
================================================================================
AV 71.4 46.7 6.6 FASTST M M 2 MAX(MPH)
MISC ----> 31 280 45 260
================================================================================
NOTES:
# LAST OF SEVERAL OCCURRENCES
COLUMN 17 PEAK WIND IN M.P.H.
PRELIMINARY LOCAL CLIMATOLOGICAL DATA (WS FORM: F-6) , PAGE 2
STATION: TUCSON AZ
MONTH: MARCH
YEAR: 2024
LATITUDE: 32 7 N
LONGITUDE: 110 56 W
[TEMPERATURE DATA] [PRECIPITATION DATA] SYMBOLS USED IN COLUMN 16
AVERAGE MONTHLY: 59.1 TOTAL FOR MONTH: 0.97 1 = FOG OR MIST
DPTR FM NORMAL: -2.4 DPTR FM NORMAL: 0.47 2 = FOG REDUCING VISIBILITY
HIGHEST: 81 ON 22 GRTST 24HR 0.52 ON 7- 8 TO 1/4 MILE OR LESS
LOWEST: 41 ON 18 3 = THUNDER
SNOW, ICE PELLETS, HAIL 4 = ICE PELLETS
TOTAL MONTH: 0.0 INCH 5 = HAIL
GRTST 24HR 0.0 6 = FREEZING RAIN OR DRIZZLE
GRTST DEPTH: 0 7 = DUSTSTORM OR SANDSTORM:
VSBY 1/2 MILE OR LESS
8 = SMOKE OR HAZE
[NO. OF DAYS WITH] [WEATHER - DAYS WITH] 9 = BLOWING SNOW
X = TORNADO
MAX 32 OR BELOW: 0 0.01 INCH OR MORE: 5
MAX 90 OR ABOVE: 0 0.10 INCH OR MORE: 3
MIN 32 OR BELOW: 0 0.50 INCH OR MORE: 1
MIN 0 OR BELOW: 0 1.00 INCH OR MORE: 0
[HDD (BASE 65) ]
TOTAL THIS MO. 154 CLEAR (SCALE 0-3) 16
DPTR FM NORMAL 27 PTCLDY (SCALE 4-7) 7
TOTAL FM JUL 1 1093 CLOUDY (SCALE 8-10) 4
DPTR FM NORMAL -179
[CDD (BASE 65) ]
TOTAL THIS MO. 2
DPTR FM NORMAL -30 [PRESSURE DATA]
TOTAL FM JAN 1 11 HIGHEST SLP M ON M
DPTR FM NORMAL -27 LOWEST SLP 29.52 ON 24
[REMARKS]