000
CXUS53 KAPX 190631
CF6TVC
PRELIMINARY LOCAL CLIMATOLOGICAL DATA (WS FORM: F-6)

                                          STATION:   TRAVERSE CITY MI
                                          MONTH:     APRIL
                                          YEAR:      2018
                                          LATITUDE:   44 44 N
                                          LONGITUDE:  85 34 W

  TEMPERATURE IN F:       :PCPN:    SNOW:  WIND      :SUNSHINE: SKY     :PK WND
================================================================================
1   2   3   4   5  6A  6B    7    8   9   10  11  12  13   14  15   16   17  18
                                     12Z  AVG MX 2MIN
DY MAX MIN AVG DEP HDD CDD  WTR  SNW DPTH SPD SPD DIR MIN PSBL S-S WX    SPD DR
================================================================================

 1  30  21  26 -11  39   0 0.00    M    M  9.3 21 260   M    M   4        32 280
 2  41  17  29  -9  36   0 0.00    M    M  5.7 16 270   M    M   6        22 270
 3  35  29  32  -6  33   0 0.30    M    M 10.0 18  30   M    M  10 1      25  30
 4  31  12  22 -16  43   0 0.09    M    M 13.3 28 330   M    M   8 19     38 330
 5  35   7  21 -18  44   0    T    M    M  5.6 22 270   M    M   4 1      27 260
 6  32  24  28 -11  37   0 0.12    M    M 10.3 24 300   M    M   7 18     32 300
 7  27  18  23 -17  42   0    T    M    M  8.7 17 300   M    M   6        23 290
 8  33   8  21 -19  44   0 0.00    M    M  3.2 12  50   M    M   5        15  40
 9  38  23  31  -9  34   0 0.00    M    M  1.5 10 310   M    M   7        15 340
10  45  24  35  -6  30   0 0.00    M    M  5.6 17 280   M    M   3 8      22 280
11  45  31  38  -3  27   0    T    M    M  5.6 16 350   M    M   7        21 350
12  49  34  42   0  23   0 0.24    M    M  6.1 23 310   M    M  10 18     28 310
13  41  33  37  -5  28   0 0.60    M    M  7.5 18  60   M    M   8 134    22  70
14  34  26  30 -12  35   0 0.93    M    M 15.4 22  80   M    M  10 12489  31  90
15  32  25  29 -14  36   0 0.78    M    M 11.2 24  80   M    M  10 12468  33  90
16  32  27  30 -13  35   0 0.05    M    M 10.8 24 310   M    M  10 1      32 320
17  34  26  30 -14  35   0 0.01    M    M 12.7 21 320   M    M  10 1      27 340
18  38  31  35  -9  30   0 0.00    M    M  8.7 14  10   M    M   9        20  10
================================================================================
SM  652  416       631   0  3.12    M    151.2          M      134
================================================================================
AV 36.2 23.1                               8.4 FASTST   M    M   7    MAX(MPH)
                                 MISC ---->  # 28 330               # 38  330
================================================================================
NOTES:
# LAST OF SEVERAL OCCURRENCES

COLUMN 17 PEAK WIND IN M.P.H.

PRELIMINARY LOCAL CLIMATOLOGICAL DATA (WS FORM: F-6) , PAGE 2

                                          STATION:  TRAVERSE CITY MI
                                          MONTH:    APRIL
                                          YEAR:     2018
                                          LATITUDE:   44 44 N
                                          LONGITUDE:  85 34 W

[TEMPERATURE DATA]      [PRECIPITATION DATA]       SYMBOLS USED IN COLUMN 16

AVERAGE MONTHLY: 29.7   TOTAL FOR MONTH:   3.12    1 = FOG OR MIST
DPTR FM NORMAL: -10.9   DPTR FM NORMAL:    1.42    2 = FOG REDUCING VISIBILITY
HIGHEST:    49 ON 12    GRTST 24HR  0.93 ON 14-14      TO 1/4 MILE OR LESS
LOWEST:      7 ON  5                               3 = THUNDER
                        SNOW, ICE PELLETS, HAIL    4 = ICE PELLETS
                        TOTAL MONTH:    M          5 = HAIL
                        GRTST 24HR    M  ON   M    6 = FREEZING RAIN OR DRIZZLE
                        GRTST DEPTH:  M  ON   M    7 = DUSTSTORM OR SANDSTORM:
                                                       VSBY 1/2 MILE OR LESS
                                                   8 = SMOKE OR HAZE
[NO. OF DAYS WITH]      [WEATHER - DAYS WITH]      9 = BLOWING SNOW
                                                   X = TORNADO
MAX 32 OR BELOW:   6    0.01 INCH OR MORE:   9
MAX 90 OR ABOVE:   0    0.10 INCH OR MORE:   6
MIN 32 OR BELOW:  16    0.50 INCH OR MORE:   3
MIN  0 OR BELOW:   0    1.00 INCH OR MORE:   0

[HDD (BASE 65) ]
TOTAL THIS MO.   631    CLEAR  (SCALE 0-3)   1
DPTR FM NORMAL   191    PTCLDY (SCALE 4-7)   9
TOTAL FM JUL 1  6597    CLOUDY (SCALE 8-10)  8
DPTR FM NORMAL  -245

[CDD (BASE 65) ]
TOTAL THIS MO.     0
DPTR FM NORMAL     0    [PRESSURE DATA]
TOTAL FM JAN 1     0    HIGHEST SLP M ON M
DPTR FM NORMAL     0    LOWEST  SLP 29.47 ON  4

[REMARKS]
