000
CXUS54 KTSA 290850
CF6XNA
PRELIMINARY LOCAL CLIMATOLOGICAL DATA (WS FORM: F-6)
STATION: HIGHFILL ARKANSAS
MONTH: MARCH
YEAR: 2024
LATITUDE: 36 16 N
LONGITUDE: 94 19 W
TEMPERATURE IN F: :PCPN: SNOW: WIND :SUNSHINE: SKY :PK WND
================================================================================
1 2 3 4 5 6A 6B 7 8 9 10 11 12 13 14 15 16 17 18
12Z AVG MX 2MIN
DY MAX MIN AVG DEP HDD CDD WTR SNW DPTH SPD SPD DIR MIN PSBL S-S WX SPD DR
================================================================================
1 57 34 46 1 19 0 0.00 0.0 M 5.2 12 140 M M 6 14 150
2 75 37 56 11 9 0 0.00 0.0 M 12.9 25 170 M M 0 35 180
3 78 55 67 21 0 2 0.00 0.0 M 16.2 28 180 M M 0 35 200
4 79 53 66 20 0 1 0.00 0.0 M 13.5 32 170 M M 4 45 170
5 71 49 60 14 5 0 0.00 0.0 M 7.6 16 10 M M 7 21 30
6 67 47 57 10 8 0 0.00 0.0 M 6.5 13 90 M M 6 34 80
7 64 52 58 11 7 0 0.16 0.0 M 10.6 21 180 M M 4 27 190
8 61 40 51 4 14 0 0.83 0.0 M 10.0 22 340 M M 9 1 27 340
9 54 33 44 -4 21 0 T 0.0 M 10.2 18 350 M M 4 1 27 330
10 62 28 45 -3 20 0 0.00 0.0 M 4.6 10 230 M M 0 14 250
11 66 33 50 2 15 0 0.00 0.0 M 8.1 21 230 M M 0 29 190
12 73 42 58 10 7 0 0.00 0.0 M 13.3 25 170 M M 0 37 220
13 77 56 67 18 0 2 0.00 0.0 M 13.8 26 150 M M 2 34 190
14 79 56 68 19 0 3 0.54 0.0 M 10.4 31 240 M M 5 13 43 230
15 63 43 53 4 12 0 0.00 0.0 M 9.9 22 10 M M 6 1 29 20
16 68 37 53 3 12 0 0.00 0.0 M 4.2 15 300 M M 2 23 320
17 60 33 47 -3 18 0 0.01 0.0 M 12.8 21 330 M M 4 30 330
18 44 27 36 -14 29 0 0.00 0.0 M 8.1 20 350 M M 0 25 280
19 67 28 48 -2 17 0 0.00 0.0 M 10.3 21 220 M M 0 30 220
20 76 41 59 8 6 0 0.00 0.0 M 5.1 17 300 M M 3 25 290
21 68 44 56 5 9 0 0.00 0.0 M 5.5 15 140 M M 5 24 70
22 69 44 57 6 8 0 0.03 0.0 M 10.0 28 360 M M 9 35 360
23 60 37 49 -3 16 0 0.00 0.0 M 10.4 18 30 M M 5 25 150
24 65 47 56 4 9 0 T 0.0 M 17.6 32 160 M M 4 41 150
25 58 37 48 -4 17 0 0.81 0.0 M 14.6 39 130 M M 7 1 53 130
26 45 30 38 -15 27 0 0.00 0.0 M 11.1 26 270 M M 7 37 240
27 57 27 42 -11 23 0 0.00 0.0 M 3.4 10 70 M M 0 14 60
28 66 30 48 -5 17 0 0.00 0.0 M 5.1 15 240 M M 0 22 240
================================================================================
SM 1829 1120 345 8 2.38 0.0 271.0 M 99
================================================================================
AV 65.3 40.0 9.7 FASTST M M 4 MAX(MPH)
MISC ----> 39 130 53 130
================================================================================
NOTES:
# LAST OF SEVERAL OCCURRENCES
COLUMN 17 PEAK WIND IN M.P.H.
PRELIMINARY LOCAL CLIMATOLOGICAL DATA (WS FORM: F-6) , PAGE 2
STATION: HIGHFILL ARKANSAS
MONTH: MARCH
YEAR: 2024
LATITUDE: 36 16 N
LONGITUDE: 94 19 W
[TEMPERATURE DATA] [PRECIPITATION DATA] SYMBOLS USED IN COLUMN 16
AVERAGE MONTHLY: 52.7 TOTAL FOR MONTH: 2.38 1 = FOG OR MIST
DPTR FM NORMAL: 3.5 DPTR FM NORMAL: -0.77 2 = FOG REDUCING VISIBILITY
HIGHEST: 79 ON 14, 4 GRTST 24HR 0.83 ON 8- 8 TO 1/4 MILE OR LESS
LOWEST: 27 ON 27,18 3 = THUNDER
SNOW, ICE PELLETS, HAIL 4 = ICE PELLETS
TOTAL MONTH: 0.0 INCH 5 = HAIL
GRTST 24HR 0.0 6 = FREEZING RAIN OR DRIZZLE
GRTST DEPTH: M ON M 7 = DUSTSTORM OR SANDSTORM:
VSBY 1/2 MILE OR LESS
8 = SMOKE OR HAZE
[NO. OF DAYS WITH] [WEATHER - DAYS WITH] 9 = BLOWING SNOW
X = TORNADO
MAX 32 OR BELOW: 0 0.01 INCH OR MORE: 6
MAX 90 OR ABOVE: 0 0.10 INCH OR MORE: 4
MIN 32 OR BELOW: 6 0.50 INCH OR MORE: 3
MIN 0 OR BELOW: 0 1.00 INCH OR MORE: 0
[HDD (BASE 65) ]
TOTAL THIS MO. 345 CLEAR (SCALE 0-3) 12
DPTR FM NORMAL -103 PTCLDY (SCALE 4-7) 14
TOTAL FM JUL 1 3099 CLOUDY (SCALE 8-10) 2
DPTR FM NORMAL -413
[CDD (BASE 65) ]
TOTAL THIS MO. 8
DPTR FM NORMAL 8 [PRESSURE DATA]
TOTAL FM JAN 1 8 HIGHEST SLP M ON M
DPTR FM NORMAL 7 LOWEST SLP 29.37 ON 25
[REMARKS]