000
CXAK56 PAJK 251138
CF6YAK
PRELIMINARY LOCAL CLIMATOLOGICAL DATA (WS FORM: F-6)

                                          STATION:   YAKUTAT
                                          MONTH:     APRIL
                                          YEAR:      2018
                                          LATITUDE:   59 31 N
                                          LONGITUDE: 139 40 W

  TEMPERATURE IN F:       :PCPN:    SNOW:  WIND      :SUNSHINE: SKY     :PK WND
================================================================================
1   2   3   4   5  6A  6B    7    8   9   10  11  12  13   14  15   16   17  18
                                     12Z  AVG MX 2MIN
DY MAX MIN AVG DEP HDD CDD  WTR  SNW DPTH SPD SPD DIR MIN PSBL S-S WX    SPD DR
================================================================================

 1  43  17  30  -4  35   0 0.00  0.0    0  2.1 10 340   M    M   3        13 300
 2  41  22  32  -3  33   0 0.00  0.0    M  8.8 24  40   M    M   0        33  40
 3  37  17  27  -8  38   0    T    T    7  7.5 16  90   M    M   2        21 100
 4  40  22  31  -4  34   0 0.03  1.2    7  7.0 17 120   M    M   5 12     24  80
 5  50  17  34  -1  31   0 0.00  0.0    5  3.7 16  10   M    M   0        17  10
 6  53  29  41   5  24   0 0.00  0.0    5  1.6  9 200   M    M   8        10 190
 7  56  30  43   7  22   0 0.00  0.0    3  3.3 10 230   M    M   4        14 330
 8  57  29  43   7  22   0 0.01    M    2  3.6 14 130   M    M   5        19 130
 9  52  39  46  10  19   0 0.05    M    2  6.3 15 150   M    M   8 1      23 150
10  55  38  47  11  18   0 0.09  0.0    T  3.4 21 120   M    M   8        30 120
11  55  30  43   6  22   0    T  0.0    T  7.2 18 120   M    M   4        29 120
12  52  29  41   4  24   0    T  0.0    T  5.9 16 130   M    M   6        23 120
13  51  31  41   4  24   0 0.00  0.0    T  4.4 16 280   M    M   3        19 280
14  47  30  39   1  26   0 0.01    M    0  4.7 13 170   M    M   7 18     16 180
15  50  29  40   2  25   0 0.05    M    0  2.3 10 250   M    M   7 12     14 240
16  49  25  37  -1  28   0 0.00    M    M  3.4 13 300   M    M   1 128    18 290
17  46  24  35  -3  30   0 0.00    M    M  3.1 12 230   M    M   0        16 200
18  42  34  38   0  27   0 0.53    M    M  9.7 17 100   M    M  10 1      24  90
19  43  38  41   2  24   0 0.81    M    M 11.5 22 130   M    M  10 1      33 130
20  45  33  39   0  26   0 0.12    M    M  7.3 21 190   M    M   9 1      26 190
21  45  33  39   0  26   0 0.20    M    M  6.8 16  90   M    M   9 1      20 100
22  42  38  40   1  25   0 1.94    M    M 13.7 22  90   M    M  10 1      28 100
23  45  38  42   2  23   0 1.35    M    M 11.5 29 120   M    M  10 1      47 110
24  45  34  40   0  25   0 1.49  0.1    0  9.0 18 130   M    M  10 1      26 150
================================================================================
SM 1141  706       631   0  6.68     1.3 147.8          M      139
================================================================================
AV 47.5 29.4                               6.2 FASTST   M    M   6    MAX(MPH)
                                 MISC ---->  # 29 120               # 47  110
================================================================================
NOTES:
# LAST OF SEVERAL OCCURRENCES

COLUMN 17 PEAK WIND IN M.P.H.

PRELIMINARY LOCAL CLIMATOLOGICAL DATA (WS FORM: F-6) , PAGE 2

                                          STATION:  YAKUTAT
                                          MONTH:    APRIL
                                          YEAR:     2018
                                          LATITUDE:   59 31 N
                                          LONGITUDE: 139 40 W

[TEMPERATURE DATA]      [PRECIPITATION DATA]       SYMBOLS USED IN COLUMN 16

AVERAGE MONTHLY: 38.5   TOTAL FOR MONTH:   6.68    1 = FOG OR MIST
DPTR FM NORMAL:   1.4   DPTR FM NORMAL:   -0.78    2 = FOG REDUCING VISIBILITY
HIGHEST:    57 ON  8    GRTST 24HR  1.94 ON 22-22      TO 1/4 MILE OR LESS
LOWEST:     17 ON  5, 3                            3 = THUNDER
                        SNOW, ICE PELLETS, HAIL    4 = ICE PELLETS
                        TOTAL MONTH:   1.3 INCHES  5 = HAIL
                        GRTST 24HR   1.2 ON  4- 4  6 = FREEZING RAIN OR DRIZZLE
                        GRTST DEPTH:   7 ON  4, 3  7 = DUSTSTORM OR SANDSTORM:
                                                       VSBY 1/2 MILE OR LESS
                                                   8 = SMOKE OR HAZE
[NO. OF DAYS WITH]      [WEATHER - DAYS WITH]      9 = BLOWING SNOW
                                                   X = TORNADO
MAX 32 OR BELOW:   0    0.01 INCH OR MORE:  13
MAX 90 OR ABOVE:   0    0.10 INCH OR MORE:   7
MIN 32 OR BELOW:  15    0.50 INCH OR MORE:   5
MIN  0 OR BELOW:   0    1.00 INCH OR MORE:   3

[HDD (BASE 65) ]
TOTAL THIS MO.   631    CLEAR  (SCALE 0-3)   7
DPTR FM NORMAL   -38    PTCLDY (SCALE 4-7)   9
TOTAL FM JUL 1  7428    CLOUDY (SCALE 8-10)  8
DPTR FM NORMAL  -380

[CDD (BASE 65) ]
TOTAL THIS MO.     0
DPTR FM NORMAL     0    [PRESSURE DATA]
TOTAL FM JAN 1     0    HIGHEST SLP M ON M
DPTR FM NORMAL     0    LOWEST  SLP 29.06 ON 10

[REMARKS]
