000
CXUS55 KVEF 060408
CLAIGM
CLIMATE REPORT
NATIONAL WEATHER SERVICE LAS VEGAS, NV
808 PM PST FRI JAN 05 2024
...................................
...THE KINGMAN AZ CLIMATE SUMMARY FOR THE YEAR OF 2023...
CLIMATE NORMAL PERIOD: 1991 TO 2020
CLIMATE RECORD PERIOD: 1901 TO 2024
WEATHER OBSERVED NORMAL DEPART LAST YEAR`S
VALUE DATE(S) VALUE FROM VALUE DATE(S)
NORMAL
................................................................
TEMPERATURE (F)
RECORD
HIGH 114 07/15/2023
LOW 4 01/29/1979
HIGHEST 114R 07/15 MM MM 107 07/22
LOWEST 20 02/16 MM MM 18 02/05
AVG. MAXIMUM 76.6 77.3 -0.7 77.4
AVG. MINIMUM 47.6 47.9 -0.3 48.7
MEAN 62.1 62.6 -0.5 63.0
DAYS MAX >= 90 113 113.5 -0.5 111
DAYS MAX <= 32 0 0.2 -0.2 0
DAYS MIN <= 32 76 66.4 9.6 88
DAYS MIN <= 0 0 0.0 0.0 0
PRECIPITATION (INCHES)
RECORD
MAXIMUM 21.22 1919
MINIMUM 3.58 1947
TOTALS 9.65 8.00 1.65 7.49
DAILY AVG. 0.03 0.02 0.01 0.02
DAYS >= .01 38 40.1 -2.1 43
DAYS >= .10 21 19.2 1.8 16
DAYS >= .50 6 4.1 1.9 6
DAYS >= 1.00 3 0.9 2.1 1
GREATEST
24 HR. TOTAL 1.38 07/31 TO 08/01 1.00 07/28 TO 07/28
STORM TOTAL 1.23 1.00
(MM/DD(HH)) 07/28(15) TO 07/28(19)
DEGREE DAYS
HEATING TOTAL 3099 3012 87 2994
SINCE 7/1 1024 1221 -197 MM
COOLING TOTAL 2181 2174 7 2406
SINCE 1/1 2181 2173 8 MM
FREEZE DATES
RECORD
EARLIEST 09/24/1920
LATEST 05/21/1975
EARLIEST 11/10
LATEST 04/06
................................................................
WIND (MPH)
AVERAGE WIND SPEED 9.4
RESULTANT WIND SPEED/DIRECTION 4/200
HIGHEST WIND SPEED/DIRECTION 51/210 DATE 02/21
HIGHEST GUST SPEED/DIRECTION 65/200 DATE 02/21
SKY COVER
POSSIBLE SUNSHINE (PERCENT) MM
AVERAGE SKY COVER 0.11
NUMBER OF DAYS FAIR 324
NUMBER OF DAYS PC 29
NUMBER OF DAYS CLOUDY 12
AVERAGE RH (PERCENT) 40
WEATHER CONDITIONS. NUMBER OF DAYS WITH
THUNDERSTORM 34 MIXED PRECIP 0
HEAVY RAIN 10 RAIN 18
LIGHT RAIN 56 FREEZING RAIN 0
LT FREEZING RAIN 0 HAIL 0
HEAVY SNOW 2 SNOW 2
LIGHT SNOW 8 SLEET 0
FOG 25 FOG W/VIS <= 1/4 MILE 3
HAZE 28
- INDICATES NEGATIVE NUMBERS.
R INDICATES RECORD WAS SET OR TIED.
MM INDICATES DATA IS MISSING.
T INDICATES TRACE AMOUNT.
$$