000
CDUS41 KBTV 260536
CLI1V4


CLIMATE REPORT
NATIONAL WEATHER SERVICE BURLINGTON VT
135 AM EDT THU APR 26 2018


...................................

...THE ST. JOHNSBURY VT CLIMATE SUMMARY FOR APRIL 25 2018...

CLIMATE NORMAL PERIOD 1981 TO 2010
CLIMATE RECORD PERIOD 1894 TO 2018


WEATHER ITEM   OBSERVED TIME   RECORD YEAR NORMAL DEPARTURE LAST
                VALUE   (LST)  VALUE       VALUE  FROM      YEAR
                                                  NORMAL
..................................................................
TEMPERATURE (F)
 YESTERDAY
  MAXIMUM         56        MM  87    2009  61     -5       58
  MINIMUM         48        MM  17    1965  36     12       33
  AVERAGE         52                        49      3       46

PRECIPITATION (IN)
  YESTERDAY        0.32          1.25 1934   0.10   0.22     0.12
  MONTH TO DATE    3.12                      2.36   0.76     2.81
  SINCE MAR 1      5.03                      4.87   0.16     6.26
  SINCE JAN 1     10.61                      9.55   1.06    12.00

DEGREE DAYS
 HEATING
  YESTERDAY       13                        16     -3       19
  MONTH TO DATE  716                       542    174      505
  SINCE MAR 1   1795                      1618    177     1751
  SINCE JUL 1   7312                      7342    -30     6764

 COOLING
  YESTERDAY        0                         0      0        0
  MONTH TO DATE    0                         0      0        0
  SINCE MAR 1      0                         0      0        0
  SINCE JAN 1      0                         0      0        0
..................................................................


WIND (MPH)
  HIGHEST WIND SPEED    MM   HIGHEST WIND DIRECTION    MM
  HIGHEST GUST SPEED    MM   HIGHEST GUST DIRECTION    MM
  AVERAGE WIND SPEED    MM


SKY COVER
  AVERAGE SKY COVER 0.0


WEATHER CONDITIONS
 THE FOLLOWING WEATHER WAS RECORDED YESTERDAY.
  NO SIGNIFICANT WEATHER WAS OBSERVED.


RELATIVE HUMIDITY (PERCENT)
 HIGHEST   100           300 PM
 LOWEST     38          1200 AM
 AVERAGE    69

..........................................................


THE ST. JOHNSBURY VT CLIMATE NORMALS FOR TODAY
                         NORMAL    RECORD    YEAR
 MAXIMUM TEMPERATURE (F)   62        81      1915
 MINIMUM TEMPERATURE (F)   37        19      1919


SUNRISE AND SUNSET
APRIL 26 2018.........SUNRISE   546 AM EDT   SUNSET   746 PM EDT
APRIL 27 2018.........SUNRISE   545 AM EDT   SUNSET   747 PM EDT


-  INDICATES NEGATIVE NUMBERS.
R  INDICATES RECORD WAS SET OR TIED.
MM INDICATES DATA IS MISSING.
T  INDICATES TRACE AMOUNT.




$$
