127
CDUS45 KABQ 260017
CLIABQ


CLIMATE REPORT
NATIONAL WEATHER SERVICE ALBUQUERQUE NM
617 PM MDT WED APR 25 2018


...................................

...THE ALBUQUERQUE  NM CLIMATE SUMMARY FOR APRIL 25 2018...
VALID TODAY AS OF 0500 PM LOCAL TIME.

CLIMATE NORMAL PERIOD 1981 TO 2010
CLIMATE RECORD PERIOD 1891 TO 2018


WEATHER ITEM   OBSERVED TIME   RECORD YEAR NORMAL DEPARTURE LAST
                VALUE   (LST)  VALUE       VALUE  FROM      YEAR
                                                  NORMAL
..................................................................
TEMPERATURE (F)
 TODAY
  MAXIMUM         74    459 PM  86    2012  72      2       65
                                      1981
  MINIMUM         45    536 AM  25    1921  46     -1       45
  AVERAGE         60                        59      1       55

PRECIPITATION (IN)
  TODAY            0.00          0.86 1990   0.02  -0.02
  MONTH TO DATE    T                         0.52  -0.52
  SINCE MAR 1      0.18                      1.09  -0.91
  SINCE JAN 1      0.72                      1.95  -1.23

SNOWFALL (IN)
  TODAY            0.0
  MONTH TO DATE    0.0
  SINCE MAR 1      T
  SINCE JUL 1      0.3
  SNOW DEPTH       0

DEGREE DAYS
 HEATING
  TODAY            5                         7     -2       10
  MONTH TO DATE  148                       249   -101      166
  SINCE MAR 1    598                       773   -175      474
  SINCE JUL 1   3301                      4076   -775     3156

 COOLING
  TODAY            0                         1     -1        0
  MONTH TO DATE    4                         1      3        4
  SINCE MAR 1      4                         1      3        5
  SINCE JAN 1      4                         1      3        5
..................................................................


WIND (MPH)
  HIGHEST WIND SPEED    37   HIGHEST WIND DIRECTION     E (90)
  HIGHEST GUST SPEED    47   HIGHEST GUST DIRECTION     E (80)
  AVERAGE WIND SPEED    15.4


SKY COVER
  POSSIBLE SUNSHINE  MM
  AVERAGE SKY COVER 0.3



RELATIVE HUMIDITY (PERCENT)
 HIGHEST    61           100 AM
 LOWEST     19           400 PM
 AVERAGE    40

..........................................................


THE ALBUQUERQUE  NM CLIMATE NORMALS FOR TOMORROW
                         NORMAL    RECORD    YEAR
 MAXIMUM TEMPERATURE (F)   72        87      2012
 MINIMUM TEMPERATURE (F)   46        28      1984


SUNRISE AND SUNSET
APRIL 25 2018.........SUNRISE   622 AM MDT   SUNSET   747 PM MDT
APRIL 26 2018.........SUNRISE   621 AM MDT   SUNSET   748 PM MDT


-  INDICATES NEGATIVE NUMBERS.
R  INDICATES RECORD WAS SET OR TIED.
MM INDICATES DATA IS MISSING.
T  INDICATES TRACE AMOUNT.




$$
