000
CDUS42 KTAE 230634
CLIABY


CLIMATE REPORT
NATIONAL WEATHER SERVICE TALLAHASSEE FL
234 AM EDT WED MAY 23 2018


...................................

...THE ALBANY CLIMATE SUMMARY FOR MAY 22 2018...

CLIMATE NORMAL PERIOD 1981 TO 2010
CLIMATE RECORD PERIOD 1930 TO 2018


WEATHER ITEM   OBSERVED TIME   RECORD YEAR NORMAL DEPARTURE LAST
                VALUE   (LST)  VALUE       VALUE  FROM      YEAR
                                                  NORMAL
..................................................................
TEMPERATURE (F)
 YESTERDAY
  MAXIMUM         86    225 PM 100    1962  89     -3       88
  MINIMUM         71    144 AM  45    1981  64      7       70
  AVERAGE         79                        76      3       79

PRECIPITATION (IN)
  YESTERDAY        0.61                      0.07   0.54      T
  MONTH TO DATE    3.07                      1.62   1.45     2.32
  SINCE MAR 1     10.16                     10.31  -0.15     5.67
  SINCE JAN 1     18.27                     19.29  -1.02    17.49

SNOWFALL (IN)
  YESTERDAY        0.0
  MONTH TO DATE    0.0
  SINCE MAR 1      0.0
  SINCE JUL 1      0.1

DEGREE DAYS
 HEATING
  YESTERDAY        0                         0      0        0
  MONTH TO DATE    0                         0      0       10
  SINCE MAR 1    295                       274     21      199
  SINCE JUL 1   1541                      1834   -293     1002

 COOLING
  YESTERDAY       14                        11      3       14
  MONTH TO DATE  269                       189     80      206
  SINCE MAR 1    359                       320     39      487
  SINCE JAN 1    442                       329    113      525
..................................................................


WIND (MPH)
  HIGHEST WIND SPEED    22   HIGHEST WIND DIRECTION    SE (150)
  HIGHEST GUST SPEED    27   HIGHEST GUST DIRECTION     S (160)
  AVERAGE WIND SPEED     4.3




RELATIVE HUMIDITY (PERCENT)
 HIGHEST   100
 LOWEST     65
 AVERAGE    83

..........................................................


THE ALBANY CLIMATE NORMALS FOR TODAY
                         NORMAL    RECORD    YEAR
 MAXIMUM TEMPERATURE (F)   89        99      1962
 MINIMUM TEMPERATURE (F)   64        46      1993


SUNRISE AND SUNSET
MAY 23 2018...........SUNRISE   636 AM EDT   SUNSET   831 PM EDT
MAY 24 2018...........SUNRISE   635 AM EDT   SUNSET   832 PM EDT


-  INDICATES NEGATIVE NUMBERS.
R  INDICATES RECORD WAS SET OR TIED.
MM INDICATES DATA IS MISSING.
T  INDICATES TRACE AMOUNT.




$$
