000
CDAK48 PAFC 251252
CLIADQ


CLIMATE REPORT
NATIONAL WEATHER SERVICE ANCHORAGE, AK
451 AM AKDT WED APR 25 2018


...................................

...THE KODIAK CLIMATE SUMMARY FOR APRIL 24 2018...

CLIMATE NORMAL PERIOD 1981 TO 2010
CLIMATE RECORD PERIOD 1913 TO 2018


WEATHER ITEM   OBSERVED TIME   RECORD YEAR NORMAL DEPARTURE LAST
                VALUE   (LST)  VALUE       VALUE  FROM      YEAR
                                                  NORMAL
..................................................................
TEMPERATURE (F)
 YESTERDAY
  MAXIMUM         52    147 PM  60    1936  45      7       44
  MINIMUM         40   1105 PM  22    1955  34      6       40
  AVERAGE         46                        40      6       42

PRECIPITATION (IN)
  YESTERDAY        0.28          2.75 1947   0.19   0.09     0.23
  MONTH TO DATE    5.44                      4.69   0.75     6.95
  SINCE MAR 1      7.60                     10.22  -2.62     7.65
  SINCE JAN 1     18.53                     24.65  -6.12    13.19

SNOWFALL (IN)
  YESTERDAY        0.0          MM      MM   0.1   -0.1      0.0
  MONTH TO DATE    0.0                       7.3   -7.3      1.1
  SINCE MAR 1      1.1                      18.6  -17.5      2.6
  SINCE JUL 1     17.9                      68.0  -50.1     28.4
  SNOW DEPTH       0

DEGREE DAYS
 HEATING
  YESTERDAY       19                        25     -6       23
  MONTH TO DATE  585                       674    -89      603
  SINCE MAR 1   1475                      1672   -197     1716
  SINCE JUL 1   6776                      7544   -768     7057

 COOLING
  YESTERDAY        0                         0      0        0
  MONTH TO DATE    0                         0      0        0
  SINCE MAR 1      0                         0      0        0
  SINCE JAN 1      0                         0      0        0
..................................................................


WIND (MPH)
  RESULTANT WIND SPEED  12   RESULTANT WIND DIRECTION   S (170)
  HIGHEST WIND SPEED    33   HIGHEST WIND DIRECTION     S (160)
  HIGHEST GUST SPEED    41   HIGHEST GUST DIRECTION     S (160)
  AVERAGE WIND SPEED    14.1



WEATHER CONDITIONS
 THE FOLLOWING WEATHER WAS RECORDED YESTERDAY.
  RAIN
  LIGHT RAIN
  FOG


RELATIVE HUMIDITY (PERCENT)
 HIGHEST    89
 LOWEST     42
 AVERAGE    66

..........................................................


THE KODIAK CLIMATE NORMALS FOR TODAY
                         NORMAL    RECORD    YEAR
 MAXIMUM TEMPERATURE (F)   45        62      1936
 MINIMUM TEMPERATURE (F)   34        23      1967
                                             1955


SUNRISE AND SUNSET
APRIL 25 2018.........SUNRISE   633 AM AKDT  SUNSET   944 PM AKDT
APRIL 26 2018.........SUNRISE   631 AM AKDT  SUNSET   947 PM AKDT


-  INDICATES NEGATIVE NUMBERS.
R  INDICATES RECORD WAS SET OR TIED.
MM INDICATES DATA IS MISSING.
T  INDICATES TRACE AMOUNT.




$$
