236
CDAK48 PAFC 231252
CLIAKN


CLIMATE REPORT
NATIONAL WEATHER SERVICE ANCHORAGE, AK
451 AM AKDT WED MAY 23 2018


...................................

...THE KING SALMON CLIMATE SUMMARY FOR MAY 22 2018...

CLIMATE NORMAL PERIOD 1981 TO 2010
CLIMATE RECORD PERIOD 1917 TO 2018


WEATHER ITEM   OBSERVED TIME   RECORD YEAR NORMAL DEPARTURE LAST
                VALUE   (LST)  VALUE       VALUE  FROM      YEAR
                                                  NORMAL
..................................................................
TEMPERATURE (F)
 YESTERDAY
  MAXIMUM         60    539 PM  75    1934  56      4       50
  MINIMUM         37    512 AM  26    1975  36      1       38
  AVERAGE         49                        46      3       44

PRECIPITATION (IN)
  YESTERDAY        T             0.46 2000   0.04  -0.04     0.07
  MONTH TO DATE    1.50                      0.84   0.66     0.46
  SINCE MAR 1      7.00                      2.51   4.49     1.26
  SINCE JAN 1     10.70                      4.29   6.41     2.46

SNOWFALL (IN)
  YESTERDAY        0.0          MM      MM   0.0    0.0     MM
  MONTH TO DATE    T                         0.7   -0.7      0.0
  SINCE MAR 1     32.3                      11.0   21.3      3.3
  SINCE JUL 1     56.2                      46.5    9.7     26.0
  SNOW DEPTH       0

DEGREE DAYS
 HEATING
  YESTERDAY       16                        19     -3       21
  MONTH TO DATE  465                       484    -19      433
  SINCE MAR 1   2422                      2689   -267     2832
  SINCE JUL 1   8908                     10309  -1401     9965

 COOLING
  YESTERDAY        0                         0      0        0
  MONTH TO DATE    0                         0      0        0
  SINCE MAR 1      0                         0      0        0
  SINCE JAN 1      0                         0      0        0
..................................................................


WIND (MPH)
  RESULTANT WIND SPEED   5   RESULTANT WIND DIRECTION   S (200)
  HIGHEST WIND SPEED    15   HIGHEST WIND DIRECTION     S (200)
  HIGHEST GUST SPEED    21   HIGHEST GUST DIRECTION     S (200)
  AVERAGE WIND SPEED     7.3



WEATHER CONDITIONS
 THE FOLLOWING WEATHER WAS RECORDED YESTERDAY.
  FOG
  FOG W/VISIBILITY <= 1/4 MILE
  HAZE


RELATIVE HUMIDITY (PERCENT)
 HIGHEST    96
 LOWEST     51
 AVERAGE    74

..........................................................


THE KING SALMON CLIMATE NORMALS FOR TODAY
                         NORMAL    RECORD    YEAR
 MAXIMUM TEMPERATURE (F)   56        74      2006
 MINIMUM TEMPERATURE (F)   36        25      1964


SUNRISE AND SUNSET
MAY 23 2018...........SUNRISE   542 AM AKDT  SUNSET  1107 PM AKDT
MAY 24 2018...........SUNRISE   540 AM AKDT  SUNSET  1108 PM AKDT


-  INDICATES NEGATIVE NUMBERS.
R  INDICATES RECORD WAS SET OR TIED.
MM INDICATES DATA IS MISSING.
T  INDICATES TRACE AMOUNT.




$$
