000
CDUS45 KBOU 240732
CLIAKO


CLIMATE REPORT
NATIONAL WEATHER SERVICE DENVER/BOULDER CO
131 AM MDT TUE APR 24 2018


...................................

...THE AKRON CO CLIMATE SUMMARY FOR APRIL 23 2018...

CLIMATE NORMAL PERIOD 1981 TO 2010
CLIMATE RECORD PERIOD 9999 TO 9999


WEATHER ITEM   OBSERVED TIME   RECORD YEAR NORMAL DEPARTURE LAST
                VALUE   (LST)  VALUE       VALUE  FROM      YEAR
                                                  NORMAL
..................................................................
TEMPERATURE (F)
 YESTERDAY
  MAXIMUM         68    359 PM  85    1954  63      5
  MINIMUM         36    534 AM  19    2013  36      0
  AVERAGE         52                        49      3

PRECIPITATION (IN)
  YESTERDAY        T             0.64 1942   0.07  -0.07     0.00
  MONTH TO DATE    0.74                      1.16  -0.42     1.24
  SINCE MAR 1      1.33                      2.03  -0.70     2.80
  SINCE JAN 1      2.44                      2.77  -0.33     2.91

SNOWFALL (IN)
  YESTERDAY       MM
  SNOW DEPTH       0

DEGREE DAYS
 HEATING
  YESTERDAY       13
  MONTH TO DATE  464

 COOLING
  YESTERDAY        0
  MONTH TO DATE    0
..................................................................


WIND (MPH)
  HIGHEST WIND SPEED    35   HIGHEST WIND DIRECTION     N (360)
  HIGHEST GUST SPEED    42   HIGHEST GUST DIRECTION     N (10)




RELATIVE HUMIDITY (PERCENT)
 HIGHEST    93
 LOWEST     42
 AVERAGE    68

..........................................................


THE AKRON CO CLIMATE NORMALS FOR TODAY
                         NORMAL    RECORD    YEAR
 MAXIMUM TEMPERATURE (F)   63        90      2012
 MINIMUM TEMPERATURE (F)   36        21      2013
                                             1958


SUNRISE AND SUNSET
APRIL 24 2018.........SUNRISE   602 AM MDT   SUNSET   741 PM MDT
APRIL 25 2018.........SUNRISE   600 AM MDT   SUNSET   742 PM MDT


-  INDICATES NEGATIVE NUMBERS.
R  INDICATES RECORD WAS SET OR TIED.
MM INDICATES DATA IS MISSING.
T  INDICATES TRACE AMOUNT.




$$
