000
CDUS44 KAMA 270652
CLIAMA


CLIMATE REPORT
NATIONAL WEATHER SERVICE AMARILLO TX
152 AM CDT FRI APR 27 2018


...................................

...THE AMARILLO CLIMATE SUMMARY FOR APRIL 26 2018...

CLIMATE NORMAL PERIOD 1981 TO 2010
CLIMATE RECORD PERIOD 1892 TO 2018


WEATHER ITEM   OBSERVED TIME   RECORD YEAR NORMAL DEPARTURE LAST
                VALUE   (LST)  VALUE       VALUE  FROM      YEAR
                                                  NORMAL
..................................................................
TEMPERATURE (F)
 YESTERDAY
  MAXIMUM         70    301 PM  92    1927  74     -4       64
  MINIMUM         36    200 AM  29    1924  45     -9       38
  AVERAGE         53                        60     -7       51

PRECIPITATION (IN)
  YESTERDAY        0.00          1.06 1923   0.06  -0.06     0.09
  MONTH TO DATE    0.60                      1.20  -0.60     0.45
  SINCE MAR 1      0.84                      2.59  -1.75     2.43
  SINCE JAN 1      0.85                      3.87  -3.02     6.11

SNOWFALL (IN)
  YESTERDAY        0.0           T    1997   0.1   -0.1      0.0
  MONTH TO DATE    0.0                       0.7   -0.7      0.0
  SINCE MAR 1      0.0                       3.6   -3.6      0.0
  SINCE JUL 1      T                        17.6  -17.6      8.0
  SNOW DEPTH       0

DEGREE DAYS
 HEATING
  YESTERDAY       12                         7      5       14
  MONTH TO DATE  310                       257     53      181
  SINCE MAR 1    696                       789    -93      528
  SINCE JUL 1   3602                      4066   -464     3086

 COOLING
  YESTERDAY        0                         1     -1        0
  MONTH TO DATE   17                        12      5       37
  SINCE MAR 1     26                        14     12       49
  SINCE JAN 1     26                        14     12       54
..................................................................


WIND (MPH)
  RESULTANT WIND SPEED   8   RESULTANT WIND DIRECTION  NW (330)
  HIGHEST WIND SPEED    41   HIGHEST WIND DIRECTION     N (360)
  HIGHEST GUST SPEED    51   HIGHEST GUST DIRECTION     N (350)
  AVERAGE WIND SPEED    17.0


SKY COVER
  AVERAGE SKY COVER 0.0


WEATHER CONDITIONS
 THE FOLLOWING WEATHER WAS RECORDED YESTERDAY.
  NO SIGNIFICANT WEATHER WAS OBSERVED.


RELATIVE HUMIDITY (PERCENT)
 HIGHEST    76           200 AM
 LOWEST     24           400 PM
 AVERAGE    50

..........................................................


THE AMARILLO CLIMATE NORMALS FOR TODAY
                         NORMAL    RECORD    YEAR
 MAXIMUM TEMPERATURE (F)   74        92      1927
 MINIMUM TEMPERATURE (F)   45        30      1995
                                             1994


SUNRISE AND SUNSET
APRIL 27 2018.........SUNRISE   700 AM CDT   SUNSET   829 PM CDT
APRIL 28 2018.........SUNRISE   659 AM CDT   SUNSET   830 PM CDT


-  INDICATES NEGATIVE NUMBERS.
R  INDICATES RECORD WAS SET OR TIED.
MM INDICATES DATA IS MISSING.
T  INDICATES TRACE AMOUNT.




$$
